(3007,NULL,'2025-02-28 14:08:10','2025-02-28 14:08:10',NULL,24615,'New',0,351,'[\"Cut CNC\",\"Edge\"]','Other',NULL,NULL,NULL,NULL,NULL,NULL,NULL),(3008,NULL,'2025-03-03 07:28:52','2025-03-03 07:28:52',NULL,24482,'New',0,351,'[\"Cut CNC\",\"Edge\"]','Other',NULL,NULL,NULL,NULL,NULL,NULL,NULL),(3009,NULL,'2025-03-03 12:37:56','2025-03-03 12:37:56',NULL,24525,'New',0,351,'[\"Cut CNC\",\"Edge\"]','Other',NULL,NULL,NULL,NULL,NULL,NULL,NULL),(3010,NULL,'2025-03-04 09:20:05','2025-03-04 09:20:05',NULL,24534,'New',0,351,'[\"Cut CNC\",\"Edge\"]','Other',NULL,NULL,NULL,NULL,NULL,NULL,NULL),(3011,NULL,'2025-03-04 09:21:03','2025-03-04 09:21:03',NULL,24600,'New',0,351,'[\"Cut CNC\",\"Edge\"]','Other',NULL,NULL,NULL,NULL,NULL,NULL,NULL),(3012,NULL,'2025-03-04 13:33:54','2025-03-04 13:33:54',NULL,23983,'New',0,351,'[\"Cut CNC\",\"Edge\"]','Other',NULL,NULL,NULL,NULL,NULL,NULL,NULL),(3013,NULL,'2025-03-04 13:34:13','2025-03-04 13:34:13',NULL,24701,'New',0,351,'[\"Cut CNC\",\"Edge\"]','Other',NULL,NULL,NULL,NULL,NULL,NULL,NULL),(3014,NULL,'2025-03-05 07:18:41','2025-03-05 07:18:41',NULL,23423,'New',0,351,'[\"Cut CNC\",\"Edge\"]','Other',NULL,NULL,NULL,NULL,NULL,NULL,NULL),(3015,NULL,'2025-03-05 11:04:26','2025-03-05 11:04:26',NULL,24765,'New',0,351,'[\"Cut CNC\",\"Edge\"]','Other',NULL,NULL,NULL,NULL,NULL,NULL,NULL),(3016,NULL,'2025-03-05 11:17:35','2025-03-05 11:17:35',NULL,24799,'New',0,351,'[\"Cut CNC\",\"Edge\"]','Other',NULL,NULL,NULL,NULL,NULL,NULL,NULL),(3017,NULL,'2025-03-07 09:53:41','2025-03-07 09:53:41',NULL,24869,'New',0,351,'[\"Cut CNC\",\"Edge\"]','Other',NULL,NULL,NULL,NULL,NULL,NULL,NULL),(3018,NULL,'2025-03-07 13:01:48','2025-03-07 13:01:48',NULL,24708,'New',0,351,'[\"Cut CNC\",\"Edge\"]','Other',NULL,NULL,NULL,NULL,NULL,NULL,NULL),(3019,NULL,'2025-03-12 07:12:55','2025-03-12 07:12:55',NULL,24712,'New',0,351,'[\"Cut CNC\"]',NULL,NULL,NULL,'Qty/measurement error','Defect board',NULL,NULL,NULL),(3020,NULL,'2025-03-12 14:26:24','2025-03-12 14:26:24',NULL,24004,'New',0,351,'[\"Cut CNC\",\"Edge\"]','Other',NULL,NULL,NULL,NULL,NULL,NULL,NULL),(3021,NULL,'2025-03-12 14:55:55','2025-03-12 14:55:55',NULL,24311,'New',0,351,'[\"Cut CNC\",\"Edge\"]','Other',NULL,NULL,NULL,NULL,NULL,NULL,NULL),(3022,NULL,'2025-03-12 14:56:06','2025-03-12 14:56:06',NULL,24311,'New',0,351,'[\"Cut CNC\",\"Edge\"]','Other',NULL,NULL,NULL,NULL,NULL,NULL,NULL),(3023,NULL,'2025-03-14 13:26:14','2025-03-14 13:26:14',NULL,24488,'New',0,351,'[\"Cut CNC\",\"Edge\"]','Other',NULL,NULL,NULL,NULL,NULL,NULL,NULL),(3024,NULL,'2025-03-17 08:24:39','2025-03-17 08:24:39',NULL,24511,'New',0,351,'[\"Cut CNC\",\"Edge\"]',NULL,NULL,NULL,'Qty/measurement error','Defect board',NULL,NULL,NULL),(3025,NULL,'2025-03-18 11:17:06','2025-03-18 11:17:06',NULL,24854,'New',0,351,'[\"Cut CNC\",\"Edge\"]','Other',NULL,NULL,NULL,NULL,NULL,NULL,NULL),(3026,NULL,'2025-03-18 11:18:55','2025-03-18 11:18:55',NULL,24823,'New',0,351,'[\"Cut CNC\",\"Edge\"]','Other',NULL,NULL,NULL,NULL,NULL,NULL,NULL),(3027,NULL,'2025-03-18 11:23:22','2025-03-18 11:23:22',NULL,24882,'New',0,351,'[\"Cut CNC\",\"Edge\"]','Other',NULL,NULL,NULL,NULL,NULL,NULL,NULL),(3028,NULL,'2025-03-18 13:15:40','2025-03-18 13:15:40',NULL,23797,'New',0,351,'[\"Cut CNC\",\"Edge\"]','Other',NULL,NULL,NULL,NULL,NULL,NULL,NULL),(3029,NULL,'2025-03-18 13:16:29','2025-03-18 13:16:29',NULL,24760,'New',0,351,'[\"Cut CNC\",\"Edge\"]','Other',NULL,NULL,NULL,NULL,NULL,NULL,NULL),(3030,NULL,'2025-03-18 15:04:17','2025-03-18 15:04:17',NULL,24821,'New',0,351,'[\"Cut CNC\",\"Edge\"]','Other',NULL,NULL,NULL,NULL,NULL,NULL,NULL),(3031,NULL,'2025-03-19 10:41:01','2025-03-19 10:41:01',NULL,24843,'New',0,351,'[\"Cut CNC\",\"Edge\"]',NULL,NULL,NULL,'Qty/measurement error','Defect board',NULL,NULL,NULL),(3032,NULL,'2025-03-19 13:58:42','2025-03-19 13:58:42',NULL,24873,'New',0,351,'[\"Cut CNC\",\"Edge\"]','Other',NULL,NULL,NULL,NULL,NULL,NULL,NULL),(3033,NULL,'2025-03-20 08:24:01','2025-03-20 08:24:01',NULL,24488,'New',0,351,'[\"Cut CNC\",\"Edge\"]','Other',NULL,NULL,NULL,NULL,NULL,NULL,NULL),(3034,NULL,'2025-03-20 10:41:34','2025-03-20 10:41:34',NULL,24703,'New',0,351,'[\"Cut CNC\",\"Edge\"]','Other',NULL,NULL,NULL,NULL,NULL,NULL,NULL),(3035,NULL,'2025-03-20 10:43:23','2025-03-20 10:43:23',NULL,24892,'New',0,351,'[\"Cut CNC\",\"Edge\"]','Other',NULL,NULL,NULL,NULL,NULL,NULL,NULL),(3036,NULL,'2025-03-20 10:45:55','2025-03-20 10:45:55',NULL,24908,'New',0,351,'[\"Cut CNC\",\"Edge\"]','Other',NULL,NULL,NULL,NULL,NULL,NULL,NULL),(3037,NULL,'2025-03-20 11:37:49','2025-03-20 11:37:49',NULL,24708,'New',0,351,'[\"Cut CNC\",\"Edge\"]','Other',NULL,NULL,NULL,NULL,NULL,NULL,NULL),(3038,NULL,'2025-03-21 09:41:40','2025-03-21 09:41:40',NULL,24935,'New',0,351,'[\"Cut CNC\",\"Edge\"]','Other',NULL,NULL,NULL,NULL,NULL,NULL,NULL),(3039,NULL,'2025-03-21 09:43:18','2025-03-21 09:43:18',NULL,24687,'New',0,351,'[\"Cut CNC\",\"Edge\"]','Other',NULL,NULL,NULL,NULL,NULL,NULL,NULL),(3040,NULL,'2025-03-21 11:05:25','2025-03-21 11:05:25',NULL,24698,'New',0,351,'[\"Cut CNC\",\"Edge\"]','Other',NULL,NULL,NULL,NULL,NULL,NULL,NULL),(3041,NULL,'2025-03-21 12:55:57','2025-03-21 12:55:57',NULL,24687,'New',0,351,'[\"Cut CNC\",\"Edge\"]','Other',NULL,NULL,NULL,NULL,NULL,NULL,NULL),(3042,NULL,'2025-03-24 09:49:33','2025-03-24 09:49:33',NULL,24873,'New',0,351,'[\"Cut CNC\"]','Other',NULL,NULL,NULL,NULL,NULL,NULL,NULL),(3043,NULL,'2025-03-25 13:24:37','2025-03-25 13:24:37',NULL,24498,'New',0,351,'[\"Cut CNC\",\"Edge\"]','Other',NULL,NULL,NULL,NULL,NULL,NULL,NULL),(3044,NULL,'2025-03-27 08:14:59','2025-03-27 08:14:59',NULL,24663,'New',0,351,'[\"Cut CNC\",\"Edge\"]','Other',NULL,NULL,NULL,NULL,NULL,NULL,NULL),(3045,NULL,'2025-03-27 11:26:41','2025-03-27 11:26:41',NULL,24894,'New',0,351,'[\"Cut CNC\",\"Edge\"]','Other',NULL,NULL,NULL,NULL,NULL,NULL,NULL),(3046,NULL,'2025-03-27 11:28:54','2025-03-27 11:28:54',NULL,24657,'New',0,351,'[\"Cut CNC\",\"Edge\"]','Other',NULL,NULL,NULL,NULL,NULL,NULL,NULL),(3047,NULL,'2025-03-28 12:20:39','2025-03-28 12:20:39',NULL,24908,'New',0,351,'[\"Cut CNC\",\"Edge\"]','Other',NULL,NULL,NULL,NULL,NULL,NULL,NULL),(3048,NULL,'2025-03-28 12:20:49','2025-03-28 12:20:49',NULL,24909,'New',0,351,'[\"Cut CNC\",\"Edge\"]','Other',NULL,NULL,NULL,NULL,NULL,NULL,NULL),(3049,NULL,'2025-03-28 12:21:02','2025-03-28 12:21:02',NULL,24910,'New',0,351,'[\"Cut CNC\",\"Edge\"]','Other',NULL,NULL,NULL,NULL,NULL,NULL,NULL),(3050,NULL,'2025-03-28 12:21:16','2025-03-28 12:21:16',NULL,24911,'New',0,351,'[\"Cut CNC\",\"Edge\"]','Other',NULL,NULL,NULL,NULL,NULL,NULL,NULL),(3051,NULL,'2025-03-28 12:47:49','2025-03-28 12:47:49',NULL,24630,'New',0,351,'[\"Cut CNC\",\"Edge\"]','Other',NULL,NULL,NULL,NULL,NULL,NULL,NULL),(3052,NULL,'2025-03-28 12:48:07','2025-03-28 12:48:07',NULL,24631,'New',0,351,'[\"Cut CNC\",\"Edge\"]','Other',NULL,NULL,NULL,NULL,NULL,NULL,NULL),(3053,NULL,'2025-03-28 12:48:19','2025-03-28 12:48:19',NULL,24630,'New',0,351,'[\"Cut CNC\",\"Edge\"]','Other',NULL,NULL,NULL,NULL,NULL,NULL,NULL),(3054,NULL,'2025-03-31 07:59:47','2025-03-31 07:59:47',NULL,24824,'New',0,351,'[\"Cut CNC\",\"Edge\"]','Other',NULL,NULL,NULL,NULL,NULL,NULL,NULL),(3055,NULL,'2025-03-31 08:00:09','2025-03-31 08:00:09',NULL,24825,'New',0,351,'[\"Cut CNC\",\"Edge\"]','Other',NULL,NULL,NULL,NULL,NULL,NULL,NULL),(3056,NULL,'2025-03-31 14:00:00','2025-03-31 14:00:00',NULL,24873,'New',0,351,'[\"Cut CNC\"]',NULL,NULL,NULL,'Qty/measurement error','Defect board',NULL,NULL,NULL),(3057,NULL,'2025-03-31 14:42:11','2025-03-31 14:42:11',NULL,24992,'New',0,351,'[\"Cut CNC\",\"Edge\"]','Other',NULL,NULL,NULL,NULL,NULL,NULL,NULL),(3058,NULL,'2025-04-01 08:54:11','2025-04-01 08:54:11',NULL,25043,'New',0,351,'[\"Cut CNC\",\"Edge\"]','Other',NULL,NULL,NULL,NULL,NULL,NULL,NULL),(3059,NULL,'2025-04-01 11:26:16','2025-04-01 11:26:16',NULL,24911,'New',0,351,'[\"Cut CNC\",\"Edge\"]','Other',NULL,NULL,NULL,NULL,NULL,NULL,NULL),(3060,NULL,'2025-04-01 15:03:20','2025-04-01 15:03:20',NULL,24743,'New',0,351,'[\"Cut CNC\",\"Edge\"]','Other',NULL,NULL,NULL,NULL,NULL,NULL,NULL),(3061,NULL,'2025-04-02 08:29:24','2025-04-02 08:29:24',NULL,24663,'New',0,351,'[\"Cut CNC\",\"Edge\"]','Other',NULL,NULL,NULL,NULL,NULL,NULL,NULL),(3062,NULL,'2025-04-02 11:19:03','2025-04-02 11:19:03',NULL,24918,'New',0,351,'[\"Cut CNC\",\"Edge\"]','Other',NULL,NULL,NULL,NULL,NULL,NULL,NULL),(3063,NULL,'2025-04-02 12:45:49','2025-04-02 12:45:49',NULL,25087,'New',0,351,'[\"Cut CNC\",\"Edge\"]','Other',NULL,NULL,NULL,NULL,NULL,NULL,NULL),(3064,NULL,'2025-04-02 13:26:04','2025-04-02 13:26:04',NULL,24499,'New',0,351,'[\"Cut CNC\",\"Edge\"]','Other',NULL,NULL,NULL,NULL,NULL,NULL,NULL),(3065,NULL,'2025-04-04 07:09:54','2025-04-04 07:09:54',NULL,23797,'New',0,351,'[\"Cut CNC\",\"Edge\"]','Other',NULL,NULL,NULL,NULL,NULL,NULL,NULL),(3066,NULL,'2025-04-04 09:04:49','2025-04-04 09:04:49',NULL,24667,'New',0,351,'[\"Cut CNC\",\"Edge\"]','Other',NULL,NULL,NULL,NULL,NULL,NULL,NULL),(3067,NULL,'2025-04-07 07:31:05','2025-04-07 07:31:05',NULL,24896,'New',0,351,'[\"Cut CNC\",\"Edge\"]',NULL,NULL,NULL,'Qty/measurement error','Defect board',NULL,NULL,NULL),(3068,NULL,'2025-04-07 08:50:03','2025-04-07 08:50:03',NULL,25102,'New',0,351,'[\"Cut CNC\",\"Edge\"]',NULL,NULL,NULL,'Qty/measurement error','Defect board',NULL,NULL,NULL),(3069,NULL,'2025-04-07 11:57:20','2025-04-07 11:57:20',NULL,25002,'New',0,351,'[\"Cut CNC\",\"Edge\"]',NULL,NULL,NULL,'Qty/measurement error','Defect board',NULL,NULL,NULL),(3070,NULL,'2025-04-07 13:03:43','2025-04-07 13:03:43',NULL,25043,'New',0,351,'[\"Cut CNC\",\"Edge\"]',NULL,NULL,NULL,'Qty/measurement error','Defect board',NULL,NULL,NULL),(3071,NULL,'2025-04-08 07:43:02','2025-04-08 07:43:02',NULL,25053,'New',0,351,'[\"Cut CNC\",\"Edge\"]',NULL,NULL,NULL,'Qty/measurement error','Defect board',NULL,NULL,NULL),(3072,NULL,'2025-04-08 11:29:08','2025-04-08 11:29:08',NULL,24358,'New',0,351,'[\"Cut CNC\",\"Edge\"]',NULL,NULL,NULL,'Qty/measurement error','Defect board',NULL,NULL,NULL),(3073,NULL,'2025-04-08 11:35:53','2025-04-08 11:35:53',NULL,24615,'New',0,351,'[\"Cut CNC\",\"Edge\"]','Other',NULL,NULL,NULL,NULL,NULL,NULL,NULL),(3074,NULL,'2025-04-09 09:05:20','2025-04-09 09:05:20',NULL,24608,'New',0,351,'[\"Cut CNC\",\"Edge\"]','Other',NULL,NULL,NULL,NULL,NULL,NULL,NULL),(3075,NULL,'2025-04-09 11:19:33','2025-04-09 11:19:33',NULL,24990,'New',0,351,'[\"Cut CNC\",\"Edge\"]','Other',NULL,NULL,NULL,NULL,NULL,NULL,NULL),(3076,NULL,'2025-04-10 13:22:53','2025-04-10 13:22:53',NULL,25031,'New',0,351,'[\"Cut CNC\",\"Edge\"]','Other',NULL,NULL,NULL,NULL,NULL,NULL,NULL),(3077,NULL,'2025-04-10 15:04:10','2025-04-10 15:04:10',NULL,24589,'New',0,351,'[\"Cut CNC\",\"Edge\"]','Other',NULL,NULL,NULL,NULL,NULL,NULL,NULL),(3078,NULL,'2025-04-11 08:36:34','2025-04-11 08:36:34',NULL,25013,'New',0,351,'[\"Cut CNC\",\"Edge\"]','Other',NULL,NULL,NULL,NULL,NULL,NULL,NULL),(3079,NULL,'2025-04-11 10:57:12','2025-04-11 10:57:12',NULL,24766,'New',0,351,'[\"Cut CNC\",\"Edge\"]','Other',NULL,NULL,NULL,NULL,NULL,NULL,NULL),(3080,NULL,'2025-04-14 09:15:01','2025-04-14 09:15:01',NULL,24311,'New',0,351,'[\"Cut CNC\",\"Edge\"]','Other',NULL,NULL,NULL,NULL,NULL,NULL,NULL),(3081,NULL,'2025-04-14 12:06:09','2025-04-14 12:06:09',NULL,24924,'New',0,351,'[\"Cut CNC\",\"Edge\"]','Other',NULL,NULL,NULL,NULL,NULL,NULL,NULL),(3082,NULL,'2025-04-14 13:01:39','2025-04-14 13:01:39',NULL,25039,'New',0,351,'[\"Cut CNC\",\"Edge\"]','Other',NULL,NULL,NULL,NULL,NULL,NULL,NULL),(3083,NULL,'2025-04-14 13:27:43','2025-04-14 13:27:43',NULL,24924,'New',0,351,'[\"Cut CNC\",\"Edge\"]','Other',NULL,NULL,NULL,NULL,NULL,NULL,NULL),(3084,NULL,'2025-04-15 10:47:48','2025-04-15 10:47:48',NULL,25209,'New',0,351,'[\"Cut CNC\",\"Edge\"]','Other',NULL,NULL,NULL,NULL,NULL,NULL,NULL),(3085,NULL,'2025-04-17 10:05:46','2025-04-17 10:05:46',NULL,24926,'New',0,351,'[\"Cut CNC\",\"Edge\"]','Other',NULL,NULL,NULL,NULL,NULL,NULL,NULL),(3086,NULL,'2025-04-17 10:44:20','2025-04-17 10:44:20',NULL,25207,'New',0,351,'[\"Cut CNC\",\"Edge\"]','Other',NULL,NULL,NULL,NULL,NULL,NULL,NULL),(3087,NULL,'2025-04-22 08:54:58','2025-04-22 08:54:58',NULL,25199,'New',0,351,'[\"Cut CNC\",\"Edge\"]','Other',NULL,NULL,NULL,NULL,NULL,NULL,NULL),(3088,NULL,'2025-04-22 10:36:53','2025-04-22 10:36:53',NULL,24475,'New',0,351,'[\"Cut CNC\",\"Edge\"]',NULL,NULL,NULL,'Qty/measurement error','Defect board',NULL,NULL,NULL),(3089,NULL,'2025-04-23 08:28:19','2025-04-23 08:28:19',NULL,24926,'New',0,351,'[\"Cut CNC\",\"Edge\"]','Other',NULL,NULL,NULL,NULL,NULL,NULL,NULL),(3090,NULL,'2025-04-23 13:20:24','2025-05-14 12:27:44',NULL,25262,'New',0,351,'[\"Cut CNC\",\"Edge\"]','Other',NULL,NULL,'Qty/measurement error',NULL,NULL,NULL,NULL),(3091,NULL,'2025-04-28 07:50:17','2025-04-28 07:50:17',NULL,24498,'New',0,351,'[\"Cut CNC\",\"Edge\"]','Other',NULL,NULL,NULL,NULL,NULL,NULL,NULL),(3092,NULL,'2025-04-28 13:26:22','2025-04-28 13:26:22',NULL,25203,'New',0,351,'[\"Cut CNC\",\"Edge\"]','Other',NULL,NULL,NULL,NULL,NULL,NULL,NULL),(3093,NULL,'2025-04-29 08:52:29','2025-04-29 08:52:29',NULL,25191,'New',0,351,'[\"Cut CNC\",\"Edge\"]','Other',NULL,NULL,NULL,NULL,NULL,NULL,NULL),(3094,NULL,'2025-05-06 09:32:29','2025-05-06 09:32:29',NULL,25242,'New',0,351,'[\"Cut CNC\",\"Edge\"]',NULL,NULL,NULL,'Qty/measurement error','Defect board',NULL,NULL,NULL),(3095,NULL,'2025-05-08 09:48:46','2025-05-08 09:48:46',NULL,21991,'New',0,351,'[\"Cut CNC\",\"Edge\"]',NULL,NULL,NULL,'Qty/measurement error','Defect board',NULL,NULL,NULL),(3096,NULL,'2025-05-08 10:13:05','2025-05-08 10:13:05',NULL,25342,'New',0,351,'[\"Cut CNC\",\"Edge\"]',NULL,NULL,NULL,'Qty/measurement error','Defect board',NULL,NULL,NULL),(3097,NULL,'2025-05-09 07:02:56','2025-05-09 07:02:56',NULL,24948,'New',0,351,'[\"Cut CNC\",\"Edge\"]',NULL,NULL,NULL,'Qty/measurement error','Defect board',NULL,NULL,NULL),(3098,NULL,'2025-05-09 08:14:04','2025-05-09 08:14:04',NULL,25338,'New',0,351,'[\"Cut CNC\",\"Edge\"]','Other',NULL,NULL,NULL,NULL,NULL,NULL,NULL),(3099,NULL,'2025-05-12 09:33:10','2025-05-12 09:33:10',NULL,25393,'New',0,351,'[\"Cut CNC\",\"Edge\"]','Other',NULL,NULL,NULL,NULL,NULL,NULL,NULL),(3100,NULL,'2025-05-14 12:28:34','2025-05-14 12:28:34',NULL,25236,'New',0,351,'[\"Cut CNC\",\"Edge\"]',NULL,NULL,NULL,'Qty/measurement error','Defect board',NULL,NULL,NULL),(3101,NULL,'2025-05-16 14:35:02','2025-05-16 14:35:02',NULL,25401,'New',0,351,'[\"Cut CNC\",\"Edge\"]','Other',NULL,NULL,NULL,NULL,NULL,NULL,NULL),(3102,NULL,'2025-05-19 13:13:54','2025-05-19 13:13:54',NULL,25281,'New',0,351,'[\"Cut CNC\",\"Edge\"]','Other',NULL,NULL,NULL,NULL,NULL,NULL,NULL),(3103,NULL,'2025-05-20 09:54:50','2025-05-20 09:54:50',NULL,25333,'New',0,351,'[\"Cut CNC\",\"Edge\"]','Other',NULL,NULL,NULL,NULL,NULL,NULL,NULL),(3104,NULL,'2025-05-21 07:49:32','2025-05-21 07:49:32',NULL,25393,'New',0,351,'[\"Cut CNC\"]',NULL,NULL,NULL,'Qty/measurement error','Defect board',NULL,NULL,NULL),(3105,NULL,'2025-05-21 09:27:03','2025-05-21 09:27:03',NULL,25455,'New',0,351,'[\"Cut CNC\",\"Edge\"]',NULL,NULL,NULL,'Qty/measurement error','Defect board',NULL,NULL,NULL),(3106,NULL,'2025-05-21 09:55:13','2025-05-21 09:55:13',NULL,25290,'New',0,351,'[\"Cut CNC\",\"Edge\"]','Other',NULL,NULL,NULL,NULL,NULL,NULL,NULL),(3107,NULL,'2025-05-21 15:05:31','2025-05-21 15:05:31',NULL,25027,'New',0,351,'[\"Cut CNC\",\"Edge\"]','Other',NULL,NULL,NULL,NULL,NULL,NULL,NULL),(3108,NULL,'2025-05-23 07:38:48','2025-05-23 07:38:48',NULL,24148,'New',0,351,'[\"Cut CNC\",\"Edge\"]','Other',NULL,NULL,NULL,NULL,NULL,NULL,NULL),(3109,NULL,'2025-05-23 07:38:59','2025-05-23 07:38:59',NULL,24147,'New',0,351,'[\"Cut CNC\",\"Edge\"]','Other',NULL,NULL,NULL,NULL,NULL,NULL,NULL),(3110,NULL,'2025-05-23 08:56:38','2025-05-23 08:56:38',NULL,25454,'New',0,351,'[\"Cut CNC\",\"Edge\"]','Other',NULL,NULL,NULL,NULL,NULL,NULL,NULL),(3111,NULL,'2025-05-23 13:44:53','2025-05-23 13:44:53',NULL,25400,'New',0,351,'[\"Cut CNC\",\"Edge\"]','Other',NULL,NULL,NULL,NULL,NULL,NULL,NULL),(3112,NULL,'2025-05-26 07:39:29','2025-05-26 07:39:29',NULL,25454,'New',0,351,'[\"Cut CNC\",\"Edge\"]','Other',NULL,NULL,NULL,NULL,NULL,NULL,NULL),(3113,NULL,'2025-05-26 07:39:40','2025-05-26 07:39:40',NULL,25455,'New',0,351,'[\"Cut CNC\",\"Edge\"]','Other',NULL,NULL,NULL,NULL,NULL,NULL,NULL),(3114,NULL,'2025-05-26 10:27:42','2025-05-26 10:27:42',NULL,25051,'New',0,351,'[\"Cut CNC\",\"Edge\"]',NULL,NULL,NULL,'Qty/measurement error','Defect board',NULL,NULL,NULL),(3115,NULL,'2025-05-27 11:42:08','2025-05-27 11:42:08',NULL,25192,'New',0,351,'[\"Cut CNC\",\"Edge\"]','Other',NULL,NULL,NULL,NULL,NULL,NULL,NULL),(3116,NULL,'2025-05-28 10:34:55','2025-05-28 10:34:55',NULL,25513,'New',0,351,'[\"Cut CNC\",\"Edge\"]','Other',NULL,NULL,NULL,NULL,NULL,NULL,NULL),(3117,NULL,'2025-05-29 10:52:53','2025-05-29 10:52:53',NULL,25198,'New',0,351,'[\"Cut CNC\",\"Edge\"]','Other',NULL,NULL,NULL,NULL,NULL,NULL,NULL),(3118,NULL,'2025-05-29 11:21:48','2025-05-29 11:21:48',NULL,25399,'New',0,351,'[\"Cut CNC\",\"Edge\"]','Other',NULL,NULL,NULL,NULL,NULL,NULL,NULL),(3119,NULL,'2025-06-04 10:01:28','2025-06-04 10:01:28',NULL,25542,'New',0,351,'[\"Cut CNC\",\"Edge\"]','Other',NULL,NULL,NULL,NULL,NULL,NULL,NULL),(3120,NULL,'2025-06-04 11:16:07','2025-06-04 11:16:07',NULL,25180,'New',0,351,'[\"Cut CNC\",\"Edge\"]','Other',NULL,NULL,NULL,NULL,NULL,NULL,NULL),(3121,NULL,'2025-06-05 13:01:12','2025-06-05 13:01:12',NULL,25577,'New',0,351,'[\"Cut CNC\",\"Edge\"]','Other',NULL,NULL,NULL,NULL,NULL,NULL,NULL),(3122,NULL,'2025-06-05 13:09:46','2025-06-05 13:09:46',NULL,25568,'New',0,351,'[\"Cut CNC\",\"Edge\"]','Other',NULL,NULL,NULL,NULL,NULL,NULL,NULL),(3123,NULL,'2025-06-10 08:11:02','2025-06-10 08:11:02',NULL,22739,'New',0,351,'[\"Cut CNC\",\"Edge\"]','Other',NULL,NULL,NULL,NULL,NULL,NULL,NULL),(3124,NULL,'2025-06-10 08:46:20','2025-06-10 08:46:20',NULL,25166,'New',0,351,'[\"Cut CNC\",\"Edge\"]','Other',NULL,NULL,NULL,NULL,NULL,NULL,NULL),(3125,NULL,'2025-06-10 13:30:48','2025-06-10 13:30:48',NULL,25627,'New',0,351,'[\"Cut CNC\",\"Edge\"]','Other',NULL,NULL,NULL,NULL,NULL,NULL,NULL),(3126,NULL,'2025-06-11 14:50:14','2025-06-11 14:50:14',NULL,25408,'New',0,351,'[\"Cut CNC\",\"Edge\"]',NULL,NULL,NULL,'Qty/measurement error','Defect board',NULL,NULL,NULL),(3127,NULL,'2025-06-12 10:20:05','2025-06-12 10:20:05',NULL,24698,'New',0,351,'[\"Cut CNC\"]',NULL,NULL,NULL,'Qty/measurement error','Defect board',NULL,NULL,NULL),(3128,NULL,'2025-06-12 14:13:37','2025-06-12 14:13:37',NULL,25400,'New',0,351,'[\"Cut CNC\",\"Edge\"]','Other',NULL,NULL,NULL,NULL,NULL,NULL,NULL),(3129,NULL,'2025-06-13 07:10:55','2025-06-13 07:10:55',NULL,25662,'New',0,351,NULL,'Other',NULL,NULL,NULL,NULL,NULL,NULL,NULL),(3130,NULL,'2025-06-13 07:11:54','2025-06-13 07:11:54',NULL,25662,'New',0,351,'[\"Cut CNC\",\"Edge\"]','Other',NULL,NULL,NULL,NULL,NULL,NULL,NULL),(3131,NULL,'2025-06-13 08:14:20','2025-06-13 08:14:20',NULL,25624,'New',0,351,'[\"Cut CNC\",\"Edge\"]','Other',NULL,NULL,NULL,NULL,NULL,NULL,NULL),(3132,NULL,'2025-06-13 11:25:58','2025-06-13 11:25:58',NULL,22739,'New',0,351,'[\"Cut CNC\",\"Edge\"]','Other',NULL,NULL,NULL,NULL,NULL,NULL,NULL),(3133,NULL,'2025-06-13 11:40:27','2025-06-13 11:40:27',NULL,25289,'New',0,351,'[\"Cut CNC\",\"Edge\"]','Other',NULL,NULL,NULL,NULL,NULL,NULL,NULL),(3134,NULL,'2025-06-13 11:40:40','2025-06-13 11:40:40',NULL,25288,'New',0,351,'[\"Cut CNC\",\"Edge\"]','Other',NULL,NULL,NULL,NULL,NULL,NULL,NULL),(3135,NULL,'2025-06-16 10:17:01','2025-06-16 10:17:01',NULL,24148,'New',0,351,'[\"Cut CNC\",\"Edge\"]','Other',NULL,NULL,NULL,NULL,NULL,NULL,NULL),(3136,NULL,'2025-06-18 12:05:54','2025-06-18 12:05:54',NULL,25450,'New',0,351,'[\"Cut CNC\",\"Edge\"]',NULL,NULL,NULL,'Qty/measurement error','Defect board',NULL,NULL,NULL),(3137,NULL,'2025-06-18 13:21:33','2025-06-18 13:21:33',NULL,25685,'New',0,351,'[\"Cut CNC\",\"Edge\"]',NULL,NULL,NULL,'Qty/measurement error','Defect board',NULL,NULL,NULL),(3138,NULL,'2025-06-19 08:34:07','2025-06-19 08:34:07',NULL,25701,'New',0,351,'[\"Cut CNC\",\"Edge\"]','Other',NULL,NULL,NULL,NULL,NULL,NULL,NULL),(3139,NULL,'2025-06-19 09:14:48','2025-06-19 09:14:48',NULL,25536,'New',0,351,'[\"Cut CNC\",\"Edge\"]','Other',NULL,NULL,NULL,NULL,NULL,NULL,NULL),(3140,NULL,'2025-06-19 13:29:40','2025-06-19 13:29:40',NULL,25409,'New',0,351,'[\"Cut CNC\",\"Edge\"]','Other',NULL,NULL,NULL,NULL,NULL,NULL,NULL),(3141,NULL,'2025-06-19 14:32:08','2025-06-19 14:32:08',NULL,25781,'New',0,351,'[\"Cut CNC\",\"Edge\"]','Other',NULL,NULL,NULL,NULL,NULL,NULL,NULL),(3142,NULL,'2025-06-20 11:42:34','2025-06-20 11:42:34',NULL,25533,'New',0,351,'[\"Cut CNC\",\"Edge\"]','Other',NULL,NULL,NULL,NULL,NULL,NULL,NULL),(3143,NULL,'2025-06-24 09:03:00','2025-06-24 09:03:00',NULL,25288,'New',0,351,'[\"Cut CNC\",\"Edge\"]','Other',NULL,NULL,NULL,NULL,NULL,NULL,NULL),(3144,NULL,'2025-06-25 07:21:51','2025-06-25 07:21:51',NULL,25804,'New',0,351,'[\"Cut CNC\",\"Edge\"]','Other',NULL,NULL,NULL,NULL,NULL,NULL,NULL),(3145,NULL,'2025-06-25 11:32:17','2025-06-25 11:32:17',NULL,25406,'New',0,351,'[\"Cut CNC\",\"Edge\"]','Other',NULL,NULL,NULL,NULL,NULL,NULL,NULL),(3146,NULL,'2025-06-26 09:30:08','2025-06-26 09:30:08',NULL,25881,'New',0,351,'[\"Cut CNC\",\"Edge\"]','Other',NULL,NULL,NULL,NULL,NULL,NULL,NULL),(3147,NULL,'2025-06-26 12:13:05','2025-06-26 12:13:05',NULL,25560,'New',0,351,'[\"Cut CNC\",\"Edge\"]','Other',NULL,NULL,NULL,NULL,NULL,NULL,NULL),(3148,NULL,'2025-06-27 07:31:40','2025-06-27 07:31:40',NULL,25717,'New',0,351,'[\"Cut CNC\",\"Edge\"]','Other',NULL,NULL,NULL,NULL,NULL,NULL,NULL),(3149,NULL,'2025-06-27 12:36:16','2025-06-27 12:36:16',NULL,25410,'New',0,351,'[\"Cut CNC\",\"Edge\"]',NULL,NULL,NULL,'Qty/measurement error','Defect board',NULL,NULL,NULL),(3150,NULL,'2025-06-27 13:08:41','2025-06-27 13:08:41',NULL,25410,'New',0,351,'[\"Cut CNC\",\"Edge\"]',NULL,NULL,NULL,'Qty/measurement error','Defect board',NULL,NULL,NULL),(3151,NULL,'2025-06-30 11:42:10','2025-06-30 11:42:10',NULL,24961,'New',0,351,'[\"Cut CNC\",\"Edge\"]','Other',NULL,NULL,NULL,NULL,NULL,NULL,NULL),(3152,NULL,'2025-06-30 12:01:51','2025-06-30 12:01:51',NULL,25635,'New',0,351,'[\"Cut CNC\",\"Edge\"]','Other',NULL,NULL,NULL,NULL,NULL,NULL,NULL),(3153,NULL,'2025-06-30 15:21:47','2025-06-30 15:21:47',NULL,25873,'New',0,351,'[\"Cut CNC\",\"Edge\"]','Other',NULL,NULL,NULL,NULL,NULL,NULL,NULL),(3154,NULL,'2025-07-01 12:12:57','2025-07-01 12:12:57',NULL,25408,'New',0,351,'[\"Cut CNC\",\"Edge\"]','Other',NULL,NULL,NULL,NULL,NULL,NULL,NULL),(3155,NULL,'2025-07-03 14:20:48','2025-07-03 14:20:48',NULL,25452,'New',0,351,'[\"Cut CNC\"]','Not Sure',NULL,NULL,'Qty/measurement error',NULL,NULL,NULL,NULL),(3156,NULL,'2025-07-04 10:21:36','2025-07-04 10:21:36',NULL,25923,'New',0,351,'[\"Cut CNC\",\"Edge\"]','Other',NULL,NULL,NULL,NULL,NULL,NULL,NULL),(3157,NULL,'2025-07-07 07:24:49','2025-07-07 07:24:49',NULL,25979,'New',0,351,'[\"Cut CNC\",\"Edge\"]','Other',NULL,NULL,NULL,NULL,NULL,NULL,NULL),(3158,NULL,'2025-07-07 09:11:24','2025-07-07 09:11:24',NULL,25356,'New',0,351,'[\"Cut CNC\",\"Edge\"]',NULL,NULL,NULL,'Qty/measurement error','Defect board',NULL,NULL,NULL),(3159,NULL,'2025-07-07 14:00:00','2025-07-07 14:00:00',NULL,25801,'New',0,351,'[\"Cut CNC\",\"Edge\"]','Other',NULL,NULL,NULL,NULL,NULL,NULL,NULL),(3160,NULL,'2025-07-08 11:54:13','2025-07-08 11:54:13',NULL,25838,'New',0,351,'[\"Cut CNC\",\"Edge\"]','Other',NULL,NULL,NULL,NULL,NULL,NULL,NULL),(3161,NULL,'2025-07-08 14:45:22','2025-07-08 14:45:22',NULL,25977,'New',0,351,'[\"Cut CNC\",\"Edge\"]',NULL,NULL,NULL,'Qty/measurement error','Defect board',NULL,NULL,NULL),(3162,NULL,'2025-07-09 11:15:54','2025-07-09 11:15:54',NULL,25813,'New',0,351,'[\"Cut CNC\",\"Edge\"]',NULL,NULL,NULL,'Qty/measurement error','Defect board',NULL,NULL,NULL),(3163,NULL,'2025-07-11 11:17:32','2025-07-11 11:17:32',NULL,25608,'New',0,351,'[\"Cut CNC\",\"Edge\"]','Other',NULL,NULL,NULL,NULL,NULL,NULL,NULL),(3164,NULL,'2025-07-11 12:24:30','2025-07-11 12:24:30',NULL,25837,'New',0,351,'[\"Cut CNC\",\"Edge\"]','Other',NULL,NULL,NULL,NULL,NULL,NULL,NULL),(3165,NULL,'2025-07-11 12:24:42','2025-07-11 12:24:42',NULL,25838,'New',0,351,'[\"Cut CNC\",\"Edge\"]','Other',NULL,NULL,NULL,NULL,NULL,NULL,NULL),(3166,NULL,'2025-07-14 08:50:47','2025-07-14 08:50:47',NULL,25813,'New',0,351,'[\"Cut CNC\",\"Edge\"]','Other',NULL,NULL,NULL,NULL,NULL,NULL,NULL),(3167,NULL,'2025-07-15 08:58:51','2025-07-15 08:58:51',NULL,25984,'New',0,351,'[\"Cut CNC\",\"Edge\"]','Other',NULL,NULL,NULL,NULL,NULL,NULL,NULL),(3168,NULL,'2025-07-15 10:53:07','2025-07-15 10:53:07',NULL,26028,'New',0,351,'[\"Cut CNC\",\"Edge\"]','Other',NULL,NULL,NULL,NULL,NULL,NULL,NULL),(3169,NULL,'2025-07-15 11:15:31','2025-07-15 11:15:31',NULL,26051,'New',0,351,'[\"Cut CNC\",\"Edge\"]','Other',NULL,NULL,NULL,NULL,NULL,NULL,NULL),(3170,NULL,'2025-07-17 11:31:45','2025-07-17 11:31:45',NULL,25356,'New',0,351,'[\"Cut CNC\",\"Edge\"]','Other',NULL,NULL,NULL,NULL,NULL,NULL,NULL),(3171,NULL,'2025-07-17 13:41:39','2025-07-17 13:41:39',NULL,26111,'New',0,351,'[\"Cut CNC\",\"Edge\"]','Other',NULL,NULL,NULL,NULL,NULL,NULL,NULL),(3172,NULL,'2025-07-17 14:12:42','2025-07-17 14:12:42',NULL,26117,'New',0,351,'[\"Cut CNC\",\"Edge\"]','Other',NULL,NULL,NULL,NULL,NULL,NULL,NULL),(3173,NULL,'2025-07-18 14:40:07','2025-07-18 14:40:07',NULL,26056,'New',0,351,'[\"Cut CNC\",\"Edge\"]','Other',NULL,NULL,NULL,NULL,NULL,NULL,NULL),(3174,NULL,'2025-07-21 10:23:01','2025-07-21 10:23:01',NULL,26049,'New',0,351,'[\"Cut CNC\",\"Edge\"]','Other',NULL,NULL,NULL,NULL,NULL,NULL,NULL),(3175,NULL,'2025-07-21 10:23:21','2025-07-21 10:23:21',NULL,26051,'New',0,351,'[\"Cut CNC\",\"Edge\"]','Other',NULL,NULL,NULL,NULL,NULL,NULL,NULL),(3176,NULL,'2025-07-21 10:27:43','2025-07-21 10:27:43',NULL,26020,'New',0,351,'[\"Cut CNC\",\"Edge\"]','Other',NULL,NULL,NULL,NULL,NULL,NULL,NULL),(3177,NULL,'2025-07-22 14:34:02','2025-07-22 14:34:02',NULL,25718,'New',0,351,'[\"Cut CNC\",\"Edge\"]','Other',NULL,NULL,NULL,NULL,NULL,NULL,NULL),(3178,NULL,'2025-07-23 14:33:29','2025-07-23 14:33:29',NULL,26056,'New',0,351,'[\"Cut CNC\",\"Edge\"]','Other',NULL,NULL,NULL,NULL,NULL,NULL,NULL),(3179,NULL,'2025-07-24 10:05:48','2025-07-24 10:05:48',NULL,25984,'New',0,351,'[\"Cut CNC\",\"Edge\"]','Other',NULL,NULL,NULL,NULL,NULL,NULL,NULL),(3180,NULL,'2025-07-24 12:05:33','2025-07-24 12:05:33',NULL,26009,'New',0,351,'[\"Cut CNC\",\"Edge\"]','Other',NULL,NULL,NULL,NULL,NULL,NULL,NULL),(3181,NULL,'2025-07-24 14:43:20','2025-07-24 14:43:20',NULL,25718,'New',0,351,'[\"Cut CNC\",\"Edge\"]','Other',NULL,NULL,NULL,NULL,NULL,NULL,NULL),(3182,NULL,'2025-07-24 14:44:23','2025-07-24 14:44:23',NULL,25759,'New',0,351,'[\"Cut CNC\",\"Edge\"]','Other',NULL,NULL,NULL,NULL,NULL,NULL,NULL),(3183,NULL,'2025-07-24 15:00:41','2025-07-24 15:00:41',NULL,25289,'New',0,351,'[\"Cut CNC\",\"Edge\"]','Other',NULL,NULL,NULL,NULL,NULL,NULL,NULL);
CREATE TABLE `role_user` (
  `role_id` int unsigned DEFAULT NULL,
  `user_id` int unsigned DEFAULT NULL,
  KEY `fk_p_157240_157241_user_r_5af6d52c9b943` (`role_id`),
  KEY `fk_p_157241_157240_role_u_5af6d52c9b9d0` (`user_id`),
  CONSTRAINT `fk_p_157240_157241_user_r_5af6d52c9b943` FOREIGN KEY (`role_id`) REFERENCES `roles` (`id`) ON DELETE CASCADE,
  CONSTRAINT `fk_p_157241_157240_role_u_5af6d52c9b9d0` FOREIGN KEY (`user_id`) REFERENCES `users` (`id`) ON DELETE CASCADE
) ENGINE=InnoDB DEFAULT CHARSET=utf8mb4 COLLATE=utf8mb4_unicode_ci;

INSERT INTO `role_user` VALUES (3,18),(1,1),(3,19),(3,20),(3,21),(3,22),(3,23),(3,25),(3,26),(3,27),(3,28),(3,29),(3,30),(3,31),(3,32),(3,33),(3,34),(3,35),(3,36),(3,38),(3,39),(3,40),(3,41),(3,42),(3,43),(3,44),(3,47),(3,48),(3,49),(5,50),(3,52),(4,53),(3,58),(3,59),(1,60),(1,61),(3,65),(3,66),(3,67),(3,68),(3,70),(3,71),(3,72),(3,73),(3,74),(3,75),(3,76),(3,77),(3,78),(3,85),(3,86),(3,87),(3,88),(3,89),(3,90),(3,91),(3,95),(3,96),(3,97),(3,98),(3,99),(3,100),(3,101),(3,102),(3,103),(3,104),(3,105),(3,106),(3,107),(3,108),(3,109),(3,110),(3,111),(3,112),(3,113),(3,114),(3,116),(3,117),(3,119),(3,120),(3,121),(3,122),(3,123),(3,124),(3,125),(3,126),(3,127),(3,128),(3,129),(3,130),(3,131),(3,132),(3,134),(3,135),(3,136),(3,137),(3,138),(3,139),(3,140),(3,141),(3,142),(3,143),(3,144),(3,145),(3,146),(3,147),(3,148),(3,149),(3,150),(3,151),(3,152),(3,153),(3,154),(3,155),(3,156),(3,157),(3,158),(3,159),(3,160),(3,161),(3,162),(3,163),(3,164),(3,165),(3,166),(3,167),(3,168),(3,169),(3,170),(3,171),(3,172),(3,173),(3,174),(3,175),(3,176),(3,177),(3,178),(3,179),(3,180),(3,181),(3,182),(3,183),(3,184),(3,185),(3,186),(3,187),(3,188),(3,189),(3,190),(3,191),(3,192),(3,193),(3,194),(3,195),(3,196),(3,197),(3,198),(3,199),(3,200),(3,201),(3,202),(3,203),(3,204),(3,205),(3,206),(3,207),(3,208),(3,209),(3,210),(3,211),(3,212),(3,213),(3,214),(3,215),(3,216),(3,217),(3,218),(3,219),(3,220),(3,221),(3,222),(3,223),(3,224),(3,225),(3,226),(3,227),(3,228),(3,229),(3,230),(3,231),(3,232),(3,233),(3,234),(3,235),(3,236),(3,237),(3,238),(3,239),(3,240),(3,241),(3,242),(3,243),(3,244),(3,245),(3,246),(3,247),(3,248),(3,249),(3,250),(3,251),(3,252),(3,253),(3,254),(3,255),(3,256),(3,257),(3,258),(3,259),(3,260),(3,261),(3,262),(3,263),(3,264),(3,265),(3,266),(3,267),(3,268),(3,269),(3,270),(3,271),(4,272),(3,273),(3,274),(3,275),(3,276),(3,277),(3,278),(3,279),(3,280),(3,281),(3,282),(3,283),(3,284),(3,285),(3,286),(3,287),(3,288),(3,289),(3,290),(3,291),(3,292),(3,293),(3,294),(3,295),(3,296),(3,297),(3,298),(3,299),(3,300),(3,301),(3,302),(3,303),(3,304),(3,305),(3,306),(3,307),(3,308),(3,309),(3,310),(3,312),(3,313),(3,314),(3,315),(3,316),(1,317),(3,318),(3,319),(3,320),(3,321),(3,322),(3,323),(3,324),(3,325),(3,326),(3,327),(3,328),(3,329),(3,330),(3,331),(3,332),(3,333),(3,334),(3,335),(3,336),(3,337),(3,338),(3,339),(3,340),(1,341),(1,342),(3,343),(3,344),(3,345),(3,346),(3,347),(3,348),(1,349),(1,350),(4,55),(1,351),(1,115),(3,352),(3,353),(3,354),(3,355),(3,356),(3,357),(3,358),(3,359),(3,360),(3,361),(3,362),(3,363),(3,364),(3,365),(3,366),(3,367),(3,368),(3,369),(3,370),(3,371),(3,372),(3,373),(3,374),(3,375),(3,376),(3,377),(3,378),(3,379),(3,380),(3,381),(3,382),(3,383),(3,384),(3,385),(3,386),(3,387),(3,388),(3,389),(3,390),(3,391),(3,392),(3,393),(3,394),(3,395),(3,396),(3,397),(3,398),(3,399),(3,400),(3,401),(3,402),(3,403),(3,404),(3,405),(3,406),(3,407),(3,408),(3,409),(3,410),(3,411),(3,412),(3,413),(3,414),(3,415),(3,416),(3,417),(3,418),(3,419),(3,420),(3,421),(3,422),(3,423),(3,424),(3,425),(3,426),(3,427),(3,428),(3,429),(3,430),(3,431),(3,432),(3,433),(3,434),(3,435),(3,436),(3,437),(3,438),(3,439),(3,440),(3,441),(3,442),(3,443),(3,444),(3,445),(3,446),(3,447),(3,448),(3,449),(3,450),(3,451),(3,452),(3,453),(3,454),(3,455),(3,456),(3,457),(3,458),(3,459),(3,460),(3,461),(3,462),(3,463),(3,464),(3,465),(3,466),(3,467),(3,468),(3,469),(3,470),(3,471),(3,472),(3,473),(3,474),(3,475),(3,476),(3,477),(3,478),(3,479),(3,480),(3,481),(3,482),(3,483),(3,484),(3,485),(3,486),(3,487),(3,488),(3,489);
CREATE TABLE `roles` (
  `id` int unsigned NOT NULL AUTO_INCREMENT,
  `title` varchar(191) CHARACTER SET utf8mb4 COLLATE utf8mb4_unicode_ci NOT NULL,
  `created_at` timestamp NULL DEFAULT NULL,
  `updated_at` timestamp NULL DEFAULT NULL,
  PRIMARY KEY (`id`)
) ENGINE=InnoDB AUTO_INCREMENT=6 DEFAULT CHARSET=utf8mb4 COLLATE=utf8mb4_unicode_ci;

INSERT INTO `roles` VALUES (1,'Admin','2019-02-14 22:11:24','2019-02-14 22:11:24'),(2,'User','2019-02-14 22:11:24','2019-02-14 22:11:24'),(3,'Customer','2019-02-14 22:11:24','2019-02-14 22:11:24'),(4,'Staff','2019-02-14 22:11:24','2019-02-14 22:11:24'),(5,'Super','2019-02-14 22:11:24','2019-02-14 22:11:24');
CREATE TABLE `sheet_stats` (
  `id` int unsigned NOT NULL AUTO_INCREMENT,
  `date` date DEFAULT NULL,
  `total` decimal(10,1) DEFAULT NULL,
  `satin` decimal(10,1) DEFAULT NULL,
  `white` decimal(10,1) DEFAULT NULL,
  `colour` decimal(10,1) DEFAULT NULL,
  `created_at` timestamp NULL DEFAULT NULL,
  `updated_at` timestamp NULL DEFAULT NULL,
  PRIMARY KEY (`id`)
) ENGINE=InnoDB AUTO_INCREMENT=1498 DEFAULT CHARSET=utf8mb4 COLLATE=utf8mb4_unicode_ci;

INSERT INTO `sheet_stats` VALUES (1,'2018-09-30',6.0,NULL,NULL,NULL,NULL,NULL),(2,'2018-09-29',18.0,NULL,NULL,NULL,NULL,NULL),(3,'2018-09-28',12.0,NULL,NULL,NULL,NULL,NULL),(4,'2018-09-27',5.0,NULL,NULL,NULL,NULL,NULL),(5,'2018-09-26',9.0,NULL,NULL,NULL,NULL,NULL),(6,'2018-09-25',11.0,NULL,NULL,NULL,NULL,NULL),(7,'2018-09-24',13.0,NULL,NULL,NULL,NULL,NULL),(8,'2018-09-23',8.0,NULL,NULL,NULL,NULL,NULL),(9,NULL,NULL,NULL,NULL,NULL,NULL,NULL),(10,'2019-01-31',0.0,0.0,0.0,0.0,'2019-01-31 19:00:01','2019-01-31 19:00:01'),(11,'2019-02-01',5.0,0.0,0.0,5.0,'2019-02-01 19:00:02','2019-02-01 19:00:02'),(12,'2019-02-02',0.0,0.0,0.0,0.0,'2019-02-02 19:00:02','2019-02-02 19:00:02'),(13,'2019-02-03',0.0,0.0,0.0,0.0,'2019-02-03 19:00:02','2019-02-03 19:00:02'),(14,'2019-02-04',0.0,0.0,0.0,0.0,'2019-02-04 19:00:02','2019-02-04 19:00:02'),(15,'2019-02-05',0.0,0.0,0.0,0.0,'2019-02-05 19:00:02','2019-02-05 19:00:02'),(16,'2019-02-06',0.0,0.0,0.0,0.0,'2019-02-06 19:00:02','2019-02-06 19:00:02'),(17,'2019-02-07',0.0,0.0,0.0,0.0,'2019-02-07 19:00:02','2019-02-07 19:00:02'),(18,'2019-02-08',0.0,0.0,0.0,0.0,'2019-02-08 19:00:02','2019-02-08 19:00:02'),(19,'2019-02-09',0.0,0.0,0.0,0.0,'2019-02-09 19:00:02','2019-02-09 19:00:02'),(20,'2019-02-10',0.0,0.0,0.0,0.0,'2019-02-10 19:00:02','2019-02-10 19:00:02'),(21,'2019-02-11',0.0,0.0,0.0,0.0,'2019-02-11 19:00:02','2019-02-11 19:00:02'),(22,'2019-02-12',0.0,0.0,0.0,0.0,'2019-02-12 19:00:02','2019-02-12 19:00:02'),(23,'2019-02-13',0.0,0.0,0.0,0.0,'2019-02-13 19:00:01','2019-02-13 19:00:01'),(24,'2019-02-14',0.0,0.0,0.0,0.0,'2019-02-14 19:00:01','2019-02-14 19:00:01'),(25,'2019-02-26',0.0,0.0,0.0,0.0,'2019-02-26 19:00:02','2019-02-26 19:00:02'),(26,'2019-02-27',0.0,0.0,0.0,0.0,'2019-02-27 19:00:02','2019-02-27 19:00:02'),(27,'2019-02-28',0.0,0.0,0.0,0.0,'2019-02-28 19:00:02','2019-02-28 19:00:02'),(28,'2019-03-01',0.0,0.0,0.0,0.0,'2019-03-01 19:00:02','2019-03-01 19:00:02'),(29,'2019-03-02',0.0,0.0,0.0,0.0,'2019-03-02 19:00:02','2019-03-02 19:00:02'),(30,'2019-03-03',0.0,0.0,0.0,0.0,'2019-03-03 19:00:02','2019-03-03 19:00:02'),(31,'2019-03-04',0.0,0.0,0.0,0.0,'2019-03-04 19:00:02','2019-03-04 19:00:02'),(32,'2019-03-05',61.0,10.0,46.0,5.0,'2019-03-05 19:00:02','2019-03-05 19:00:02'),(33,'2019-03-06',58.0,0.0,58.0,0.0,'2019-03-06 19:00:02','2019-03-06 19:00:02'),(34,'2019-03-07',55.0,1.0,27.0,27.0,'2019-03-07 19:00:02','2019-03-07 19:00:02'),(35,'2019-03-08',0.0,0.0,0.0,0.0,'2019-03-08 19:00:02','2019-03-08 19:00:02'),(36,'2019-03-09',0.0,0.0,0.0,0.0,'2019-03-09 19:00:01','2019-03-09 19:00:01'),(37,'2019-03-10',0.0,0.0,0.0,0.0,'2019-03-10 19:00:01','2019-03-10 19:00:01'),(38,'2019-03-11',0.0,0.0,0.0,0.0,'2019-03-11 19:00:02','2019-03-11 19:00:02'),(39,'2019-03-12',0.0,0.0,0.0,0.0,'2019-03-12 19:00:02','2019-03-12 19:00:02'),(40,'2019-03-13',1.0,0.0,0.0,1.0,'2019-03-13 19:00:02','2019-03-13 19:00:02'),(41,'2019-03-14',0.0,0.0,0.0,0.0,'2019-03-14 19:00:02','2019-03-14 19:00:02'),(42,'2019-03-15',0.0,0.0,0.0,0.0,'2019-03-15 19:00:01','2019-03-15 19:00:01'),(43,'2019-03-16',0.0,0.0,0.0,0.0,'2019-03-16 19:00:01','2019-03-16 19:00:01'),(44,'2019-03-17',0.0,0.0,0.0,0.0,'2019-03-17 19:00:02','2019-03-17 19:00:02'),(45,'2019-03-18',0.0,0.0,0.0,0.0,'2019-03-18 19:00:02','2019-03-18 19:00:02'),(46,'2019-03-19',0.0,0.0,0.0,0.0,'2019-03-19 19:00:02','2019-03-19 19:00:02'),(47,'2019-03-20',0.0,0.0,0.0,0.0,'2019-03-20 19:00:01','2019-03-20 19:00:01'),(48,'2019-03-21',0.0,0.0,0.0,0.0,'2019-03-21 19:00:02','2019-03-21 19:00:02'),(49,'2019-03-22',0.0,0.0,0.0,0.0,'2019-03-22 19:00:01','2019-03-22 19:00:01'),(50,'2019-03-23',0.0,0.0,0.0,0.0,'2019-03-23 19:00:02','2019-03-23 19:00:02'),(51,'2019-03-24',0.0,0.0,0.0,0.0,'2019-03-24 19:00:02','2019-03-24 19:00:02'),(52,'2019-03-25',0.0,0.0,0.0,0.0,'2019-03-25 19:00:01','2019-03-25 19:00:01'),(53,'2019-03-26',0.0,0.0,0.0,0.0,'2019-03-26 19:00:02','2019-03-26 19:00:02'),(54,'2019-03-27',0.0,0.0,0.0,0.0,'2019-03-27 19:00:02','2019-03-27 19:00:02'),(55,'2019-03-28',0.0,0.0,0.0,0.0,'2019-03-28 19:00:02','2019-03-28 19:00:02'),(56,'2019-03-29',0.0,0.0,0.0,0.0,'2019-03-29 19:00:01','2019-03-29 19:00:01'),(57,'2019-03-30',0.0,0.0,0.0,0.0,'2019-03-30 19:00:02','2019-03-30 19:00:02'),(58,'2019-03-31',0.0,0.0,0.0,0.0,'2019-03-31 19:00:01','2019-03-31 19:00:01'),(59,'2019-04-01',0.0,0.0,0.0,0.0,'2019-04-01 19:00:02','2019-04-01 19:00:02'),(60,'2019-04-02',0.0,0.0,0.0,0.0,'2019-04-02 19:00:01','2019-04-02 19:00:01'),(61,'2019-04-03',0.0,0.0,0.0,0.0,'2019-04-03 19:00:02','2019-04-03 19:00:02'),(62,'2019-04-04',0.0,0.0,0.0,0.0,'2019-04-04 19:00:02','2019-04-04 19:00:02'),(63,'2019-04-05',0.0,0.0,0.0,0.0,'2019-04-05 19:00:02','2019-04-05 19:00:02'),(64,'2019-04-06',0.0,0.0,0.0,0.0,'2019-04-06 19:00:02','2019-04-06 19:00:02'),(65,'2019-04-07',0.0,0.0,0.0,0.0,'2019-04-07 19:00:01','2019-04-07 19:00:01'),(66,'2019-04-08',0.0,0.0,0.0,0.0,'2019-04-08 19:00:01','2019-04-08 19:00:01'),(67,'2019-04-09',0.0,0.0,0.0,0.0,'2019-04-09 19:00:02','2019-04-09 19:00:02'),(68,'2019-04-10',0.0,0.0,0.0,0.0,'2019-04-10 19:00:02','2019-04-10 19:00:02'),(69,'2019-04-11',374.0,40.5,238.0,95.5,'2019-04-11 19:00:02','2019-04-11 19:00:02'),(70,'2019-04-12',590.5,24.0,379.5,187.0,'2019-04-12 19:00:02','2019-04-12 19:00:02'),(71,'2019-04-13',0.0,0.0,0.0,0.0,'2019-04-13 19:00:02','2019-04-13 19:00:02'),(72,'2019-04-14',0.0,0.0,0.0,0.0,'2019-04-14 19:00:02','2019-04-14 19:00:02'),(73,'2019-04-15',0.0,0.0,0.0,0.0,'2019-04-15 19:00:02','2019-04-15 19:00:02'),(74,'2019-04-16',47.0,0.0,33.0,14.0,'2019-04-16 19:00:02','2019-04-16 19:00:02'),(75,'2019-04-17',62.0,0.0,9.0,53.0,'2019-04-17 19:00:01','2019-04-17 19:00:01'),(76,'2019-04-18',56.0,3.0,52.0,1.0,'2019-04-18 19:00:02','2019-04-18 19:00:02'),(77,'2019-04-19',0.0,0.0,0.0,0.0,'2019-04-19 19:00:02','2019-04-19 19:00:02'),(78,'2019-04-20',0.0,0.0,0.0,0.0,'2019-04-20 19:00:02','2019-04-20 19:00:02'),(79,'2019-04-21',0.0,0.0,0.0,0.0,'2019-04-21 19:00:02','2019-04-21 19:00:02'),(80,'2019-04-22',0.0,0.0,0.0,0.0,'2019-04-22 19:00:02','2019-04-22 19:00:02'),(81,'2019-04-23',64.0,0.0,64.0,0.0,'2019-04-23 19:00:02','2019-04-23 19:00:02'),(82,'2019-04-24',55.0,1.5,19.0,34.5,'2019-04-24 19:00:02','2019-04-24 19:00:02'),(83,'2019-04-25',0.0,0.0,0.0,0.0,'2019-04-25 19:00:01','2019-04-25 19:00:01'),(84,'2019-04-26',55.5,13.5,16.5,25.5,'2019-04-26 19:00:02','2019-04-26 19:00:02'),(85,'2019-04-27',0.0,0.0,0.0,0.0,'2019-04-27 19:00:02','2019-04-27 19:00:02'),(86,'2019-04-28',0.0,0.0,0.0,0.0,'2019-04-28 19:00:02','2019-04-28 19:00:02'),(87,'2019-04-29',54.5,13.5,34.5,6.5,'2019-04-29 19:00:02','2019-04-29 19:00:02'),(88,'2019-04-30',60.0,0.0,47.0,13.0,'2019-04-30 19:00:02','2019-04-30 19:00:02'),(89,'2019-05-01',69.0,4.0,25.0,40.0,'2019-05-01 19:00:02','2019-05-01 19:00:02'),(90,'2019-05-02',53.0,0.0,43.0,10.0,'2019-05-02 19:00:02','2019-05-02 19:00:02'),(91,'2019-05-03',57.0,2.0,49.0,6.0,'2019-05-03 19:00:02','2019-05-03 19:00:02'),(92,'2019-05-04',0.0,0.0,0.0,0.0,'2019-05-04 19:00:01','2019-05-04 19:00:01'),(93,'2019-05-05',0.0,0.0,0.0,0.0,'2019-05-05 19:00:02','2019-05-05 19:00:02'),(94,'2019-05-06',62.0,0.5,33.0,28.5,'2019-05-06 19:00:02','2019-05-06 19:00:02'),(95,'2019-05-07',62.0,11.0,33.0,18.0,'2019-05-07 19:00:01','2019-05-07 19:00:01'),(96,'2019-05-08',42.5,3.0,30.5,9.0,'2019-05-08 19:00:02','2019-05-08 19:00:02'),(97,'2019-05-09',38.0,0.5,24.0,13.5,'2019-05-09 19:00:01','2019-05-09 19:00:01'),(98,'2019-05-10',43.5,1.5,27.5,14.5,'2019-05-10 19:00:02','2019-05-10 19:00:02'),(99,'2019-05-11',0.0,0.0,0.0,0.0,'2019-05-11 19:00:02','2019-05-11 19:00:02'),(100,'2019-05-12',0.0,0.0,0.0,0.0,'2019-05-12 19:00:02','2019-05-12 19:00:02'),(101,'2019-05-13',59.5,1.5,30.5,27.5,'2019-05-13 19:00:02','2019-05-13 19:00:02'),(102,'2019-05-14',53.0,7.0,28.0,18.0,'2019-05-14 19:00:01','2019-05-14 19:00:01'),(103,'2019-05-15',52.0,2.0,49.0,1.0,'2019-05-15 19:00:02','2019-05-15 19:00:02'),(104,'2019-05-16',77.0,3.5,41.0,32.5,'2019-05-16 19:00:02','2019-05-16 19:00:02'),(105,'2019-05-17',26.0,0.0,21.0,5.0,'2019-05-17 19:00:02','2019-05-17 19:00:02'),(106,'2019-05-18',0.0,0.0,0.0,0.0,'2019-05-18 19:00:02','2019-05-18 19:00:02'),(107,'2019-05-19',0.0,0.0,0.0,0.0,'2019-05-19 19:00:02','2019-05-19 19:00:02'),(108,'2019-05-20',45.5,1.5,35.5,8.5,'2019-05-20 19:00:01','2019-05-20 19:00:01'),(109,'2019-05-21',53.0,4.5,36.0,12.5,'2019-05-21 19:00:02','2019-05-21 19:00:02'),(110,'2019-05-22',61.5,0.5,14.5,46.5,'2019-05-22 19:00:02','2019-05-22 19:00:02'),(111,'2019-05-23',42.0,3.0,24.0,15.0,'2019-05-23 19:00:02','2019-05-23 19:00:02'),(112,'2019-05-24',46.0,0.0,7.0,39.0,'2019-05-24 19:00:02','2019-05-24 19:00:02'),(113,'2019-05-25',0.0,0.0,0.0,0.0,'2019-05-25 19:00:02','2019-05-25 19:00:02'),(114,'2019-05-26',0.0,0.0,0.0,0.0,'2019-05-26 19:00:01','2019-05-26 19:00:01'),(115,'2019-05-27',66.5,2.0,39.5,25.0,'2019-05-27 19:00:02','2019-05-27 19:00:02'),(116,'2019-05-28',61.0,1.0,56.0,4.0,'2019-05-28 19:00:02','2019-05-28 19:00:02'),(117,'2019-05-29',58.5,9.0,38.5,11.0,'2019-05-29 19:00:01','2019-05-29 19:00:01'),(118,'2019-05-30',70.5,11.0,47.5,12.0,'2019-05-30 19:00:02','2019-05-30 19:00:02'),(119,'2019-05-31',63.0,6.5,39.0,17.5,'2019-05-31 19:00:02','2019-05-31 19:00:02'),(120,'2019-06-01',0.0,0.0,0.0,0.0,'2019-06-01 19:00:01','2019-06-01 19:00:01'),(121,'2019-06-02',0.0,0.0,0.0,0.0,'2019-06-02 19:00:02','2019-06-02 19:00:02'),(122,'2019-06-03',72.0,0.0,45.0,27.0,'2019-06-03 19:00:02','2019-06-03 19:00:02'),(123,'2019-06-04',74.0,19.0,35.0,20.0,'2019-06-04 19:00:02','2019-06-04 19:00:02'),(124,'2019-06-05',74.5,1.5,38.5,34.5,'2019-06-05 19:00:03','2019-06-05 19:00:03'),(125,'2019-06-06',68.0,0.5,35.0,32.5,'2019-06-06 19:00:02','2019-06-06 19:00:02'),(126,'2019-06-07',77.5,4.0,38.5,35.0,'2019-06-07 19:00:02','2019-06-07 19:00:02'),(127,'2019-06-08',0.0,0.0,0.0,0.0,'2019-06-08 19:00:02','2019-06-08 19:00:02'),(128,'2019-06-09',0.0,0.0,0.0,0.0,'2019-06-09 19:00:02','2019-06-09 19:00:02'),(129,'2019-06-10',0.0,0.0,0.0,0.0,'2019-06-10 19:00:01','2019-06-10 19:00:01'),(130,'2019-06-11',67.0,3.5,45.0,18.5,'2019-06-11 19:00:02','2019-06-11 19:00:02'),(131,'2019-06-12',68.0,1.5,47.0,19.5,'2019-06-12 19:00:02','2019-06-12 19:00:02'),(132,'2019-06-13',60.5,5.5,37.5,17.5,'2019-06-13 19:00:02','2019-06-13 19:00:02'),(133,'2019-06-14',54.0,0.5,49.0,4.5,'2019-06-14 19:00:02','2019-06-14 19:00:02'),(134,'2019-06-15',0.0,0.0,0.0,0.0,'2019-06-15 19:00:01','2019-06-15 19:00:01'),(135,'2019-06-16',0.0,0.0,0.0,0.0,'2019-06-16 19:00:01','2019-06-16 19:00:01'),(136,'2019-06-17',49.5,3.5,44.5,1.5,'2019-06-17 19:00:02','2019-06-17 19:00:02'),(137,'2019-06-18',66.5,10.0,47.5,9.0,'2019-06-18 19:00:02','2019-06-18 19:00:02'),(138,'2019-06-19',55.5,0.0,43.5,12.0,'2019-06-19 19:00:01','2019-06-19 19:00:01'),(139,'2019-06-20',60.0,0.0,35.0,25.0,'2019-06-20 19:00:01','2019-06-20 19:00:01'),(140,'2019-06-21',50.0,1.5,21.0,27.5,'2019-06-21 19:00:02','2019-06-21 19:00:02'),(141,'2019-06-22',0.0,0.0,0.0,0.0,'2019-06-22 19:00:02','2019-06-22 19:00:02'),(142,'2019-06-23',0.0,0.0,0.0,0.0,'2019-06-23 19:00:02','2019-06-23 19:00:02'),(143,'2019-06-24',63.0,7.0,20.0,36.0,'2019-06-24 19:00:01','2019-06-24 19:00:01'),(144,'2019-06-25',51.5,4.0,26.5,21.0,'2019-06-25 19:00:01','2019-06-25 19:00:01'),(145,'2019-06-26',56.5,1.0,42.5,13.0,'2019-06-26 19:00:01','2019-06-26 19:00:01'),(146,'2019-06-27',55.0,0.5,28.0,26.5,'2019-06-27 19:00:02','2019-06-27 19:00:02'),(147,'2019-06-28',51.5,1.0,38.5,12.0,'2019-06-28 19:00:02','2019-06-28 19:00:02'),(148,'2019-06-29',0.0,0.0,0.0,0.0,'2019-06-29 19:00:02','2019-06-29 19:00:02'),(149,'2019-06-30',0.0,0.0,0.0,0.0,'2019-06-30 19:00:02','2019-06-30 19:00:02'),(150,'2019-07-01',21.5,0.0,7.5,14.0,'2019-07-01 19:00:02','2019-07-01 19:00:02'),(151,'2019-07-02',0.0,0.0,0.0,0.0,'2019-07-02 19:00:02','2019-07-02 19:00:02'),(152,'2019-07-03',55.0,2.5,22.0,30.5,'2019-07-03 19:00:02','2019-07-03 19:00:02'),(153,'2019-07-04',54.0,0.5,49.0,4.5,'2019-07-04 19:00:02','2019-07-04 19:00:02'),(154,'2019-07-05',47.0,0.5,35.0,11.5,'2019-07-05 19:00:02','2019-07-05 19:00:02'),(155,'2019-07-06',0.0,0.0,0.0,0.0,'2019-07-06 19:00:02','2019-07-06 19:00:02'),(156,'2019-07-07',0.0,0.0,0.0,0.0,'2019-07-07 19:00:02','2019-07-07 19:00:02'),(157,'2019-07-08',51.0,4.0,39.0,8.0,'2019-07-08 19:00:02','2019-07-08 19:00:02'),(158,'2019-07-09',49.0,0.0,35.0,14.0,'2019-07-09 19:00:02','2019-07-09 19:00:02'),(159,'2019-07-10',34.0,7.0,16.0,11.0,'2019-07-10 19:00:03','2019-07-10 19:00:03'),(160,'2019-07-11',54.0,12.5,28.0,13.5,'2019-07-11 19:00:02','2019-07-11 19:00:02'),(161,'2019-07-12',57.0,0.0,17.0,40.0,'2019-07-12 19:00:02','2019-07-12 19:00:02'),(162,'2019-07-13',0.0,0.0,0.0,0.0,'2019-07-13 19:00:02','2019-07-13 19:00:02'),(163,'2019-07-14',0.0,0.0,0.0,0.0,'2019-07-14 19:00:02','2019-07-14 19:00:02'),(164,'2019-07-15',58.0,1.5,49.0,7.5,'2019-07-15 19:00:01','2019-07-15 19:00:01'),(165,'2019-07-16',42.0,0.0,31.0,11.0,'2019-07-16 19:00:02','2019-07-16 19:00:02'),(166,'2019-07-17',6.5,0.0,4.5,2.0,'2019-07-17 19:00:02','2019-07-17 19:00:02'),(167,'2019-07-18',43.5,9.0,12.5,22.0,'2019-07-18 19:00:02','2019-07-18 19:00:02'),(168,'2019-07-19',58.0,2.5,55.0,0.5,'2019-07-19 19:00:01','2019-07-19 19:00:01'),(169,'2019-07-20',0.0,0.0,0.0,0.0,'2019-07-20 19:00:02','2019-07-20 19:00:02'),(170,'2019-07-21',0.0,0.0,0.0,0.0,'2019-07-21 19:00:02','2019-07-21 19:00:02'),(171,'2019-07-22',56.5,2.0,36.5,18.0,'2019-07-22 19:00:02','2019-07-22 19:00:02'),(172,'2019-07-23',67.0,2.5,33.0,31.5,'2019-07-23 19:00:02','2019-07-23 19:00:02'),(173,'2019-07-24',71.5,1.5,45.5,24.5,'2019-07-24 19:00:02','2019-07-24 19:00:02'),(174,'2019-07-25',65.5,0.0,27.5,38.0,'2019-07-25 19:00:02','2019-07-25 19:00:02'),(175,'2019-07-26',64.5,5.0,35.5,24.0,'2019-07-26 19:00:02','2019-07-26 19:00:02'),(176,'2019-07-27',0.0,0.0,0.0,0.0,'2019-07-27 19:00:02','2019-07-27 19:00:02'),(177,'2019-07-28',0.0,0.0,0.0,0.0,'2019-07-28 19:00:02','2019-07-28 19:00:02'),(178,'2019-07-29',70.5,0.0,49.5,21.0,'2019-07-29 19:00:02','2019-07-29 19:00:02'),(179,'2019-07-30',64.5,0.5,47.5,16.5,'2019-07-30 19:00:02','2019-07-30 19:00:02'),(180,'2019-07-31',62.0,15.0,36.0,11.0,'2019-07-31 19:00:02','2019-07-31 19:00:02'),(181,'2019-08-01',107.0,0.0,50.0,57.0,'2019-08-01 19:00:02','2019-08-01 19:00:02'),(182,'2019-08-02',61.5,1.5,47.5,12.5,'2019-08-02 19:00:02','2019-08-02 19:00:02'),(183,'2019-08-03',0.0,0.0,0.0,0.0,'2019-08-03 19:00:02','2019-08-03 19:00:02'),(184,'2019-08-04',0.0,0.0,0.0,0.0,'2019-08-04 19:00:02','2019-08-04 19:00:02'),(185,'2019-08-05',43.0,2.0,31.0,10.0,'2019-08-05 19:00:02','2019-08-05 19:00:02'),(186,'2019-08-06',51.0,0.0,43.0,8.0,'2019-08-06 19:00:02','2019-08-06 19:00:02'),(187,'2019-08-07',53.0,0.5,34.0,18.5,'2019-08-07 19:00:02','2019-08-07 19:00:02'),(188,'2019-08-08',14.5,0.0,12.5,2.0,'2019-08-08 19:00:02','2019-08-08 19:00:02'),(189,'2019-08-09',54.5,10.5,16.5,27.5,'2019-08-09 19:00:02','2019-08-09 19:00:02'),(190,'2019-08-10',0.0,0.0,0.0,0.0,'2019-08-10 19:00:02','2019-08-10 19:00:02'),(191,'2019-08-11',0.0,0.0,0.0,0.0,'2019-08-11 19:00:02','2019-08-11 19:00:02'),(192,'2019-08-12',37.5,0.0,22.5,15.0,'2019-08-12 19:00:02','2019-08-12 19:00:02'),(193,'2019-08-13',47.5,2.0,34.5,11.0,'2019-08-13 19:00:02','2019-08-13 19:00:02'),(194,'2019-08-14',62.5,2.0,54.5,6.0,'2019-08-14 19:00:02','2019-08-14 19:00:02'),(195,'2019-08-15',59.5,1.5,41.5,16.5,'2019-08-15 19:00:02','2019-08-15 19:00:02'),(196,'2019-08-16',79.0,9.0,41.0,29.0,'2019-08-16 19:00:02','2019-08-16 19:00:02'),(197,'2019-08-17',0.0,0.0,0.0,0.0,'2019-08-17 19:00:03','2019-08-17 19:00:03'),(198,'2019-08-18',0.0,0.0,0.0,0.0,'2019-08-18 19:00:02','2019-08-18 19:00:02'),(199,'2019-08-19',69.0,5.0,45.0,19.0,'2019-08-19 19:00:02','2019-08-19 19:00:02'),(200,'2019-08-20',57.5,1.0,50.5,6.0,'2019-08-20 19:00:03','2019-08-20 19:00:03'),(201,'2019-08-21',66.0,4.0,42.0,20.0,'2019-08-21 19:00:03','2019-08-21 19:00:03'),(202,'2019-08-22',56.5,1.0,37.5,18.0,'2019-08-22 19:00:02','2019-08-22 19:00:02'),(203,'2019-08-23',66.0,0.5,54.0,11.5,'2019-08-23 19:00:02','2019-08-23 19:00:02'),(204,'2019-08-24',0.0,0.0,0.0,0.0,'2019-08-24 19:00:02','2019-08-24 19:00:02'),(205,'2019-08-25',0.0,0.0,0.0,0.0,'2019-08-25 19:00:02','2019-08-25 19:00:02'),(206,'2019-08-26',67.5,1.5,48.5,17.5,'2019-08-26 19:00:03','2019-08-26 19:00:03'),(207,'2019-08-27',61.5,5.5,41.5,14.5,'2019-08-27 19:00:02','2019-08-27 19:00:02'),(208,'2019-08-28',78.0,9.0,51.0,18.0,'2019-08-28 19:00:02','2019-08-28 19:00:02'),(209,'2019-08-29',82.5,0.5,64.5,17.5,'2019-08-29 19:00:02','2019-08-29 19:00:02'),(210,'2019-08-30',81.0,0.5,44.0,36.5,'2019-08-30 19:00:02','2019-08-30 19:00:02'),(211,'2019-08-31',0.0,0.0,0.0,0.0,'2019-08-31 19:00:02','2019-08-31 19:00:02'),(212,'2019-09-01',0.0,0.0,0.0,0.0,'2019-09-01 19:00:03','2019-09-01 19:00:03'),(213,'2019-09-02',39.0,1.5,23.0,14.5,'2019-09-02 19:00:02','2019-09-02 19:00:02'),(214,'2019-09-03',58.0,0.0,52.0,6.0,'2019-09-03 19:00:02','2019-09-03 19:00:02'),(215,'2019-09-04',61.5,8.5,29.5,23.5,'2019-09-04 19:00:02','2019-09-04 19:00:02'),(216,'2019-09-05',55.0,1.5,45.0,8.5,'2019-09-05 19:00:02','2019-09-05 19:00:02'),(217,'2019-09-06',61.5,7.5,45.5,8.5,'2019-09-06 19:00:02','2019-09-06 19:00:02'),(218,'2019-09-07',0.0,0.0,0.0,0.0,'2019-09-07 19:00:03','2019-09-07 19:00:03'),(219,'2019-09-08',0.0,0.0,0.0,0.0,'2019-09-08 19:00:02','2019-09-08 19:00:02'),(220,'2019-09-09',58.0,6.0,42.0,10.0,'2019-09-09 19:00:03','2019-09-09 19:00:03'),(221,'2019-09-10',48.5,8.0,30.5,10.0,'2019-09-10 19:00:02','2019-09-10 19:00:02'),(222,'2019-09-11',65.0,0.0,58.0,7.0,'2019-09-11 19:00:02','2019-09-11 19:00:02'),(223,'2019-09-12',74.5,0.0,52.5,22.0,'2019-09-12 19:00:03','2019-09-12 19:00:03'),(224,'2019-09-13',64.5,1.5,38.5,24.5,'2019-09-13 19:00:02','2019-09-13 19:00:02'),(225,'2019-09-14',0.0,0.0,0.0,0.0,'2019-09-14 19:00:02','2019-09-14 19:00:02'),(226,'2019-09-15',0.0,0.0,0.0,0.0,'2019-09-15 19:00:02','2019-09-15 19:00:02'),(227,'2019-09-16',67.5,4.0,39.5,24.0,'2019-09-16 19:00:02','2019-09-16 19:00:02'),(228,'2019-09-17',68.5,11.5,26.5,30.5,'2019-09-17 19:00:03','2019-09-17 19:00:03'),(229,'2019-09-18',70.0,2.5,35.0,32.5,'2019-09-18 19:00:02','2019-09-18 19:00:02'),(230,'2019-09-19',52.0,0.5,37.0,14.5,'2019-09-19 19:00:02','2019-09-19 19:00:02'),(231,'2019-09-20',72.5,4.0,42.5,26.0,'2019-09-20 19:00:02','2019-09-20 19:00:02'),(232,'2019-09-21',0.0,0.0,0.0,0.0,'2019-09-21 19:00:02','2019-09-21 19:00:02'),(233,'2019-09-22',0.0,0.0,0.0,0.0,'2019-09-22 19:00:02','2019-09-22 19:00:02'),(234,'2019-09-23',63.5,7.0,33.5,23.0,'2019-09-23 19:00:02','2019-09-23 19:00:02'),(235,'2019-09-24',73.5,1.0,14.5,58.0,'2019-09-24 19:00:02','2019-09-24 19:00:02'),(236,'2019-09-25',59.0,6.0,27.0,26.0,'2019-09-25 19:00:03','2019-09-25 19:00:03'),(237,'2019-09-26',66.5,5.5,37.5,23.5,'2019-09-26 19:00:02','2019-09-26 19:00:02'),(238,'2019-09-27',0.0,0.0,0.0,0.0,'2019-09-27 19:00:03','2019-09-27 19:00:03'),(239,'2019-09-28',0.0,0.0,0.0,0.0,'2019-09-28 19:00:02','2019-09-28 19:00:02'),(240,'2019-09-29',0.0,0.0,0.0,0.0,'2019-09-29 19:00:02','2019-09-29 19:00:02'),(241,'2019-09-30',49.0,14.5,21.0,13.5,'2019-09-30 19:00:02','2019-09-30 19:00:02'),(242,'2019-10-01',10.0,5.5,0.0,4.5,'2019-10-01 19:00:02','2019-10-01 19:00:02'),(243,'2019-10-02',7.5,0.5,6.5,0.5,'2019-10-02 19:00:02','2019-10-02 19:00:02'),(244,'2019-10-03',11.5,5.0,1.5,5.0,'2019-10-03 19:00:02','2019-10-03 19:00:02'),(245,'2019-10-04',5.0,2.5,1.0,1.5,'2019-10-04 19:00:03','2019-10-04 19:00:03'),(246,'2019-10-05',0.0,0.0,0.0,0.0,'2019-10-05 19:00:02','2019-10-05 19:00:02'),(247,'2019-10-06',0.0,0.0,0.0,0.0,'2019-10-06 19:00:02','2019-10-06 19:00:02'),(248,'2019-10-07',28.0,13.5,1.0,13.5,'2019-10-07 19:00:03','2019-10-07 19:00:03'),(249,'2019-10-08',1.5,0.0,1.5,0.0,'2019-10-08 19:00:02','2019-10-08 19:00:02'),(250,'2019-10-09',6.0,5.0,1.0,0.0,'2019-10-09 19:00:02','2019-10-09 19:00:02'),(251,'2019-10-10',1.0,0.0,1.0,0.0,'2019-10-10 19:00:02','2019-10-10 19:00:02'),(252,'2019-10-11',6.5,5.5,0.5,0.5,'2019-10-11 19:00:02','2019-10-11 19:00:02'),(253,'2019-10-12',0.0,0.0,0.0,0.0,'2019-10-12 19:00:02','2019-10-12 19:00:02'),(254,'2019-10-13',0.0,0.0,0.0,0.0,'2019-10-13 19:00:02','2019-10-13 19:00:02'),(255,'2019-10-14',3.0,1.0,2.0,0.0,'2019-10-14 19:00:02','2019-10-14 19:00:02'),(256,'2019-10-15',6.5,3.0,1.5,2.0,'2019-10-15 19:00:03','2019-10-15 19:00:03'),(257,'2019-10-16',3.0,2.0,0.0,1.0,'2019-10-16 19:00:02','2019-10-16 19:00:02'),(258,'2019-10-17',9.0,7.0,2.0,0.0,'2019-10-17 19:00:04','2019-10-17 19:00:04'),(259,'2019-10-18',5.5,4.5,0.5,0.5,'2019-10-18 19:00:04','2019-10-18 19:00:04'),(260,'2019-10-19',0.0,0.0,0.0,0.0,'2019-10-19 19:00:03','2019-10-19 19:00:03'),(261,'2019-10-20',0.0,0.0,0.0,0.0,'2019-10-20 19:00:03','2019-10-20 19:00:03'),(262,'2019-10-21',9.0,7.5,1.0,0.5,'2019-10-21 19:00:02','2019-10-21 19:00:02'),(263,'2019-10-22',3.5,1.5,1.5,0.5,'2019-10-22 19:00:02','2019-10-22 19:00:02'),(264,'2019-10-23',5.0,2.0,2.0,1.0,'2019-10-23 19:00:02','2019-10-23 19:00:02'),(265,'2019-10-24',0.0,0.0,0.0,0.0,'2019-10-24 19:00:03','2019-10-24 19:00:03'),(266,'2019-10-25',6.0,2.0,2.0,2.0,'2019-10-25 19:00:02','2019-10-25 19:00:02'),(267,'2019-10-26',0.0,0.0,0.0,0.0,'2019-10-26 19:00:02','2019-10-26 19:00:02'),(268,'2019-10-27',0.0,0.0,0.0,0.0,'2019-10-27 19:00:02','2019-10-27 19:00:02'),(269,'2019-10-28',0.5,0.0,0.5,0.0,'2019-10-28 19:00:02','2019-10-28 19:00:02'),(270,'2019-10-29',0.0,0.0,0.0,0.0,'2019-10-29 19:00:02','2019-10-29 19:00:02'),(271,'2019-10-30',4.0,3.0,0.0,1.0,'2019-10-30 19:00:03','2019-10-30 19:00:03'),(272,'2019-10-31',10.0,8.5,1.0,0.5,'2019-10-31 19:00:02','2019-10-31 19:00:02'),(273,'2019-11-01',2.5,0.0,2.5,0.0,'2019-11-01 19:00:02','2019-11-01 19:00:02'),(274,'2019-11-02',0.0,0.0,0.0,0.0,'2019-11-02 19:00:02','2019-11-02 19:00:02'),(275,'2019-11-03',0.0,0.0,0.0,0.0,'2019-11-03 19:00:02','2019-11-03 19:00:02'),(276,'2019-11-04',0.0,0.0,0.0,0.0,'2019-11-04 19:00:02','2019-11-04 19:00:02'),(277,'2019-11-05',0.0,0.0,0.0,0.0,'2019-11-05 19:00:02','2019-11-05 19:00:02'),(278,'2019-11-06',4.5,3.0,0.5,1.0,'2019-11-06 19:00:03','2019-11-06 19:00:03'),(279,'2019-11-07',2.0,0.5,1.0,0.5,'2019-11-07 19:00:03','2019-11-07 19:00:03'),(280,'2019-11-08',2.5,0.5,1.5,0.5,'2019-11-08 19:00:02','2019-11-08 19:00:02'),(281,'2019-11-09',0.0,0.0,0.0,0.0,'2019-11-09 19:00:02','2019-11-09 19:00:02'),(282,'2019-11-10',0.0,0.0,0.0,0.0,'2019-11-10 19:00:03','2019-11-10 19:00:03'),(283,'2019-11-11',13.5,10.0,1.5,2.0,'2019-11-11 19:00:03','2019-11-11 19:00:03'),(284,'2019-11-12',3.5,1.5,1.5,0.5,'2019-11-12 19:00:02','2019-11-12 19:00:02'),(285,'2019-11-13',9.0,8.0,1.0,0.0,'2019-11-13 19:00:02','2019-11-13 19:00:02'),(286,'2019-11-14',2.0,0.5,1.0,0.5,'2019-11-14 19:00:03','2019-11-14 19:00:03'),(287,'2019-11-15',5.0,3.0,1.0,1.0,'2019-11-15 19:00:02','2019-11-15 19:00:02'),(288,'2019-11-16',0.0,0.0,0.0,0.0,'2019-11-16 19:00:02','2019-11-16 19:00:02'),(289,'2019-11-17',0.0,0.0,0.0,0.0,'2019-11-17 19:00:02','2019-11-17 19:00:02'),(290,'2019-11-18',3.0,1.0,1.0,1.0,'2019-11-18 19:00:02','2019-11-18 19:00:02'),(291,'2019-11-19',4.5,1.5,1.5,1.5,'2019-11-19 19:00:02','2019-11-19 19:00:02'),(292,'2019-11-20',6.0,5.0,1.0,0.0,'2019-11-20 19:00:02','2019-11-20 19:00:02'),(293,'2019-11-21',16.5,13.0,1.5,2.0,'2019-11-21 19:00:02','2019-11-21 19:00:02'),(294,'2019-11-22',10.5,10.0,0.5,0.0,'2019-11-22 19:00:03','2019-11-22 19:00:03'),(295,'2019-11-23',2.0,0.0,2.0,0.0,'2019-11-23 19:00:03','2019-11-23 19:00:03'),(296,'2019-11-24',0.0,0.0,0.0,0.0,'2019-11-24 19:00:02','2019-11-24 19:00:02'),(297,'2019-11-25',26.5,21.0,1.5,4.0,'2019-11-25 19:00:03','2019-11-25 19:00:03'),(298,'2019-11-26',3.5,1.5,0.5,1.5,'2019-11-26 19:00:02','2019-11-26 19:00:02'),(299,'2019-11-27',4.0,1.0,2.0,1.0,'2019-11-27 19:00:02','2019-11-27 19:00:02'),(300,'2019-11-28',1.5,0.5,0.5,0.5,'2019-11-28 19:00:03','2019-11-28 19:00:03'),(301,'2019-11-29',13.0,11.5,1.0,0.5,'2019-11-29 19:00:02','2019-11-29 19:00:02'),(302,'2019-11-30',0.0,0.0,0.0,0.0,'2019-11-30 19:00:02','2019-11-30 19:00:02'),(303,'2019-12-01',0.0,0.0,0.0,0.0,'2019-12-01 19:00:02','2019-12-01 19:00:02'),(304,'2019-12-02',13.0,11.0,0.0,2.0,'2019-12-02 19:00:02','2019-12-02 19:00:02'),(305,'2019-12-03',6.5,5.0,0.5,1.0,'2019-12-03 19:00:02','2019-12-03 19:00:02'),(306,'2019-12-04',2.0,1.5,0.0,0.5,'2019-12-04 19:00:03','2019-12-04 19:00:03'),(307,'2019-12-05',6.5,4.5,0.5,1.5,'2019-12-05 19:00:02','2019-12-05 19:00:02'),(308,'2019-12-06',3.0,2.0,1.0,0.0,'2019-12-06 19:00:03','2019-12-06 19:00:03'),(309,'2019-12-07',0.0,0.0,0.0,0.0,'2019-12-07 19:00:03','2019-12-07 19:00:03'),(310,'2019-12-08',0.0,0.0,0.0,0.0,'2019-12-08 19:00:02','2019-12-08 19:00:02'),(311,'2019-12-09',0.5,0.0,0.5,0.0,'2019-12-09 19:00:02','2019-12-09 19:00:02'),(312,'2019-12-10',0.5,0.0,0.5,0.0,'2019-12-10 19:00:02','2019-12-10 19:00:02'),(313,'2019-12-11',8.5,8.0,0.5,0.0,'2019-12-11 19:00:02','2019-12-11 19:00:02'),(314,'2019-12-12',15.5,15.0,0.5,0.0,'2019-12-12 19:00:03','2019-12-12 19:00:03'),(315,'2019-12-13',5.5,3.0,1.5,1.0,'2019-12-13 19:00:03','2019-12-13 19:00:03'),(316,'2019-12-14',0.0,0.0,0.0,0.0,'2019-12-14 19:00:02','2019-12-14 19:00:02'),(317,'2019-12-15',0.0,0.0,0.0,0.0,'2019-12-15 19:00:02','2019-12-15 19:00:02'),(318,'2019-12-16',12.0,10.5,1.0,0.5,'2019-12-16 19:00:02','2019-12-16 19:00:02'),(319,'2019-12-17',3.5,1.5,0.5,1.5,'2019-12-17 19:00:03','2019-12-17 19:00:03'),(320,'2019-12-18',1.0,0.0,1.0,0.0,'2019-12-18 19:00:03','2019-12-18 19:00:03'),(321,'2019-12-19',19.0,18.5,0.0,0.5,'2019-12-19 19:00:03','2019-12-19 19:00:03'),(322,'2019-12-20',0.0,0.0,0.0,0.0,'2019-12-20 19:00:02','2019-12-20 19:00:02'),(323,'2019-12-21',0.0,0.0,0.0,0.0,'2019-12-21 19:00:02','2019-12-21 19:00:02'),(324,'2019-12-22',0.0,0.0,0.0,0.0,'2019-12-22 19:00:02','2019-12-22 19:00:02'),(325,'2019-12-23',0.0,0.0,0.0,0.0,'2019-12-23 19:00:02','2019-12-23 19:00:02'),(326,'2019-12-24',0.0,0.0,0.0,0.0,'2019-12-24 19:00:03','2019-12-24 19:00:03'),(327,'2019-12-25',0.0,0.0,0.0,0.0,'2019-12-25 19:00:03','2019-12-25 19:00:03'),(328,'2019-12-26',0.0,0.0,0.0,0.0,'2019-12-26 19:00:03','2019-12-26 19:00:03'),(329,'2019-12-27',0.0,0.0,0.0,0.0,'2019-12-27 19:00:02','2019-12-27 19:00:02'),(330,'2019-12-28',0.0,0.0,0.0,0.0,'2019-12-28 19:00:03','2019-12-28 19:00:03'),(331,'2019-12-29',0.0,0.0,0.0,0.0,'2019-12-29 19:00:03','2019-12-29 19:00:03'),(332,'2019-12-30',0.0,0.0,0.0,0.0,'2019-12-30 19:00:03','2019-12-30 19:00:03'),(333,'2019-12-31',0.0,0.0,0.0,0.0,'2019-12-31 19:00:03','2019-12-31 19:00:03'),(334,'2020-01-01',0.0,0.0,0.0,0.0,'2020-01-01 19:00:02','2020-01-01 19:00:02'),(335,'2020-01-02',0.0,0.0,0.0,0.0,'2020-01-02 19:00:03','2020-01-02 19:00:03'),(336,'2020-01-03',0.0,0.0,0.0,0.0,'2020-01-03 19:00:03','2020-01-03 19:00:03'),(337,'2020-01-04',0.0,0.0,0.0,0.0,'2020-01-04 19:00:02','2020-01-04 19:00:02'),(338,'2020-01-05',0.0,0.0,0.0,0.0,'2020-01-05 19:00:03','2020-01-05 19:00:03'),(339,'2020-01-06',0.0,0.0,0.0,0.0,'2020-01-06 19:00:03','2020-01-06 19:00:03'),(340,'2020-01-07',0.0,0.0,0.0,0.0,'2020-01-07 19:00:03','2020-01-07 19:00:03'),(341,'2020-01-08',0.0,0.0,0.0,0.0,'2020-01-08 19:00:02','2020-01-08 19:00:02'),(342,'2020-01-09',0.0,0.0,0.0,0.0,'2020-01-09 19:00:02','2020-01-09 19:00:02'),(343,'2020-01-10',0.0,0.0,0.0,0.0,'2020-01-10 19:00:03','2020-01-10 19:00:03'),(344,'2020-01-11',0.0,0.0,0.0,0.0,'2020-01-11 19:00:02','2020-01-11 19:00:02'),(345,'2020-01-12',0.0,0.0,0.0,0.0,'2020-01-12 19:00:02','2020-01-12 19:00:02'),(346,'2020-01-13',1.5,1.0,0.5,0.0,'2020-01-13 19:00:03','2020-01-13 19:00:03'),(347,'2020-01-14',7.0,5.5,1.0,0.5,'2020-01-14 19:00:03','2020-01-14 19:00:03'),(348,'2020-01-15',6.0,6.0,0.0,0.0,'2020-01-15 19:00:03','2020-01-15 19:00:03'),(349,'2020-01-16',17.0,15.5,0.0,1.5,'2020-01-16 19:00:03','2020-01-16 19:00:03'),(350,'2020-01-17',4.5,2.5,0.5,1.5,'2020-01-17 19:00:03','2020-01-17 19:00:03'),(351,'2020-01-18',0.0,0.0,0.0,0.0,'2020-01-18 19:00:02','2020-01-18 19:00:02'),(352,'2020-01-19',0.0,0.0,0.0,0.0,'2020-01-19 19:00:02','2020-01-19 19:00:02'),(353,'2020-01-20',5.0,4.0,1.0,0.0,'2020-01-20 19:00:03','2020-01-20 19:00:03'),(354,'2020-01-21',0.5,0.0,0.5,0.0,'2020-01-21 19:00:03','2020-01-21 19:00:03'),(355,'2020-01-22',6.0,4.0,1.0,1.0,'2020-01-22 19:00:03','2020-01-22 19:00:03'),(356,'2020-01-23',5.5,3.0,1.5,1.0,'2020-01-23 19:00:02','2020-01-23 19:00:02'),(357,'2020-01-24',12.0,10.5,1.0,0.5,'2020-01-24 19:00:02','2020-01-24 19:00:02'),(358,'2020-01-25',0.0,0.0,0.0,0.0,'2020-01-25 19:00:03','2020-01-25 19:00:03'),(359,'2020-01-26',0.0,0.0,0.0,0.0,'2020-01-26 19:00:03','2020-01-26 19:00:03'),(360,'2020-01-27',0.0,0.0,0.0,0.0,'2020-01-27 19:00:03','2020-01-27 19:00:03'),(361,'2020-01-28',7.5,6.5,0.5,0.5,'2020-01-28 19:00:03','2020-01-28 19:00:03'),(362,'2020-01-29',0.0,0.0,0.0,0.0,'2020-01-29 19:00:02','2020-01-29 19:00:02'),(363,'2020-01-30',1.5,0.5,0.5,0.5,'2020-01-30 19:00:03','2020-01-30 19:00:03'),(364,'2020-01-31',4.0,3.0,1.0,0.0,'2020-01-31 19:00:03','2020-01-31 19:00:03'),(365,'2020-02-01',0.0,0.0,0.0,0.0,'2020-02-01 19:00:02','2020-02-01 19:00:02'),(366,'2020-02-02',0.0,0.0,0.0,0.0,'2020-02-02 19:00:02','2020-02-02 19:00:02'),(367,'2020-02-03',2.5,1.0,0.5,1.0,'2020-02-03 19:00:02','2020-02-03 19:00:02'),(368,'2020-02-04',0.0,0.0,0.0,0.0,'2020-02-04 19:00:02','2020-02-04 19:00:02'),(369,'2020-02-05',11.0,9.5,1.0,0.5,'2020-02-05 19:00:02','2020-02-05 19:00:02'),(370,'2020-02-06',1.5,0.5,0.5,0.5,'2020-02-06 19:00:02','2020-02-06 19:00:02'),(371,'2020-02-07',3.0,1.0,2.0,0.0,'2020-02-07 19:00:03','2020-02-07 19:00:03'),(372,'2020-02-08',0.0,0.0,0.0,0.0,'2020-02-08 19:00:02','2020-02-08 19:00:02'),(373,'2020-02-09',0.0,0.0,0.0,0.0,'2020-02-09 19:00:03','2020-02-09 19:00:03'),(374,'2020-02-10',5.5,3.5,1.5,0.5,'2020-02-10 19:00:03','2020-02-10 19:00:03'),(375,'2020-02-11',7.0,4.0,2.0,1.0,'2020-02-11 19:00:03','2020-02-11 19:00:03'),(376,'2020-02-12',5.5,2.0,1.5,2.0,'2020-02-12 19:00:02','2020-02-12 19:00:02'),(377,'2020-02-13',1.0,0.0,1.0,0.0,'2020-02-13 19:00:02','2020-02-13 19:00:02'),(378,'2020-02-14',9.0,9.0,0.0,0.0,'2020-02-14 19:00:02','2020-02-14 19:00:02'),(379,'2020-02-15',0.0,0.0,0.0,0.0,'2020-02-15 19:00:02','2020-02-15 19:00:02'),(380,'2020-02-16',0.0,0.0,0.0,0.0,'2020-02-16 19:00:03','2020-02-16 19:00:03'),(381,'2020-02-17',0.5,0.0,0.5,0.0,'2020-02-17 19:00:02','2020-02-17 19:00:02'),(382,'2020-02-18',0.0,0.0,0.0,0.0,'2020-02-18 19:00:03','2020-02-18 19:00:03'),(383,'2020-02-19',7.5,6.5,0.5,0.5,'2020-02-19 19:00:02','2020-02-19 19:00:02'),(384,'2020-02-20',7.0,3.5,3.0,0.5,'2020-02-20 19:00:03','2020-02-20 19:00:03'),(385,'2020-02-21',1.0,0.0,1.0,0.0,'2020-02-21 19:00:03','2020-02-21 19:00:03'),(386,'2020-02-22',0.0,0.0,0.0,0.0,'2020-02-22 19:00:03','2020-02-22 19:00:03'),(387,'2020-02-23',0.0,0.0,0.0,0.0,'2020-02-23 19:00:03','2020-02-23 19:00:03'),(388,'2020-02-24',15.0,15.0,0.0,0.0,'2020-02-24 19:00:03','2020-02-24 19:00:03'),(389,'2020-02-25',4.5,2.0,0.5,2.0,'2020-02-25 19:00:03','2020-02-25 19:00:03'),(390,'2020-02-26',0.5,0.0,0.5,0.0,'2020-02-26 19:00:03','2020-02-26 19:00:03'),(391,'2020-02-27',4.0,2.5,1.0,0.5,'2020-02-27 19:00:03','2020-02-27 19:00:03'),(392,'2020-02-28',2.5,0.0,2.5,0.0,'2020-02-28 19:00:02','2020-02-28 19:00:02'),(393,'2020-02-29',0.0,0.0,0.0,0.0,'2020-02-29 19:00:02','2020-02-29 19:00:02'),(394,'2020-03-01',0.0,0.0,0.0,0.0,'2020-03-01 19:00:02','2020-03-01 19:00:02'),(395,'2020-03-02',5.5,5.0,0.5,0.0,'2020-03-02 19:00:03','2020-03-02 19:00:03'),(396,'2020-03-03',11.0,10.0,1.0,0.0,'2020-03-03 19:00:02','2020-03-03 19:00:02'),(397,'2020-03-04',3.0,1.0,1.0,1.0,'2020-03-04 19:00:02','2020-03-04 19:00:02'),(398,'2020-03-05',11.0,9.0,2.0,0.0,'2020-03-05 19:00:03','2020-03-05 19:00:03'),(399,'2020-03-06',5.5,4.0,0.5,1.0,'2020-03-06 19:00:02','2020-03-06 19:00:02'),(400,'2020-03-07',0.0,0.0,0.0,0.0,'2020-03-07 19:00:03','2020-03-07 19:00:03'),(401,'2020-03-08',0.0,0.0,0.0,0.0,'2020-03-08 19:00:03','2020-03-08 19:00:03'),(402,'2020-03-09',0.0,0.0,0.0,0.0,'2020-03-09 19:00:02','2020-03-09 19:00:02'),(403,'2020-03-10',6.5,5.0,0.5,1.0,'2020-03-10 19:00:03','2020-03-10 19:00:03'),(404,'2020-03-11',3.0,1.5,1.0,0.5,'2020-03-11 19:00:03','2020-03-11 19:00:03'),(405,'2020-03-12',13.0,10.0,2.0,1.0,'2020-03-12 19:00:03','2020-03-12 19:00:03'),(406,'2020-03-13',3.0,2.0,1.0,0.0,'2020-03-13 19:00:02','2020-03-13 19:00:02'),(407,'2020-03-14',0.0,0.0,0.0,0.0,'2020-03-14 19:00:03','2020-03-14 19:00:03'),(408,'2020-03-15',0.0,0.0,0.0,0.0,'2020-03-15 19:00:03','2020-03-15 19:00:03'),(409,'2020-03-16',7.5,5.0,2.5,0.0,'2020-03-16 19:00:02','2020-03-16 19:00:02'),(410,'2020-03-17',5.5,3.0,1.5,1.0,'2020-03-17 19:00:03','2020-03-17 19:00:03'),(411,'2020-03-18',0.0,0.0,0.0,0.0,'2020-03-18 19:00:02','2020-03-18 19:00:02'),(412,'2020-03-19',5.5,3.0,1.5,1.0,'2020-03-19 19:00:02','2020-03-19 19:00:02'),(413,'2020-03-20',2.0,0.5,1.0,0.5,'2020-03-20 19:00:03','2020-03-20 19:00:03'),(414,'2020-03-21',0.0,0.0,0.0,0.0,'2020-03-21 19:00:03','2020-03-21 19:00:03'),(415,'2020-03-22',0.0,0.0,0.0,0.0,'2020-03-22 19:00:03','2020-03-22 19:00:03'),(416,'2020-03-23',6.5,4.5,1.5,0.5,'2020-03-23 19:00:02','2020-03-23 19:00:02'),(417,'2020-03-24',5.0,3.0,1.0,1.0,'2020-03-24 19:00:03','2020-03-24 19:00:03'),(418,'2020-03-25',13.0,11.0,0.0,2.0,'2020-03-25 19:00:05','2020-03-25 19:00:05'),(419,'2020-03-26',7.0,5.5,1.0,0.5,'2020-03-26 19:00:03','2020-03-26 19:00:03'),(420,'2020-03-27',8.0,7.0,1.0,0.0,'2020-03-27 19:00:03','2020-03-27 19:00:03'),(421,'2020-03-28',0.0,0.0,0.0,0.0,'2020-03-28 19:00:03','2020-03-28 19:00:03'),(422,'2020-03-29',0.0,0.0,0.0,0.0,'2020-03-29 19:00:03','2020-03-29 19:00:03'),(423,'2020-03-30',11.5,8.0,2.5,1.0,'2020-03-30 19:00:03','2020-03-30 19:00:03'),(424,'2020-03-31',3.0,0.5,2.0,0.5,'2020-03-31 19:00:02','2020-03-31 19:00:02'),(425,'2020-04-01',3.5,2.0,0.5,1.0,'2020-04-01 19:00:02','2020-04-01 19:00:02'),(426,'2020-04-02',13.0,12.0,1.0,0.0,'2020-04-02 19:00:03','2020-04-02 19:00:03'),(427,'2020-04-03',2.0,0.5,1.0,0.5,'2020-04-03 19:00:03','2020-04-03 19:00:03'),(428,'2020-04-04',0.0,0.0,0.0,0.0,'2020-04-04 19:00:03','2020-04-04 19:00:03'),(429,'2020-04-05',0.0,0.0,0.0,0.0,'2020-04-05 19:00:02','2020-04-05 19:00:02'),(430,'2020-04-06',4.5,1.5,2.5,0.5,'2020-04-06 19:00:02','2020-04-06 19:00:02'),(431,'2020-04-07',6.5,5.0,0.5,1.0,'2020-04-07 19:00:03','2020-04-07 19:00:03'),(432,'2020-04-08',3.0,1.0,1.0,1.0,'2020-04-08 19:00:03','2020-04-08 19:00:03'),(433,'2020-04-09',6.5,4.5,1.5,0.5,'2020-04-09 19:00:03','2020-04-09 19:00:03'),(434,'2020-04-10',0.0,0.0,0.0,0.0,'2020-04-10 19:00:02','2020-04-10 19:00:02'),(435,'2020-04-11',0.0,0.0,0.0,0.0,'2020-04-11 19:00:03','2020-04-11 19:00:03'),(436,'2020-04-12',0.0,0.0,0.0,0.0,'2020-04-12 19:00:03','2020-04-12 19:00:03'),(437,'2020-04-13',0.0,0.0,0.0,0.0,'2020-04-13 19:00:02','2020-04-13 19:00:02'),(438,'2020-04-14',2.5,0.5,1.5,0.5,'2020-04-14 19:00:03','2020-04-14 19:00:03'),(439,'2020-04-15',5.5,3.5,0.5,1.5,'2020-04-15 19:00:02','2020-04-15 19:00:02'),(440,'2020-04-16',3.0,2.0,1.0,0.0,'2020-04-16 19:00:03','2020-04-16 19:00:03'),(441,'2020-04-17',5.0,3.5,0.0,1.5,'2020-04-17 19:00:03','2020-04-17 19:00:03'),(442,'2020-04-18',0.0,0.0,0.0,0.0,'2020-04-18 19:00:03','2020-04-18 19:00:03'),(443,'2020-04-19',0.0,0.0,0.0,0.0,'2020-04-19 19:00:03','2020-04-19 19:00:03'),(444,'2020-04-20',1.0,0.0,1.0,0.0,'2020-04-20 19:00:03','2020-04-20 19:00:03'),(445,'2020-04-21',2.0,0.0,2.0,0.0,'2020-04-21 19:00:03','2020-04-21 19:00:03'),(446,'2020-04-22',4.0,1.5,1.0,1.5,'2020-04-22 19:00:03','2020-04-22 19:00:03'),(447,'2020-04-23',7.5,6.0,0.5,1.0,'2020-04-23 19:00:03','2020-04-23 19:00:03'),(448,'2020-04-24',14.0,10.5,2.0,1.5,'2020-04-24 19:00:03','2020-04-24 19:00:03'),(449,'2020-04-25',0.0,0.0,0.0,0.0,'2020-04-25 19:00:03','2020-04-25 19:00:03'),(450,'2020-04-26',0.0,0.0,0.0,0.0,'2020-04-26 19:00:03','2020-04-26 19:00:03'),(451,'2020-04-27',8.0,7.0,1.0,0.0,'2020-04-27 19:00:02','2020-04-27 19:00:02'),(452,'2020-04-28',7.0,6.5,0.0,0.5,'2020-04-28 19:00:03','2020-04-28 19:00:03'),(453,'2020-04-29',14.5,10.5,1.5,2.5,'2020-04-29 19:00:03','2020-04-29 19:00:03'),(454,'2020-04-30',0.5,0.0,0.5,0.0,'2020-04-30 19:00:02','2020-04-30 19:00:02'),(455,'2020-05-01',2.0,1.5,0.0,0.5,'2020-05-01 19:00:04','2020-05-01 19:00:04'),(456,'2020-05-02',0.0,0.0,0.0,0.0,'2020-05-02 19:00:03','2020-05-02 19:00:03'),(457,'2020-05-03',0.0,0.0,0.0,0.0,'2020-05-03 19:00:04','2020-05-03 19:00:04'),(458,'2020-05-04',10.5,9.0,1.5,0.0,'2020-05-04 19:00:04','2020-05-04 19:00:04'),(459,'2020-05-05',7.5,5.5,0.5,1.5,'2020-05-05 19:00:03','2020-05-05 19:00:03'),(460,'2020-05-06',10.0,5.5,3.0,1.5,'2020-05-06 19:00:04','2020-05-06 19:00:04'),(461,'2020-05-07',18.0,15.5,2.0,0.5,'2020-05-07 19:00:03','2020-05-07 19:00:03'),(462,'2020-05-08',1.5,0.0,1.5,0.0,'2020-05-08 19:00:03','2020-05-08 19:00:03'),(463,'2020-05-09',0.0,0.0,0.0,0.0,'2020-05-09 19:00:03','2020-05-09 19:00:03'),(464,'2020-05-10',0.0,0.0,0.0,0.0,'2020-05-10 19:00:03','2020-05-10 19:00:03'),(465,'2020-05-11',4.0,3.5,0.0,0.5,'2020-05-11 19:00:03','2020-05-11 19:00:03'),(466,'2020-05-12',4.5,2.0,0.5,2.0,'2020-05-12 19:00:03','2020-05-12 19:00:03'),(467,'2020-05-13',5.0,2.0,2.0,1.0,'2020-05-13 19:00:03','2020-05-13 19:00:03'),(468,'2020-05-14',6.0,4.5,0.0,1.5,'2020-05-14 19:00:03','2020-05-14 19:00:03'),(469,'2020-05-15',11.5,9.5,0.5,1.5,'2020-05-15 19:00:03','2020-05-15 19:00:03'),(470,'2020-05-16',0.0,0.0,0.0,0.0,'2020-05-16 19:00:03','2020-05-16 19:00:03'),(471,'2020-05-17',0.0,0.0,0.0,0.0,'2020-05-17 19:00:03','2020-05-17 19:00:03'),(472,'2020-05-18',6.0,4.5,0.0,1.5,'2020-05-18 19:00:03','2020-05-18 19:00:03'),(473,'2020-05-19',10.5,9.0,0.5,1.0,'2020-05-19 19:00:04','2020-05-19 19:00:04'),(474,'2020-05-20',14.0,11.5,2.0,0.5,'2020-05-20 19:00:03','2020-05-20 19:00:03'),(475,'2020-05-21',4.0,2.0,1.0,1.0,'2020-05-21 19:00:04','2020-05-21 19:00:04'),(476,'2020-05-22',2.5,2.0,0.5,0.0,'2020-05-22 19:00:03','2020-05-22 19:00:03'),(477,'2020-05-23',0.0,0.0,0.0,0.0,'2020-05-23 19:00:03','2020-05-23 19:00:03'),(478,'2020-05-24',0.0,0.0,0.0,0.0,'2020-05-24 19:00:03','2020-05-24 19:00:03'),(479,'2020-05-25',6.0,3.5,1.0,1.5,'2020-05-25 19:00:04','2020-05-25 19:00:04'),(480,'2020-05-26',5.5,3.0,0.5,2.0,'2020-05-26 19:00:05','2020-05-26 19:00:05'),(481,'2020-05-27',9.5,8.5,0.5,0.5,'2020-05-27 19:00:04','2020-05-27 19:00:04'),(482,'2020-05-28',6.5,3.0,0.5,3.0,'2020-05-28 19:00:04','2020-05-28 19:00:04'),(483,'2020-05-29',3.5,2.0,0.5,1.0,'2020-05-29 19:00:05','2020-05-29 19:00:05'),(484,'2020-05-30',0.0,0.0,0.0,0.0,'2020-05-30 19:00:04','2020-05-30 19:00:04'),(485,'2020-05-31',0.0,0.0,0.0,0.0,'2020-05-31 19:00:04','2020-05-31 19:00:04'),(486,'2020-06-01',5.0,2.5,0.0,2.5,'2020-06-01 19:00:04','2020-06-01 19:00:04'),(487,'2020-06-02',2.0,0.5,1.0,0.5,'2020-06-02 19:00:03','2020-06-02 19:00:03'),(488,'2020-06-03',7.0,3.5,1.0,2.5,'2020-06-03 19:00:04','2020-06-03 19:00:04'),(489,'2020-06-04',7.5,4.0,1.5,2.0,'2020-06-04 19:00:04','2020-06-04 19:00:04'),(490,'2020-06-05',9.5,8.0,0.5,1.0,'2020-06-05 19:00:03','2020-06-05 19:00:03'),(491,'2020-06-06',0.0,0.0,0.0,0.0,'2020-06-06 19:00:03','2020-06-06 19:00:03'),(492,'2020-06-07',0.0,0.0,0.0,0.0,'2020-06-07 19:00:04','2020-06-07 19:00:04'),(493,'2020-06-08',0.0,0.0,0.0,0.0,'2020-06-08 19:00:03','2020-06-08 19:00:03'),(494,'2020-06-09',4.5,1.5,1.5,1.5,'2020-06-09 19:00:04','2020-06-09 19:00:04'),(495,'2020-06-10',3.0,1.5,0.0,1.5,'2020-06-10 19:00:04','2020-06-10 19:00:04'),(496,'2020-06-11',6.5,2.5,2.5,1.5,'2020-06-11 19:00:04','2020-06-11 19:00:04'),(497,'2020-06-12',2.5,2.0,0.5,0.0,'2020-06-12 19:00:04','2020-06-12 19:00:04'),(498,'2020-06-13',0.0,0.0,0.0,0.0,'2020-06-13 19:00:06','2020-06-13 19:00:06'),(499,'2020-06-14',0.0,0.0,0.0,0.0,'2020-06-14 19:00:05','2020-06-14 19:00:05'),(500,'2020-06-15',5.5,2.5,0.5,2.5,'2020-06-15 19:00:04','2020-06-15 19:00:04'),(501,'2020-06-16',8.5,7.5,0.5,0.5,'2020-06-16 19:00:04','2020-06-16 19:00:04'),(502,'2020-06-17',15.5,14.0,1.5,0.0,'2020-06-17 19:00:04','2020-06-17 19:00:04'),(503,'2020-06-18',3.5,2.5,0.5,0.5,'2020-06-18 19:00:04','2020-06-18 19:00:04'),(504,'2020-06-19',6.0,3.5,1.0,1.5,'2020-06-19 19:00:04','2020-06-19 19:00:04'),(505,'2020-06-20',0.0,0.0,0.0,0.0,'2020-06-20 19:00:03','2020-06-20 19:00:03'),(506,'2020-06-21',0.0,0.0,0.0,0.0,'2020-06-21 19:00:04','2020-06-21 19:00:04'),(507,'2020-06-22',1.5,0.5,0.5,0.5,'2020-06-22 19:00:04','2020-06-22 19:00:04'),(508,'2020-06-23',3.0,2.5,0.0,0.5,'2020-06-23 19:00:04','2020-06-23 19:00:04'),(509,'2020-06-24',13.5,10.0,1.5,2.0,'2020-06-24 19:00:04','2020-06-24 19:00:04'),(510,'2020-06-25',2.5,1.0,0.5,1.0,'2020-06-25 19:00:06','2020-06-25 19:00:06'),(511,'2020-06-26',6.5,4.5,1.5,0.5,'2020-06-26 19:00:06','2020-06-26 19:00:06'),(512,'2020-06-27',0.0,0.0,0.0,0.0,'2020-06-27 19:00:04','2020-06-27 19:00:04'),(513,'2020-06-28',0.0,0.0,0.0,0.0,'2020-06-28 19:00:04','2020-06-28 19:00:04'),(514,'2020-06-29',3.0,2.5,0.0,0.5,'2020-06-29 19:00:04','2020-06-29 19:00:04'),(515,'2020-06-30',8.0,7.0,1.0,0.0,'2020-06-30 19:00:04','2020-06-30 19:00:04'),(516,'2020-07-01',2.0,1.0,0.0,1.0,'2020-07-01 19:00:03','2020-07-01 19:00:03'),(517,'2020-07-02',3.5,1.5,0.5,1.5,'2020-07-02 19:00:04','2020-07-02 19:00:04'),(518,'2020-07-03',14.5,12.0,0.5,2.0,'2020-07-03 19:00:04','2020-07-03 19:00:04'),(519,'2020-07-04',0.0,0.0,0.0,0.0,'2020-07-04 19:00:04','2020-07-04 19:00:04'),(520,'2020-07-05',0.0,0.0,0.0,0.0,'2020-07-05 19:00:04','2020-07-05 19:00:04'),(521,'2020-07-06',7.0,5.5,0.0,1.5,'2020-07-06 19:00:04','2020-07-06 19:00:04'),(522,'2020-07-07',26.5,25.5,0.5,0.5,'2020-07-07 19:00:04','2020-07-07 19:00:04'),(523,'2020-07-08',24.0,21.5,1.0,1.5,'2020-07-08 19:00:04','2020-07-08 19:00:04'),(524,'2020-07-09',9.0,6.5,2.0,0.5,'2020-07-09 19:00:04','2020-07-09 19:00:04'),(525,'2020-07-10',0.5,0.0,0.5,0.0,'2020-07-10 19:00:05','2020-07-10 19:00:05'),(526,'2020-07-11',13.5,13.0,0.5,0.0,'2020-07-11 19:00:04','2020-07-11 19:00:04'),(527,'2020-07-12',0.0,0.0,0.0,0.0,'2020-07-12 19:00:04','2020-07-12 19:00:04'),(528,'2020-07-13',7.0,6.5,0.0,0.5,'2020-07-13 19:00:04','2020-07-13 19:00:04'),(529,'2020-07-14',10.0,8.5,0.0,1.5,'2020-07-14 19:00:04','2020-07-14 19:00:04'),(530,'2020-07-15',12.0,11.0,0.0,1.0,'2020-07-15 19:00:06','2020-07-15 19:00:06'),(531,'2020-07-16',10.5,7.5,0.5,2.5,'2020-07-16 19:00:04','2020-07-16 19:00:04'),(532,'2020-07-17',2.0,1.5,0.0,0.5,'2020-07-17 19:00:04','2020-07-17 19:00:04'),(533,'2020-07-18',0.0,0.0,0.0,0.0,'2020-07-18 19:00:04','2020-07-18 19:00:04'),(534,'2020-07-19',0.0,0.0,0.0,0.0,'2020-07-19 19:00:05','2020-07-19 19:00:05'),(535,'2020-07-20',22.0,21.5,0.0,0.5,'2020-07-20 19:00:04','2020-07-20 19:00:04'),(536,'2020-07-21',5.8,5.3,0.5,0.0,'2020-07-21 19:00:04','2020-07-21 19:00:04'),(537,'2020-07-22',4.5,3.0,0.5,1.0,'2020-07-22 19:00:04','2020-07-22 19:00:04'),(538,'2020-07-23',3.0,3.0,0.0,0.0,'2020-07-23 19:00:06','2020-07-23 19:00:06'),(539,'2020-07-24',19.5,17.0,0.5,2.0,'2020-07-24 19:00:04','2020-07-24 19:00:04'),(540,'2020-07-25',0.0,0.0,0.0,0.0,'2020-07-25 19:00:04','2020-07-25 19:00:04'),(541,'2020-07-26',0.0,0.0,0.0,0.0,'2020-07-26 19:00:04','2020-07-26 19:00:04'),(542,'2020-07-27',23.0,22.5,0.0,0.5,'2020-07-27 19:00:04','2020-07-27 19:00:04'),(543,'2020-07-28',13.0,12.5,0.0,0.5,'2020-07-28 19:00:04','2020-07-28 19:00:04'),(544,'2020-07-29',1.5,0.5,0.5,0.5,'2020-07-29 19:00:04','2020-07-29 19:00:04'),(545,'2020-07-30',2.5,1.5,0.5,0.5,'2020-07-30 19:00:05','2020-07-30 19:00:05'),(546,'2020-07-31',4.5,4.0,0.5,0.0,'2020-07-31 19:00:04','2020-07-31 19:00:04'),(547,'2020-08-01',2.7,2.2,0.5,0.0,'2020-08-01 19:00:05','2020-08-01 19:00:05'),(548,'2020-08-02',0.0,0.0,0.0,0.0,'2020-08-02 19:00:05','2020-08-02 19:00:05'),(549,'2020-08-03',5.5,4.0,0.5,1.0,'2020-08-03 19:00:08','2020-08-03 19:00:08'),(550,'2020-08-04',3.0,3.0,0.0,0.0,'2020-08-04 19:00:03','2020-08-04 19:00:03'),(551,'2020-08-05',15.0,14.0,0.0,1.0,'2020-08-05 19:00:05','2020-08-05 19:00:05'),(552,'2020-08-06',7.0,6.0,0.0,1.0,'2020-08-06 19:00:04','2020-08-06 19:00:04'),(553,'2020-08-07',2.0,1.0,0.0,1.0,'2020-08-07 19:00:05','2020-08-07 19:00:05'),(554,'2020-08-08',5.0,4.5,0.0,0.5,'2020-08-08 19:00:04','2020-08-08 19:00:04'),(555,'2020-08-09',0.0,0.0,0.0,0.0,'2020-08-09 19:00:04','2020-08-09 19:00:04'),(556,'2020-08-10',0.0,0.0,0.0,0.0,'2020-08-10 19:00:05','2020-08-10 19:00:05'),(557,'2020-08-11',3.5,3.0,0.5,0.0,'2020-08-11 19:00:05','2020-08-11 19:00:05'),(558,'2020-08-12',16.5,16.0,0.5,0.0,'2020-08-12 19:00:05','2020-08-12 19:00:05'),(559,'2020-08-13',5.0,3.5,0.0,1.5,'2020-08-13 19:00:04','2020-08-13 19:00:04'),(560,'2020-08-14',2.5,2.0,0.5,0.0,'2020-08-14 19:00:04','2020-08-14 19:00:04'),(561,'2020-08-15',0.0,0.0,0.0,0.0,'2020-08-15 19:00:04','2020-08-15 19:00:04'),(562,'2020-08-16',0.0,0.0,0.0,0.0,'2020-08-16 19:00:04','2020-08-16 19:00:04'),(563,'2020-08-17',3.5,3.0,0.5,0.0,'2020-08-17 19:00:04','2020-08-17 19:00:04'),(564,'2020-08-18',11.0,10.0,0.0,1.0,'2020-08-18 19:00:07','2020-08-18 19:00:07'),(565,'2020-08-19',5.0,4.0,0.0,1.0,'2020-08-19 19:00:05','2020-08-19 19:00:05'),(566,'2020-08-20',3.0,3.0,0.0,0.0,'2020-08-20 19:00:06','2020-08-20 19:00:06'),(567,'2020-08-21',10.5,8.0,0.5,2.0,'2020-08-21 19:00:05','2020-08-21 19:00:05'),(568,'2020-08-22',0.0,0.0,0.0,0.0,'2020-08-22 19:00:05','2020-08-22 19:00:05'),(569,'2020-08-23',0.0,0.0,0.0,0.0,'2020-08-23 19:00:05','2020-08-23 19:00:05'),(570,'2020-08-24',5.0,4.5,0.0,0.5,'2020-08-24 19:00:05','2020-08-24 19:00:05'),(571,'2020-08-25',16.0,16.0,0.0,0.0,'2020-08-25 19:00:05','2020-08-25 19:00:05'),(572,'2020-08-26',6.0,5.5,0.0,0.5,'2020-08-26 19:00:09','2020-08-26 19:00:09'),(573,'2020-08-27',3.0,2.5,0.0,0.5,'2020-08-27 19:00:05','2020-08-27 19:00:05'),(574,'2020-08-28',3.0,3.0,0.0,0.0,'2020-08-28 19:00:05','2020-08-28 19:00:05'),(575,'2020-08-29',0.0,0.0,0.0,0.0,'2020-08-29 19:00:04','2020-08-29 19:00:04'),(576,'2020-08-30',0.0,0.0,0.0,0.0,'2020-08-30 19:00:05','2020-08-30 19:00:05'),(577,'2020-08-31',15.0,14.0,0.0,1.0,'2020-08-31 19:00:06','2020-08-31 19:00:06'),(578,'2020-09-01',11.0,10.5,0.0,0.5,'2020-09-01 19:00:05','2020-09-01 19:00:05'),(579,'2020-09-02',6.0,5.5,0.5,0.0,'2020-09-02 19:00:05','2020-09-02 19:00:05'),(580,'2020-09-03',31.0,30.5,0.0,0.5,'2020-09-03 19:00:06','2020-09-03 19:00:06'),(581,'2020-09-04',9.0,8.5,0.0,0.5,'2020-09-04 19:00:07','2020-09-04 19:00:07'),(582,'2020-09-05',0.0,0.0,0.0,0.0,'2020-09-05 19:00:06','2020-09-05 19:00:06'),(583,'2020-09-06',0.0,0.0,0.0,0.0,'2020-09-06 19:00:05','2020-09-06 19:00:05'),(584,'2020-09-07',8.0,7.0,0.0,1.0,'2020-09-07 19:00:06','2020-09-07 19:00:06'),(585,'2020-09-08',19.5,18.0,0.5,1.0,'2020-09-08 19:00:05','2020-09-08 19:00:05'),(586,'2020-09-09',19.0,17.0,1.0,1.0,'2020-09-09 19:00:05','2020-09-09 19:00:05'),(587,'2020-09-10',4.0,3.0,1.0,0.0,'2020-09-10 19:00:05','2020-09-10 19:00:05'),(588,'2020-09-11',18.5,18.0,0.5,0.0,'2020-09-11 19:00:04','2020-09-11 19:00:04'),(589,'2020-09-12',0.0,0.0,0.0,0.0,'2020-09-12 19:00:05','2020-09-12 19:00:05'),(590,'2020-09-13',0.0,0.0,0.0,0.0,'2020-09-13 19:00:05','2020-09-13 19:00:05'),(591,'2020-09-14',0.0,0.0,0.0,0.0,'2020-09-14 19:00:04','2020-09-14 19:00:04'),(592,'2020-09-15',19.5,19.0,0.5,0.0,'2020-09-15 19:00:06','2020-09-15 19:00:06'),(593,'2020-09-16',7.5,7.0,0.5,0.0,'2020-09-16 19:00:06','2020-09-16 19:00:06'),(594,'2020-09-17',8.0,7.0,1.0,0.0,'2020-09-17 19:00:05','2020-09-17 19:00:05'),(595,'2020-09-18',2.0,2.0,0.0,0.0,'2020-09-18 19:00:06','2020-09-18 19:00:06'),(596,'2020-09-19',0.0,0.0,0.0,0.0,'2020-09-19 19:00:05','2020-09-19 19:00:05'),(597,'2020-09-20',0.0,0.0,0.0,0.0,'2020-09-20 19:00:06','2020-09-20 19:00:06'),(598,'2020-09-21',0.0,0.0,0.0,0.0,'2020-09-21 19:00:05','2020-09-21 19:00:05'),(599,'2020-09-22',15.0,13.5,1.0,0.5,'2020-09-22 19:00:05','2020-09-22 19:00:05'),(600,'2020-09-23',4.0,4.0,0.0,0.0,'2020-09-23 19:00:05','2020-09-23 19:00:05'),(601,'2020-09-24',7.5,6.0,0.5,1.0,'2020-09-24 19:00:06','2020-09-24 19:00:06'),(602,'2020-09-25',4.0,4.0,0.0,0.0,'2020-09-25 19:00:05','2020-09-25 19:00:05'),(603,'2020-09-26',0.0,0.0,0.0,0.0,'2020-09-26 19:00:06','2020-09-26 19:00:06'),(604,'2020-09-27',0.0,0.0,0.0,0.0,'2020-09-27 19:00:06','2020-09-27 19:00:06'),(605,'2020-09-28',28.0,26.5,0.0,1.5,'2020-09-28 19:00:05','2020-09-28 19:00:05'),(606,'2020-09-29',12.5,11.0,0.5,1.0,'2020-09-29 19:00:06','2020-09-29 19:00:06'),(607,'2020-09-30',11.0,10.5,0.0,0.5,'2020-09-30 19:00:06','2020-09-30 19:00:06'),(608,'2020-10-01',3.0,1.5,1.0,0.5,'2020-10-01 19:00:05','2020-10-01 19:00:05'),(609,'2020-10-02',10.0,10.0,0.0,0.0,'2020-10-02 19:00:05','2020-10-02 19:00:05'),(610,'2020-10-03',0.0,0.0,0.0,0.0,'2020-10-03 19:00:05','2020-10-03 19:00:05'),(611,'2020-10-04',0.0,0.0,0.0,0.0,'2020-10-04 19:00:05','2020-10-04 19:00:05'),(612,'2020-10-05',5.5,5.0,0.5,0.0,'2020-10-05 19:00:05','2020-10-05 19:00:05'),(613,'2020-10-06',11.0,11.0,0.0,0.0,'2020-10-06 19:00:06','2020-10-06 19:00:06'),(614,'2020-10-07',0.5,0.0,0.5,0.0,'2020-10-07 19:00:05','2020-10-07 19:00:05'),(615,'2020-10-08',8.0,7.0,1.0,0.0,'2020-10-08 19:00:06','2020-10-08 19:00:06'),(616,'2020-10-09',6.5,6.0,0.5,0.0,'2020-10-09 19:00:06','2020-10-09 19:00:06'),(617,'2020-10-10',9.0,8.0,0.0,1.0,'2020-10-10 19:00:06','2020-10-10 19:00:06'),(618,'2020-10-11',0.0,0.0,0.0,0.0,'2020-10-11 19:00:05','2020-10-11 19:00:05'),(619,'2020-10-12',4.0,2.0,0.0,2.0,'2020-10-12 19:00:06','2020-10-12 19:00:06'),(620,'2020-10-13',4.0,3.0,0.0,1.0,'2020-10-13 19:00:07','2020-10-13 19:00:07'),(621,'2020-10-14',25.0,24.0,1.0,0.0,'2020-10-14 19:00:06','2020-10-14 19:00:06'),(622,'2020-10-15',5.0,4.5,0.0,0.5,'2020-10-15 19:00:06','2020-10-15 19:00:06'),(623,'2020-10-16',1.0,1.0,0.0,0.0,'2020-10-16 19:00:06','2020-10-16 19:00:06'),(624,'2020-10-17',0.0,0.0,0.0,0.0,'2020-10-17 19:00:06','2020-10-17 19:00:06'),(625,'2020-10-18',0.0,0.0,0.0,0.0,'2020-10-18 19:00:07','2020-10-18 19:00:07'),(626,'2020-10-19',15.0,14.5,0.0,0.5,'2020-10-19 19:00:07','2020-10-19 19:00:07'),(627,'2020-10-20',3.0,2.5,0.0,0.5,'2020-10-20 19:00:08','2020-10-20 19:00:08'),(628,'2020-10-21',4.5,4.0,0.5,0.0,'2020-10-21 19:00:06','2020-10-21 19:00:06'),(629,'2020-10-22',3.0,1.5,0.0,1.5,'2020-10-22 19:00:07','2020-10-22 19:00:07'),(630,'2020-10-23',0.0,0.0,0.0,0.0,'2020-10-23 19:00:08','2020-10-23 19:00:08'),(631,'2020-10-24',0.0,0.0,0.0,0.0,'2020-10-24 19:00:06','2020-10-24 19:00:06'),(632,'2020-10-25',0.0,0.0,0.0,0.0,'2020-10-25 19:00:07','2020-10-25 19:00:07'),(633,'2020-10-26',22.5,19.0,1.5,2.0,'2020-10-26 19:00:07','2020-10-26 19:00:07'),(634,'2020-10-27',3.0,1.5,0.0,1.5,'2020-10-27 19:00:06','2020-10-27 19:00:06'),(635,'2020-10-28',21.5,19.5,0.0,2.0,'2020-10-28 19:00:08','2020-10-28 19:00:08'),(636,'2020-10-29',5.0,4.5,0.0,0.5,'2020-10-29 19:00:06','2020-10-29 19:00:06'),(637,'2020-10-30',30.0,27.0,1.0,2.0,'2020-10-30 19:00:06','2020-10-30 19:00:06'),(638,'2020-10-31',15.0,14.5,0.0,0.5,'2020-10-31 19:00:06','2020-10-31 19:00:06'),(639,'2020-11-01',0.0,0.0,0.0,0.0,'2020-11-01 19:00:07','2020-11-01 19:00:07'),(640,'2020-11-02',4.0,4.0,0.0,0.0,'2020-11-02 19:00:06','2020-11-02 19:00:06'),(641,'2020-11-03',0.0,0.0,0.0,0.0,'2020-11-03 19:00:07','2020-11-03 19:00:07'),(642,'2020-11-04',6.5,6.0,0.5,0.0,'2020-11-04 19:00:07','2020-11-04 19:00:07'),(643,'2020-11-05',5.0,4.5,0.0,0.5,'2020-11-05 19:00:11','2020-11-05 19:00:11'),(644,'2020-11-06',12.0,11.5,0.0,0.5,'2020-11-06 19:00:05','2020-11-06 19:00:05'),(645,'2020-11-07',0.0,0.0,0.0,0.0,'2020-11-07 19:00:06','2020-11-07 19:00:06'),(646,'2020-11-08',0.0,0.0,0.0,0.0,'2020-11-08 19:00:07','2020-11-08 19:00:07'),(647,'2020-11-09',12.0,11.5,0.0,0.5,'2020-11-09 19:00:06','2020-11-09 19:00:06'),(648,'2020-11-10',12.3,11.8,0.0,0.5,'2020-11-10 19:00:06','2020-11-10 19:00:06'),(649,'2020-11-11',1.0,1.0,0.0,0.0,'2020-11-11 19:00:06','2020-11-11 19:00:06'),(650,'2020-11-12',8.0,8.0,0.0,0.0,'2020-11-12 19:00:06','2020-11-12 19:00:06'),(651,'2020-11-13',7.0,7.0,0.0,0.0,'2020-11-13 19:00:07','2020-11-13 19:00:07'),(652,'2020-11-14',0.0,0.0,0.0,0.0,'2020-11-14 19:00:06','2020-11-14 19:00:06'),(653,'2020-11-15',0.0,0.0,0.0,0.0,'2020-11-15 19:00:07','2020-11-15 19:00:07'),(654,'2020-11-16',21.0,20.5,0.0,0.5,'2020-11-16 19:00:06','2020-11-16 19:00:06'),(655,'2020-11-17',3.5,1.5,0.5,1.5,'2020-11-17 19:00:07','2020-11-17 19:00:07'),(656,'2020-11-18',16.5,15.5,0.5,0.5,'2020-11-18 19:00:06','2020-11-18 19:00:06'),(657,'2020-11-19',18.0,15.5,0.0,2.5,'2020-11-19 19:00:06','2020-11-19 19:00:06'),(658,'2020-11-20',5.5,4.0,0.5,1.0,'2020-11-20 19:00:07','2020-11-20 19:00:07'),(659,'2020-11-21',0.0,0.0,0.0,0.0,'2020-11-21 19:00:07','2020-11-21 19:00:07'),(660,'2020-11-22',0.0,0.0,0.0,0.0,'2020-11-22 19:00:06','2020-11-22 19:00:06'),(661,'2020-11-23',8.5,7.5,0.5,0.5,'2020-11-23 19:00:07','2020-11-23 19:00:07'),(662,'2020-11-24',6.0,5.0,0.0,1.0,'2020-11-24 19:00:06','2020-11-24 19:00:06'),(663,'2020-11-25',3.0,2.0,0.0,1.0,'2020-11-25 19:00:06','2020-11-25 19:00:06'),(664,'2020-11-26',15.0,14.5,0.0,0.5,'2020-11-26 19:00:06','2020-11-26 19:00:06'),(665,'2020-11-27',30.5,29.5,0.5,0.5,'2020-11-27 19:00:06','2020-11-27 19:00:06'),(666,'2020-11-28',0.0,0.0,0.0,0.0,'2020-11-28 19:00:07','2020-11-28 19:00:07'),(667,'2020-11-29',0.0,0.0,0.0,0.0,'2020-11-29 19:00:06','2020-11-29 19:00:06'),(668,'2020-11-30',10.5,10.0,0.5,0.0,'2020-11-30 19:00:06','2020-11-30 19:00:06'),(669,'2020-12-01',5.0,3.5,1.0,0.5,'2020-12-01 19:00:06','2020-12-01 19:00:06'),(670,'2020-12-02',2.0,2.0,0.0,0.0,'2020-12-02 19:00:07','2020-12-02 19:00:07'),(671,'2020-12-03',9.0,9.0,0.0,0.0,'2020-12-03 19:00:06','2020-12-03 19:00:06'),(672,'2020-12-04',9.5,7.0,1.5,1.0,'2020-12-04 19:00:06','2020-12-04 19:00:06'),(673,'2020-12-05',1.0,0.5,0.0,0.5,'2020-12-05 19:00:06','2020-12-05 19:00:06'),(674,'2020-12-06',0.0,0.0,0.0,0.0,'2020-12-06 19:00:07','2020-12-06 19:00:07'),(675,'2020-12-07',20.0,20.0,0.0,0.0,'2020-12-07 19:00:07','2020-12-07 19:00:07'),(676,'2020-12-08',2.0,1.5,0.0,0.5,'2020-12-08 19:00:06','2020-12-08 19:00:06'),(677,'2020-12-09',1.0,0.5,0.0,0.5,'2020-12-09 19:00:10','2020-12-09 19:00:10'),(678,'2020-12-10',39.5,38.0,0.5,1.0,'2020-12-10 19:00:08','2020-12-10 19:00:08'),(679,'2020-12-11',25.5,25.0,0.5,0.0,'2020-12-11 19:00:07','2020-12-11 19:00:07'),(680,'2020-12-12',0.0,0.0,0.0,0.0,'2020-12-12 19:00:06','2020-12-12 19:00:06'),(681,'2020-12-13',0.0,0.0,0.0,0.0,'2020-12-13 19:00:06','2020-12-13 19:00:06'),(682,'2020-12-14',10.5,9.5,0.5,0.5,'2020-12-14 19:00:06','2020-12-14 19:00:06'),(683,'2020-12-15',10.0,10.0,0.0,0.0,'2020-12-15 19:00:08','2020-12-15 19:00:08'),(684,'2020-12-16',3.0,2.5,0.0,0.5,'2020-12-16 19:00:05','2020-12-16 19:00:05'),(685,'2020-12-17',5.0,3.5,0.0,1.5,'2020-12-17 19:00:06','2020-12-17 19:00:06'),(686,'2020-12-18',7.5,6.0,0.5,1.0,'2020-12-18 19:00:06','2020-12-18 19:00:06'),(687,'2020-12-19',0.0,0.0,0.0,0.0,'2020-12-19 19:00:05','2020-12-19 19:00:05'),(688,'2020-12-20',0.0,0.0,0.0,0.0,'2020-12-20 19:00:06','2020-12-20 19:00:06'),(689,'2020-12-21',0.0,0.0,0.0,0.0,'2020-12-21 19:00:06','2020-12-21 19:00:06'),(690,'2020-12-22',0.0,0.0,0.0,0.0,'2020-12-22 19:00:06','2020-12-22 19:00:06'),(691,'2020-12-23',0.0,0.0,0.0,0.0,'2020-12-23 19:00:06','2020-12-23 19:00:06'),(692,'2020-12-24',0.0,0.0,0.0,0.0,'2020-12-24 19:00:06','2020-12-24 19:00:06'),(693,'2020-12-25',0.0,0.0,0.0,0.0,'2020-12-25 19:00:06','2020-12-25 19:00:06'),(694,'2020-12-26',0.0,0.0,0.0,0.0,'2020-12-26 19:00:06','2020-12-26 19:00:06'),(695,'2020-12-27',0.0,0.0,0.0,0.0,'2020-12-27 19:00:06','2020-12-27 19:00:06'),(696,'2020-12-28',0.0,0.0,0.0,0.0,'2020-12-28 19:00:07','2020-12-28 19:00:07'),(697,'2020-12-29',0.0,0.0,0.0,0.0,'2020-12-29 19:00:07','2020-12-29 19:00:07'),(698,'2020-12-30',0.0,0.0,0.0,0.0,'2020-12-30 19:00:06','2020-12-30 19:00:06'),(699,'2020-12-31',0.0,0.0,0.0,0.0,'2020-12-31 19:00:07','2020-12-31 19:00:07'),(700,'2021-01-01',0.0,0.0,0.0,0.0,'2021-01-01 19:00:07','2021-01-01 19:00:07'),(701,'2021-01-02',0.0,0.0,0.0,0.0,'2021-01-02 19:00:07','2021-01-02 19:00:07'),(702,'2021-01-03',0.0,0.0,0.0,0.0,'2021-01-03 19:00:10','2021-01-03 19:00:10'),(703,'2021-01-04',0.0,0.0,0.0,0.0,'2021-01-04 19:00:06','2021-01-04 19:00:06'),(704,'2021-01-05',0.0,0.0,0.0,0.0,'2021-01-05 19:00:06','2021-01-05 19:00:06'),(705,'2021-01-06',0.0,0.0,0.0,0.0,'2021-01-06 19:00:06','2021-01-06 19:00:06'),(706,'2021-01-07',0.0,0.0,0.0,0.0,'2021-01-07 19:00:06','2021-01-07 19:00:06'),(707,'2021-01-08',0.0,0.0,0.0,0.0,'2021-01-08 19:00:05','2021-01-08 19:00:05'),(708,'2021-01-09',0.0,0.0,0.0,0.0,'2021-01-09 19:00:07','2021-01-09 19:00:07'),(709,'2021-01-10',0.0,0.0,0.0,0.0,'2021-01-10 19:00:06','2021-01-10 19:00:06'),(710,'2021-01-11',1.0,0.0,1.0,0.0,'2021-01-11 19:00:06','2021-01-11 19:00:06'),(711,'2021-01-12',14.0,14.0,0.0,0.0,'2021-01-12 19:00:06','2021-01-12 19:00:06'),(712,'2021-01-13',9.0,9.0,0.0,0.0,'2021-01-13 19:00:06','2021-01-13 19:00:06'),(713,'2021-01-14',2.0,2.0,0.0,0.0,'2021-01-14 19:00:06','2021-01-14 19:00:06'),(714,'2021-01-15',6.0,6.0,0.0,0.0,'2021-01-15 19:00:07','2021-01-15 19:00:07'),(715,'2021-01-16',0.0,0.0,0.0,0.0,'2021-01-16 19:00:06','2021-01-16 19:00:06'),(716,'2021-01-17',0.0,0.0,0.0,0.0,'2021-01-17 19:00:05','2021-01-17 19:00:05'),(717,'2021-01-18',4.0,4.0,0.0,0.0,'2021-01-18 19:00:06','2021-01-18 19:00:06'),(718,'2021-01-19',4.0,4.0,0.0,0.0,'2021-01-19 19:00:06','2021-01-19 19:00:06'),(719,'2021-01-20',13.0,13.0,0.0,0.0,'2021-01-20 19:00:06','2021-01-20 19:00:06'),(720,'2021-01-21',6.0,5.0,0.0,1.0,'2021-01-21 19:00:05','2021-01-21 19:00:05'),(721,'2021-01-22',5.0,5.0,0.0,0.0,'2021-01-22 19:00:06','2021-01-22 19:00:06'),(722,'2021-01-23',0.0,0.0,0.0,0.0,'2021-01-23 19:00:06','2021-01-23 19:00:06'),(723,'2021-01-24',0.0,0.0,0.0,0.0,'2021-01-24 19:00:07','2021-01-24 19:00:07'),(724,'2021-01-25',0.0,0.0,0.0,0.0,'2021-01-25 19:00:06','2021-01-25 19:00:06'),(725,'2021-01-26',0.0,0.0,0.0,0.0,'2021-01-26 19:00:06','2021-01-26 19:00:06'),(726,'2021-01-27',7.0,6.5,0.0,0.5,'2021-01-27 19:00:06','2021-01-27 19:00:06'),(727,'2021-01-28',0.0,0.0,0.0,0.0,'2021-01-28 19:00:06','2021-01-28 19:00:06'),(728,'2021-01-29',7.0,6.0,0.0,1.0,'2021-01-29 19:00:06','2021-01-29 19:00:06'),(729,'2021-01-30',0.0,0.0,0.0,0.0,'2021-01-30 19:00:07','2021-01-30 19:00:07'),(730,'2021-01-31',0.0,0.0,0.0,0.0,'2021-01-31 19:00:06','2021-01-31 19:00:06'),(731,'2021-02-01',7.0,6.0,0.0,1.0,'2021-02-01 19:00:10','2021-02-01 19:00:10'),(732,'2021-02-02',7.0,7.0,0.0,0.0,'2021-02-02 19:00:07','2021-02-02 19:00:07'),(733,'2021-02-03',1.0,0.5,0.0,0.5,'2021-02-03 19:00:07','2021-02-03 19:00:07'),(734,'2021-02-04',7.0,5.5,1.0,0.5,'2021-02-04 19:00:09','2021-02-04 19:00:09'),(735,'2021-02-05',9.0,8.5,0.0,0.5,'2021-02-05 19:00:11','2021-02-05 19:00:11'),(736,'2021-02-06',0.0,0.0,0.0,0.0,'2021-02-06 19:00:09','2021-02-06 19:00:09'),(737,'2021-02-07',0.0,0.0,0.0,0.0,'2021-02-07 19:00:07','2021-02-07 19:00:07'),(738,'2021-02-08',8.5,7.5,0.5,0.5,'2021-02-08 19:00:06','2021-02-08 19:00:06'),(739,'2021-02-09',15.0,14.5,0.0,0.5,'2021-02-09 19:00:09','2021-02-09 19:00:09'),(740,'2021-02-10',12.0,11.5,0.0,0.5,'2021-02-10 19:00:07','2021-02-10 19:00:07'),(741,'2021-02-11',11.0,10.5,0.0,0.5,'2021-02-11 19:00:06','2021-02-11 19:00:06'),(742,'2021-02-12',1.5,0.5,0.5,0.5,'2021-02-12 19:00:06','2021-02-12 19:00:06'),(743,'2021-02-13',0.0,0.0,0.0,0.0,'2021-02-13 19:00:07','2021-02-13 19:00:07'),(744,'2021-02-14',0.0,0.0,0.0,0.0,'2021-02-14 19:00:09','2021-02-14 19:00:09'),(745,'2021-02-15',0.0,0.0,0.0,0.0,'2021-02-15 19:00:06','2021-02-15 19:00:06'),(746,'2021-02-16',13.0,13.0,0.0,0.0,'2021-02-16 19:00:08','2021-02-16 19:00:08'),(747,'2021-02-17',0.0,0.0,0.0,0.0,'2021-02-17 19:00:08','2021-02-17 19:00:08'),(748,'2021-02-18',17.0,16.0,0.0,1.0,'2021-02-18 19:00:08','2021-02-18 19:00:08'),(749,'2021-02-19',7.0,5.0,0.0,2.0,'2021-02-19 19:00:06','2021-02-19 19:00:06'),(750,'2021-02-20',0.0,0.0,0.0,0.0,'2021-02-20 19:00:06','2021-02-20 19:00:06'),(751,'2021-02-21',0.0,0.0,0.0,0.0,'2021-02-21 19:00:07','2021-02-21 19:00:07'),(752,'2021-02-22',2.0,1.5,0.0,0.5,'2021-02-22 19:00:07','2021-02-22 19:00:07'),(753,'2021-02-23',2.0,1.5,0.0,0.5,'2021-02-23 19:00:08','2021-02-23 19:00:08'),(754,'2021-02-24',16.5,15.5,0.5,0.5,'2021-02-24 19:00:08','2021-02-24 19:00:08'),(755,'2021-02-25',9.0,9.0,0.0,0.0,'2021-02-25 19:00:08','2021-02-25 19:00:08'),(756,'2021-02-26',2.0,1.0,0.0,1.0,'2021-02-26 19:00:07','2021-02-26 19:00:07'),(757,'2021-02-27',0.0,0.0,0.0,0.0,'2021-02-27 19:00:07','2021-02-27 19:00:07'),(758,'2021-02-28',0.0,0.0,0.0,0.0,'2021-02-28 19:00:07','2021-02-28 19:00:07'),(759,'2021-03-01',7.0,6.5,0.0,0.5,'2021-03-01 19:00:07','2021-03-01 19:00:07'),(760,'2021-03-02',11.5,10.0,0.5,1.0,'2021-03-02 19:00:08','2021-03-02 19:00:08'),(761,'2021-03-03',8.0,8.0,0.0,0.0,'2021-03-03 19:00:07','2021-03-03 19:00:07'),(762,'2021-03-04',12.0,12.0,0.0,0.0,'2021-03-04 19:00:07','2021-03-04 19:00:07'),(763,'2021-03-05',7.5,6.0,0.5,1.0,'2021-03-05 19:00:07','2021-03-05 19:00:07'),(764,'2021-03-06',0.0,0.0,0.0,0.0,'2021-03-06 19:00:07','2021-03-06 19:00:07'),(765,'2021-03-07',0.0,0.0,0.0,0.0,'2021-03-07 19:00:10','2021-03-07 19:00:10'),(766,'2021-03-08',0.0,0.0,0.0,0.0,'2021-03-08 19:00:08','2021-03-08 19:00:08'),(767,'2021-03-09',19.0,18.0,0.0,1.0,'2021-03-09 19:00:07','2021-03-09 19:00:07'),(768,'2021-03-10',0.0,0.0,0.0,0.0,'2021-03-10 19:00:09','2021-03-10 19:00:09'),(769,'2021-03-11',10.0,9.5,0.0,0.5,'2021-03-11 19:00:14','2021-03-11 19:00:14'),(770,'2021-03-12',2.0,2.0,0.0,0.0,'2021-03-12 19:00:09','2021-03-12 19:00:09'),(771,'2021-03-13',0.0,0.0,0.0,0.0,'2021-03-13 19:00:09','2021-03-13 19:00:09'),(772,'2021-03-14',0.0,0.0,0.0,0.0,'2021-03-14 19:00:11','2021-03-14 19:00:11'),(773,'2021-03-15',1.0,0.5,0.0,0.5,'2021-03-15 19:00:08','2021-03-15 19:00:08'),(774,'2021-03-16',43.5,42.5,0.5,0.5,'2021-03-16 19:00:08','2021-03-16 19:00:08'),(775,'2021-03-17',4.5,3.5,0.5,0.5,'2021-03-17 19:00:08','2021-03-17 19:00:08'),(776,'2021-03-18',10.5,9.5,0.5,0.5,'2021-03-18 19:00:08','2021-03-18 19:00:08'),(777,'2021-03-19',8.0,5.0,2.0,1.0,'2021-03-19 19:00:07','2021-03-19 19:00:07'),(778,'2021-03-20',0.0,0.0,0.0,0.0,'2021-03-20 19:00:08','2021-03-20 19:00:08'),(779,'2021-03-21',0.0,0.0,0.0,0.0,'2021-03-21 19:00:08','2021-03-21 19:00:08'),(780,'2021-03-22',13.5,12.5,0.5,0.5,'2021-03-22 19:00:09','2021-03-22 19:00:09'),(781,'2021-03-23',8.0,8.0,0.0,0.0,'2021-03-23 19:00:14','2021-03-23 19:00:14'),(782,'2021-03-24',9.5,7.0,0.5,2.0,'2021-03-24 19:00:08','2021-03-24 19:00:08'),(783,'2021-03-25',1.5,0.5,0.5,0.5,'2021-03-25 19:00:08','2021-03-25 19:00:08'),(784,'2021-03-26',2.0,2.0,0.0,0.0,'2021-03-26 19:00:07','2021-03-26 19:00:07'),(785,'2021-03-27',19.0,19.0,0.0,0.0,'2021-03-27 19:00:08','2021-03-27 19:00:08'),(786,'2021-03-28',0.0,0.0,0.0,0.0,'2021-03-28 19:00:07','2021-03-28 19:00:07'),(787,'2021-03-29',5.0,3.5,0.0,1.5,'2021-03-29 19:00:11','2021-03-29 19:00:11'),(788,'2021-03-30',3.0,2.5,0.0,0.5,'2021-03-30 19:00:08','2021-03-30 19:00:08'),(789,'2021-03-31',2.0,1.5,0.0,0.5,'2021-03-31 19:00:11','2021-03-31 19:00:11'),(790,'2021-04-01',11.0,10.0,0.0,1.0,'2021-04-01 19:00:09','2021-04-01 19:00:09'),(791,'2021-04-02',0.0,0.0,0.0,0.0,'2021-04-02 19:00:10','2021-04-02 19:00:10'),(792,'2021-04-03',0.0,0.0,0.0,0.0,'2021-04-03 19:00:09','2021-04-03 19:00:09'),(793,'2021-04-04',0.0,0.0,0.0,0.0,'2021-04-04 19:00:08','2021-04-04 19:00:08'),(794,'2021-04-05',0.0,0.0,0.0,0.0,'2021-04-05 19:00:07','2021-04-05 19:00:07'),(795,'2021-04-06',13.5,12.5,0.5,0.5,'2021-04-06 19:00:08','2021-04-06 19:00:08'),(796,'2021-04-07',5.0,3.5,0.0,1.5,'2021-04-07 19:00:07','2021-04-07 19:00:07'),(797,'2021-04-08',0.0,0.0,0.0,0.0,'2021-04-08 19:00:07','2021-04-08 19:00:07'),(798,'2021-04-09',0.0,0.0,0.0,0.0,'2021-04-09 19:00:09','2021-04-09 19:00:09'),(799,'2021-04-10',0.0,0.0,0.0,0.0,'2021-04-10 19:00:10','2021-04-10 19:00:10'),(800,'2021-04-11',0.0,0.0,0.0,0.0,'2021-04-11 19:00:07','2021-04-11 19:00:07'),(801,'2021-04-12',13.5,12.5,0.5,0.5,'2021-04-12 19:00:12','2021-04-12 19:00:12'),(802,'2021-04-13',1.5,0.5,0.5,0.5,'2021-04-13 19:00:09','2021-04-13 19:00:09'),(803,'2021-04-14',4.0,1.0,2.0,1.0,'2021-04-14 19:00:09','2021-04-14 19:00:09'),(804,'2021-04-15',3.5,2.5,0.5,0.5,'2021-04-15 19:00:07','2021-04-15 19:00:07'),(805,'2021-04-16',5.0,5.0,0.0,0.0,'2021-04-16 19:00:10','2021-04-16 19:00:10'),(806,'2021-04-17',2.0,2.0,0.0,0.0,'2021-04-17 19:00:09','2021-04-17 19:00:09'),(807,'2021-04-18',0.0,0.0,0.0,0.0,'2021-04-18 19:00:10','2021-04-18 19:00:10'),(808,'2021-04-19',4.5,3.5,0.5,0.5,'2021-04-19 19:00:08','2021-04-19 19:00:08'),(809,'2021-04-20',4.0,2.5,1.0,0.5,'2021-04-20 19:00:09','2021-04-20 19:00:09'),(810,'2021-04-21',1.0,0.5,0.0,0.5,'2021-04-21 19:00:08','2021-04-21 19:00:08'),(811,'2021-04-22',9.0,8.0,1.0,0.0,'2021-04-22 19:00:09','2021-04-22 19:00:09'),(812,'2021-04-23',0.5,0.0,0.5,0.0,'2021-04-23 19:00:11','2021-04-23 19:00:11'),(813,'2021-04-24',0.0,0.0,0.0,0.0,'2021-04-24 19:00:08','2021-04-24 19:00:08'),(814,'2021-04-25',0.0,0.0,0.0,0.0,'2021-04-25 19:00:07','2021-04-25 19:00:07'),(815,'2021-04-26',4.0,1.0,2.0,1.0,'2021-04-26 19:00:09','2021-04-26 19:00:09'),(816,'2021-04-27',6.0,5.5,0.0,0.5,'2021-04-27 19:00:08','2021-04-27 19:00:08'),(817,'2021-04-28',25.5,22.5,1.5,1.5,'2021-04-28 19:00:13','2021-04-28 19:00:13'),(818,'2021-04-29',7.0,4.5,1.0,1.5,'2021-04-29 19:00:09','2021-04-29 19:00:09'),(819,'2021-04-30',4.0,3.5,0.0,0.5,'2021-04-30 19:00:08','2021-04-30 19:00:08'),(820,'2021-05-01',0.0,0.0,0.0,0.0,'2021-05-01 19:00:10','2021-05-01 19:00:10'),(821,'2021-05-02',0.0,0.0,0.0,0.0,'2021-05-02 19:00:10','2021-05-02 19:00:10'),(822,'2021-05-03',3.0,3.0,0.0,0.0,'2021-05-03 19:00:09','2021-05-03 19:00:09'),(823,'2021-05-04',7.0,6.5,0.0,0.5,'2021-05-04 19:00:09','2021-05-04 19:00:09'),(824,'2021-05-05',3.0,2.0,0.0,1.0,'2021-05-05 19:00:11','2021-05-05 19:00:11'),(825,'2021-05-06',14.0,14.0,0.0,0.0,'2021-05-06 19:00:08','2021-05-06 19:00:08'),(826,'2021-05-07',6.5,6.0,0.5,0.0,'2021-05-07 19:00:08','2021-05-07 19:00:08'),(827,'2021-05-08',0.0,0.0,0.0,0.0,'2021-05-08 19:00:08','2021-05-08 19:00:08'),(828,'2021-05-09',0.0,0.0,0.0,0.0,'2021-05-09 19:00:09','2021-05-09 19:00:09'),(829,'2021-05-10',4.0,4.0,0.0,0.0,'2021-05-10 19:00:08','2021-05-10 19:00:08'),(830,'2021-05-11',12.0,12.0,0.0,0.0,'2021-05-11 19:00:09','2021-05-11 19:00:09'),(831,'2021-05-12',2.0,2.0,0.0,0.0,'2021-05-12 19:00:08','2021-05-12 19:00:08'),(832,'2021-05-13',1.5,0.0,1.5,0.0,'2021-05-13 19:00:08','2021-05-13 19:00:08'),(833,'2021-05-14',5.5,4.0,0.5,1.0,'2021-05-14 19:00:09','2021-05-14 19:00:09'),(834,'2021-05-15',0.0,0.0,0.0,0.0,'2021-05-15 19:00:09','2021-05-15 19:00:09'),(835,'2021-05-16',0.0,0.0,0.0,0.0,'2021-05-16 19:00:07','2021-05-16 19:00:07'),(836,'2021-05-17',13.0,13.0,0.0,0.0,'2021-05-17 19:00:09','2021-05-17 19:00:09'),(837,'2021-05-18',9.0,8.0,0.0,1.0,'2021-05-18 19:00:08','2021-05-18 19:00:08'),(838,'2021-05-19',15.0,13.5,1.0,0.5,'2021-05-19 19:00:08','2021-05-19 19:00:08'),(839,'2021-05-20',10.0,10.0,0.0,0.0,'2021-05-20 19:00:08','2021-05-20 19:00:08'),(840,'2021-05-21',3.0,2.5,0.0,0.5,'2021-05-21 19:00:08','2021-05-21 19:00:08'),(841,'2021-05-22',0.0,0.0,0.0,0.0,'2021-05-22 19:00:08','2021-05-22 19:00:08'),(842,'2021-05-23',0.0,0.0,0.0,0.0,'2021-05-23 19:00:08','2021-05-23 19:00:08'),(843,'2021-05-24',1.0,0.5,0.0,0.5,'2021-05-24 19:00:08','2021-05-24 19:00:08'),(844,'2021-05-25',4.5,3.5,0.5,0.5,'2021-05-25 19:00:09','2021-05-25 19:00:09'),(845,'2021-05-26',3.0,2.0,0.0,1.0,'2021-05-26 19:00:09','2021-05-26 19:00:09'),(846,'2021-05-27',3.5,3.0,0.5,0.0,'2021-05-27 19:00:10','2021-05-27 19:00:10'),(847,'2021-05-28',19.0,18.5,0.0,0.5,'2021-05-28 19:00:09','2021-05-28 19:00:09'),(848,'2021-05-29',0.0,0.0,0.0,0.0,'2021-05-29 19:00:10','2021-05-29 19:00:10'),(849,'2021-05-30',0.0,0.0,0.0,0.0,'2021-05-30 19:00:09','2021-05-30 19:00:09'),(850,'2021-05-31',1.5,0.5,0.5,0.5,'2021-05-31 19:00:10','2021-05-31 19:00:10'),(851,'2021-06-01',6.5,5.0,0.5,1.0,'2021-06-01 19:00:08','2021-06-01 19:00:08'),(852,'2021-06-02',9.0,9.0,0.0,0.0,'2021-06-02 19:00:09','2021-06-02 19:00:09'),(853,'2021-06-03',4.0,3.0,1.0,0.0,'2021-06-03 19:00:09','2021-06-03 19:00:09'),(854,'2021-06-04',2.0,1.0,0.0,1.0,'2021-06-04 19:00:11','2021-06-04 19:00:11'),(855,'2021-06-05',0.0,0.0,0.0,0.0,'2021-06-05 19:00:08','2021-06-05 19:00:08'),(856,'2021-06-06',0.0,0.0,0.0,0.0,'2021-06-06 19:00:09','2021-06-06 19:00:09'),(857,'2021-06-07',1.0,1.0,0.0,0.0,'2021-06-07 19:00:10','2021-06-07 19:00:10'),(858,'2021-06-08',11.0,10.5,0.0,0.5,'2021-06-08 19:00:09','2021-06-08 19:00:09'),(859,'2021-06-09',3.0,2.5,0.0,0.5,'2021-06-09 19:00:09','2021-06-09 19:00:09'),(860,'2021-06-10',16.0,13.5,0.0,2.5,'2021-06-10 19:00:08','2021-06-10 19:00:08'),(861,'2021-06-11',6.5,5.0,0.5,1.0,'2021-06-11 19:00:09','2021-06-11 19:00:09'),(862,'2021-06-12',0.0,0.0,0.0,0.0,'2021-06-12 19:00:08','2021-06-12 19:00:08'),(863,'2021-06-13',0.0,0.0,0.0,0.0,'2021-06-13 19:00:08','2021-06-13 19:00:08'),(864,'2021-06-14',0.0,0.0,0.0,0.0,'2021-06-14 19:00:10','2021-06-14 19:00:10'),(865,'2021-06-15',2.0,1.0,0.0,1.0,'2021-06-15 19:00:13','2021-06-15 19:00:13'),(866,'2021-06-16',6.5,5.0,0.5,1.0,'2021-06-16 19:00:12','2021-06-16 19:00:12'),(867,'2021-06-17',10.0,9.0,0.0,1.0,'2021-06-17 19:00:12','2021-06-17 19:00:12'),(868,'2021-06-18',8.0,7.5,0.0,0.5,'2021-06-18 19:00:12','2021-06-18 19:00:12'),(869,'2021-06-19',0.0,0.0,0.0,0.0,'2021-06-19 19:00:09','2021-06-19 19:00:09'),(870,'2021-06-20',0.0,0.0,0.0,0.0,'2021-06-20 19:00:11','2021-06-20 19:00:11'),(871,'2021-06-21',12.0,11.5,0.0,0.5,'2021-06-21 19:00:09','2021-06-21 19:00:09'),(872,'2021-06-22',7.0,7.0,0.0,0.0,'2021-06-22 19:00:09','2021-06-22 19:00:09'),(873,'2021-06-23',21.0,20.0,0.0,1.0,'2021-06-23 19:00:09','2021-06-23 19:00:09'),(874,'2021-06-24',14.5,13.0,0.5,1.0,'2021-06-24 19:00:08','2021-06-24 19:00:08'),(875,'2021-06-25',4.0,3.0,0.0,1.0,'2021-06-25 19:00:12','2021-06-25 19:00:12'),(876,'2021-06-26',0.0,0.0,0.0,0.0,'2021-06-26 19:00:10','2021-06-26 19:00:10'),(877,'2021-06-27',0.0,0.0,0.0,0.0,'2021-06-27 19:00:12','2021-06-27 19:00:12'),(878,'2021-06-28',9.5,9.0,0.5,0.0,'2021-06-28 19:00:09','2021-06-28 19:00:09'),(879,'2021-06-29',13.5,13.0,0.5,0.0,'2021-06-29 19:00:10','2021-06-29 19:00:10'),(880,'2021-06-30',19.0,19.0,0.0,0.0,'2021-06-30 19:00:10','2021-06-30 19:00:10'),(881,'2021-07-01',8.5,8.0,0.5,0.0,'2021-07-01 19:00:09','2021-07-01 19:00:09'),(882,'2021-07-02',3.0,2.5,0.0,0.5,'2021-07-02 19:00:09','2021-07-02 19:00:09'),(883,'2021-07-03',0.0,0.0,0.0,0.0,'2021-07-03 19:00:09','2021-07-03 19:00:09'),(884,'2021-07-04',0.0,0.0,0.0,0.0,'2021-07-04 19:00:08','2021-07-04 19:00:08'),(885,'2021-07-05',8.0,7.5,0.0,0.5,'2021-07-05 19:00:10','2021-07-05 19:00:10'),(886,'2021-07-06',5.0,4.0,1.0,0.0,'2021-07-06 19:00:09','2021-07-06 19:00:09'),(887,'2021-07-07',4.0,4.0,0.0,0.0,'2021-07-07 19:00:09','2021-07-07 19:00:09'),(888,'2021-07-08',5.5,4.5,0.5,0.5,'2021-07-08 19:00:10','2021-07-08 19:00:10'),(889,'2021-07-09',5.0,3.5,0.0,1.5,'2021-07-09 19:00:09','2021-07-09 19:00:09'),(890,'2021-07-10',0.0,0.0,0.0,0.0,'2021-07-10 19:00:09','2021-07-10 19:00:09'),(891,'2021-07-11',0.0,0.0,0.0,0.0,'2021-07-11 19:00:08','2021-07-11 19:00:08'),(892,'2021-07-12',2.0,2.0,0.0,0.0,'2021-07-12 19:00:09','2021-07-12 19:00:09'),(893,'2021-07-13',7.0,7.0,0.0,0.0,'2021-07-13 19:00:08','2021-07-13 19:00:08'),(894,'2021-07-14',7.0,7.0,0.0,0.0,'2021-07-14 19:00:08','2021-07-14 19:00:08'),(895,'2021-07-15',6.0,6.0,0.0,0.0,'2021-07-15 19:00:09','2021-07-15 19:00:09'),(896,'2021-07-16',11.0,10.5,0.0,0.5,'2021-07-16 19:00:08','2021-07-16 19:00:08'),(897,'2021-07-17',0.0,0.0,0.0,0.0,'2021-07-17 19:00:08','2021-07-17 19:00:08'),(898,'2021-07-18',0.0,0.0,0.0,0.0,'2021-07-18 19:00:08','2021-07-18 19:00:08'),(899,'2021-07-19',3.0,2.5,0.0,0.5,'2021-07-19 19:00:07','2021-07-19 19:00:07'),(900,'2021-07-20',12.0,12.0,0.0,0.0,'2021-07-20 19:00:08','2021-07-20 19:00:08'),(901,'2021-07-21',5.0,5.0,0.0,0.0,'2021-07-21 19:00:06','2021-07-21 19:00:06'),(902,'2021-07-22',1.0,0.5,0.0,0.5,'2021-07-22 19:00:07','2021-07-22 19:00:07'),(903,'2021-07-23',6.0,6.0,0.0,0.0,'2021-07-23 19:00:08','2021-07-23 19:00:08'),(904,'2021-07-24',0.0,0.0,0.0,0.0,'2021-07-24 19:00:08','2021-07-24 19:00:08'),(905,'2021-07-25',0.0,0.0,0.0,0.0,'2021-07-25 19:00:07','2021-07-25 19:00:07'),(906,'2021-07-26',2.0,1.5,0.0,0.5,'2021-07-26 19:00:09','2021-07-26 19:00:09'),(907,'2021-07-27',11.0,11.0,0.0,0.0,'2021-07-27 19:00:08','2021-07-27 19:00:08'),(908,'2021-07-28',1.0,0.5,0.0,0.5,'2021-07-28 19:00:07','2021-07-28 19:00:07'),(909,'2021-07-29',4.5,4.0,0.5,0.0,'2021-07-29 19:00:08','2021-07-29 19:00:08'),(910,'2021-07-30',12.0,10.5,0.0,1.5,'2021-07-30 19:00:08','2021-07-30 19:00:08'),(911,'2021-07-31',0.0,0.0,0.0,0.0,'2021-07-31 19:00:09','2021-07-31 19:00:09'),(912,'2021-08-01',0.0,0.0,0.0,0.0,'2021-08-01 19:00:09','2021-08-01 19:00:09'),(913,'2021-08-02',7.0,6.5,0.0,0.5,'2021-08-02 19:00:11','2021-08-02 19:00:11'),(914,'2021-08-03',15.0,15.0,0.0,0.0,'2021-08-03 19:00:12','2021-08-03 19:00:12'),(915,'2021-08-04',8.0,8.0,0.0,0.0,'2021-08-04 19:00:08','2021-08-04 19:00:08'),(916,'2021-08-05',7.5,7.0,0.5,0.0,'2021-08-05 19:00:08','2021-08-05 19:00:08'),(917,'2021-08-06',1.0,1.0,0.0,0.0,'2021-08-06 19:00:08','2021-08-06 19:00:08'),(918,'2021-08-07',0.0,0.0,0.0,0.0,'2021-08-07 19:00:07','2021-08-07 19:00:07'),(919,'2021-08-08',0.0,0.0,0.0,0.0,'2021-08-08 19:00:08','2021-08-08 19:00:08'),(920,'2021-08-09',9.5,8.5,0.5,0.5,'2021-08-09 19:00:08','2021-08-09 19:00:08'),(921,'2021-08-10',2.0,1.0,0.0,1.0,'2021-08-10 19:00:08','2021-08-10 19:00:08'),(922,'2021-08-11',10.0,10.0,0.0,0.0,'2021-08-11 19:00:08','2021-08-11 19:00:08'),(923,'2021-08-12',10.0,9.0,0.0,1.0,'2021-08-12 19:00:08','2021-08-12 19:00:08'),(924,'2021-08-13',4.0,4.0,0.0,0.0,'2021-08-13 19:00:08','2021-08-13 19:00:08'),(925,'2021-08-14',0.0,0.0,0.0,0.0,'2021-08-14 19:00:09','2021-08-14 19:00:09'),(926,'2021-08-15',0.0,0.0,0.0,0.0,'2021-08-15 19:00:09','2021-08-15 19:00:09'),(927,'2021-08-16',2.0,1.5,0.0,0.5,'2021-08-16 19:00:08','2021-08-16 19:00:08'),(928,'2021-08-17',8.0,7.0,0.0,1.0,'2021-08-17 19:00:11','2021-08-17 19:00:11'),(929,'2021-08-18',10.0,9.5,0.0,0.5,'2021-08-18 19:00:08','2021-08-18 19:00:08'),(930,'2021-08-19',1.0,0.5,0.0,0.5,'2021-08-19 19:00:12','2021-08-19 19:00:12'),(931,'2021-08-20',7.0,5.5,1.0,0.5,'2021-08-20 19:00:07','2021-08-20 19:00:07'),(932,'2021-08-21',0.0,0.0,0.0,0.0,'2021-08-21 19:00:11','2021-08-21 19:00:11'),(933,'2021-08-22',0.0,0.0,0.0,0.0,'2021-08-22 19:00:11','2021-08-22 19:00:11'),(934,'2021-08-23',12.0,10.0,1.0,1.0,'2021-08-23 19:00:08','2021-08-23 19:00:08'),(935,'2021-08-24',5.0,4.0,1.0,0.0,'2021-08-24 19:00:08','2021-08-24 19:00:08'),(936,'2021-08-25',0.0,0.0,0.0,0.0,'2021-08-25 19:00:08','2021-08-25 19:00:08'),(937,'2021-08-26',8.0,8.0,0.0,0.0,'2021-08-26 19:00:09','2021-08-26 19:00:09'),(938,'2021-08-27',7.5,5.5,0.5,1.5,'2021-08-27 19:00:08','2021-08-27 19:00:08'),(939,'2021-08-28',0.0,0.0,0.0,0.0,'2021-08-28 19:00:09','2021-08-28 19:00:09'),(940,'2021-08-29',0.0,0.0,0.0,0.0,'2021-08-29 19:00:10','2021-08-29 19:00:10'),(941,'2021-08-30',5.0,4.0,0.0,1.0,'2021-08-30 19:00:09','2021-08-30 19:00:09'),(942,'2021-08-31',10.0,9.5,0.0,0.5,'2021-08-31 19:00:09','2021-08-31 19:00:09'),(943,'2021-09-01',3.0,2.5,0.0,0.5,'2021-09-01 19:00:09','2021-09-01 19:00:09'),(944,'2021-09-02',7.0,7.0,0.0,0.0,'2021-09-02 19:00:09','2021-09-02 19:00:09'),(945,'2021-09-03',6.0,5.5,0.0,0.5,'2021-09-03 19:00:09','2021-09-03 19:00:09'),(946,'2021-09-04',0.0,0.0,0.0,0.0,'2021-09-04 19:00:09','2021-09-04 19:00:09'),(947,'2021-09-05',0.0,0.0,0.0,0.0,'2021-09-05 19:00:10','2021-09-05 19:00:10'),(948,'2021-09-06',3.0,1.5,0.0,1.5,'2021-09-06 19:00:10','2021-09-06 19:00:10'),(949,'2021-09-07',8.0,7.5,0.0,0.5,'2021-09-07 19:00:10','2021-09-07 19:00:10'),(950,'2021-09-08',6.5,4.5,0.5,1.5,'2021-09-08 19:00:09','2021-09-08 19:00:09'),(951,'2021-09-09',0.0,0.0,0.0,0.0,'2021-09-09 19:00:15','2021-09-09 19:00:15'),(952,'2021-09-10',1.0,0.5,0.0,0.5,'2021-09-10 19:00:10','2021-09-10 19:00:10'),(953,'2021-09-11',0.0,0.0,0.0,0.0,'2021-09-11 19:00:12','2021-09-11 19:00:12'),(954,'2021-09-12',0.0,0.0,0.0,0.0,'2021-09-12 19:00:09','2021-09-12 19:00:09'),(955,'2021-09-13',4.0,4.0,0.0,0.0,'2021-09-13 19:00:09','2021-09-13 19:00:09'),(956,'2021-09-14',30.0,29.5,0.0,0.5,'2021-09-14 19:00:10','2021-09-14 19:00:10'),(957,'2021-09-15',12.0,11.0,0.0,1.0,'2021-09-15 19:00:11','2021-09-15 19:00:11'),(958,'2021-09-16',2.0,1.5,0.0,0.5,'2021-09-16 19:00:10','2021-09-16 19:00:10'),(959,'2021-09-17',3.0,2.0,0.0,1.0,'2021-09-17 19:00:11','2021-09-17 19:00:11'),(960,'2021-09-18',0.0,0.0,0.0,0.0,'2021-09-18 19:00:10','2021-09-18 19:00:10'),(961,'2021-09-19',0.0,0.0,0.0,0.0,'2021-09-19 19:00:10','2021-09-19 19:00:10'),(962,'2021-09-20',7.5,6.5,0.5,0.5,'2021-09-20 19:00:09','2021-09-20 19:00:09'),(963,'2021-09-21',6.0,6.0,0.0,0.0,'2021-09-21 19:00:08','2021-09-21 19:00:08'),(964,'2021-09-22',12.0,11.5,0.0,0.5,'2021-09-22 19:00:08','2021-09-22 19:00:08'),(965,'2021-09-23',13.0,11.5,0.0,1.5,'2021-09-23 19:00:09','2021-09-23 19:00:09'),(966,'2021-09-24',0.0,0.0,0.0,0.0,'2021-09-24 19:00:09','2021-09-24 19:00:09'),(967,'2021-09-25',0.0,0.0,0.0,0.0,'2021-09-25 19:00:09','2021-09-25 19:00:09'),(968,'2021-09-26',0.0,0.0,0.0,0.0,'2021-09-26 19:00:10','2021-09-26 19:00:10'),(969,'2021-09-27',5.0,3.0,1.0,1.0,'2021-09-27 19:00:08','2021-09-27 19:00:08'),(970,'2021-09-28',3.0,2.5,0.0,0.5,'2021-09-28 19:00:11','2021-09-28 19:00:11'),(971,'2021-09-29',1.0,1.0,0.0,0.0,'2021-09-29 19:00:11','2021-09-29 19:00:11'),(972,'2021-09-30',9.5,8.5,0.5,0.5,'2021-09-30 19:00:12','2021-09-30 19:00:12'),(973,'2021-10-01',3.0,3.0,0.0,0.0,'2021-10-01 19:00:10','2021-10-01 19:00:10'),(974,'2021-10-02',0.0,0.0,0.0,0.0,'2021-10-02 19:00:11','2021-10-02 19:00:11'),(975,'2021-10-03',0.0,0.0,0.0,0.0,'2021-10-03 19:00:15','2021-10-03 19:00:15'),(976,'2021-10-04',22.0,22.0,0.0,0.0,'2021-10-04 19:00:10','2021-10-04 19:00:10'),(977,'2021-10-05',1.0,0.5,0.0,0.5,'2021-10-05 19:00:12','2021-10-05 19:00:12'),(978,'2021-10-06',2.0,1.5,0.0,0.5,'2021-10-06 19:00:13','2021-10-06 19:00:13'),(979,'2021-10-07',9.5,7.0,0.5,2.0,'2021-10-07 19:00:13','2021-10-07 19:00:13'),(980,'2021-10-08',2.0,1.0,0.0,1.0,'2021-10-08 19:00:12','2021-10-08 19:00:12'),(981,'2021-10-09',0.0,0.0,0.0,0.0,'2021-10-09 19:00:14','2021-10-09 19:00:14'),(982,'2021-10-10',0.0,0.0,0.0,0.0,'2021-10-10 19:00:15','2021-10-10 19:00:15'),(983,'2021-10-11',6.0,6.0,0.0,0.0,'2021-10-11 19:00:12','2021-10-11 19:00:12'),(984,'2021-10-12',9.0,9.0,0.0,0.0,'2021-10-12 19:00:14','2021-10-12 19:00:14'),(985,'2021-10-13',8.0,8.0,0.0,0.0,'2021-10-13 19:00:15','2021-10-13 19:00:15'),(986,'2021-10-14',9.0,8.5,0.0,0.5,'2021-10-14 19:00:12','2021-10-14 19:00:12'),(987,'2021-10-15',21.0,19.5,0.0,1.5,'2021-10-15 19:00:15','2021-10-15 19:00:15'),(988,'2021-10-16',0.0,0.0,0.0,0.0,'2021-10-16 19:00:18','2021-10-16 19:00:18'),(989,'2021-10-17',0.0,0.0,0.0,0.0,'2021-10-17 19:00:20','2021-10-17 19:00:20'),(990,'2021-10-18',7.0,6.5,0.0,0.5,'2021-10-18 19:00:13','2021-10-18 19:00:13'),(991,'2021-10-19',0.5,0.0,0.5,0.0,'2021-10-19 19:00:18','2021-10-19 19:00:18'),(992,'2021-10-20',2.0,1.0,1.0,0.0,'2021-10-20 19:00:16','2021-10-20 19:00:16'),(993,'2021-10-21',9.0,6.0,0.0,3.0,'2021-10-21 19:00:20','2021-10-21 19:00:20'),(994,'2021-10-22',6.5,5.5,0.5,0.5,'2021-10-22 19:00:11','2021-10-22 19:00:11'),(995,'2021-10-23',0.0,0.0,0.0,0.0,'2021-10-23 19:00:12','2021-10-23 19:00:12'),(996,'2021-10-24',0.0,0.0,0.0,0.0,'2021-10-24 19:00:13','2021-10-24 19:00:13'),(997,'2021-10-25',17.0,17.0,0.0,0.0,'2021-10-25 19:00:14','2021-10-25 19:00:14'),(998,'2021-10-26',16.0,14.5,1.0,0.5,'2021-10-26 19:00:13','2021-10-26 19:00:13'),(999,'2021-10-27',2.5,2.0,0.5,0.0,'2021-10-27 19:00:12','2021-10-27 19:00:12'),(1000,'2021-10-28',9.0,9.0,0.0,0.0,'2021-10-28 19:00:20','2021-10-28 19:00:20'),(1001,'2021-10-29',8.5,7.0,0.5,1.0,'2021-10-29 19:00:15','2021-10-29 19:00:15'),(1002,'2021-10-30',0.0,0.0,0.0,0.0,'2021-10-30 19:00:15','2021-10-30 19:00:15'),(1003,'2021-10-31',0.0,0.0,0.0,0.0,'2021-10-31 19:00:15','2021-10-31 19:00:15'),(1004,'2021-11-01',0.0,0.0,0.0,0.0,'2021-11-01 19:00:21','2021-11-01 19:00:21'),(1005,'2021-11-02',0.0,0.0,0.0,0.0,'2021-11-02 19:00:21','2021-11-02 19:00:21'),(1006,'2021-11-03',4.5,3.5,0.5,0.5,'2021-11-03 19:00:13','2021-11-03 19:00:13'),(1007,'2021-11-04',4.0,4.0,0.0,0.0,'2021-11-04 19:00:17','2021-11-04 19:00:17'),(1008,'2021-11-05',2.0,1.0,0.0,1.0,'2021-11-05 19:00:17','2021-11-05 19:00:17'),(1009,'2021-11-06',1.0,0.5,0.0,0.5,'2021-11-06 19:00:14','2021-11-06 19:00:14'),(1010,'2021-11-07',0.0,0.0,0.0,0.0,'2021-11-07 19:00:17','2021-11-07 19:00:17'),(1011,'2021-11-08',16.0,14.5,0.0,1.5,'2021-11-08 19:00:15','2021-11-08 19:00:15'),(1012,'2021-11-09',6.0,6.0,0.0,0.0,'2021-11-09 19:00:15','2021-11-09 19:00:15'),(1013,'2021-11-10',13.0,13.0,0.0,0.0,'2021-11-10 19:00:15','2021-11-10 19:00:15'),(1014,'2021-11-11',2.0,1.5,0.0,0.5,'2021-11-11 19:00:14','2021-11-11 19:00:14'),(1015,'2021-11-12',13.0,12.5,0.0,0.5,'2021-11-12 19:00:15','2021-11-12 19:00:15'),(1016,'2021-11-13',0.0,0.0,0.0,0.0,'2021-11-13 19:00:21','2021-11-13 19:00:21'),(1017,'2021-11-14',0.0,0.0,0.0,0.0,'2021-11-14 19:00:12','2021-11-14 19:00:12'),(1018,'2021-11-15',15.0,15.0,0.0,0.0,'2021-11-15 19:00:18','2021-11-15 19:00:18'),(1019,'2021-11-16',2.0,2.0,0.0,0.0,'2021-11-16 19:00:21','2021-11-16 19:00:21'),(1020,'2021-11-17',1.0,0.5,0.0,0.5,'2021-11-17 19:00:14','2021-11-17 19:00:14'),(1021,'2021-11-18',10.0,10.0,0.0,0.0,'2021-11-18 19:00:15','2021-11-18 19:00:15'),(1022,'2021-11-19',6.0,5.0,0.0,1.0,'2021-11-19 19:00:18','2021-11-19 19:00:18'),(1023,'2021-11-20',11.0,11.0,0.0,0.0,'2021-11-20 19:00:22','2021-11-20 19:00:22'),(1024,'2021-11-21',0.0,0.0,0.0,0.0,'2021-11-21 19:00:19','2021-11-21 19:00:19'),(1025,'2021-11-22',2.0,2.0,0.0,0.0,'2021-11-22 19:00:18','2021-11-22 19:00:18'),(1026,'2021-11-23',11.0,10.0,0.0,1.0,'2021-11-23 19:00:23','2021-11-23 19:00:23'),(1027,'2021-11-24',3.0,2.5,0.0,0.5,'2021-11-24 19:00:20','2021-11-24 19:00:20'),(1028,'2021-11-25',1.0,0.5,0.0,0.5,'2021-11-25 19:00:19','2021-11-25 19:00:19'),(1029,'2021-11-26',20.0,19.5,0.0,0.5,'2021-11-26 19:00:20','2021-11-26 19:00:20'),(1030,'2021-11-27',0.0,0.0,0.0,0.0,'2021-11-27 19:00:13','2021-11-27 19:00:13'),(1031,'2021-11-28',0.0,0.0,0.0,0.0,'2021-11-28 19:00:15','2021-11-28 19:00:15'),(1032,'2021-11-29',25.0,24.5,0.0,0.5,'2021-11-29 19:00:13','2021-11-29 19:00:13'),(1033,'2021-11-30',1.0,0.5,0.0,0.5,'2021-11-30 19:00:16','2021-11-30 19:00:16'),(1034,'2021-12-01',15.0,13.0,0.0,2.0,'2021-12-01 19:00:13','2021-12-01 19:00:13'),(1035,'2021-12-02',7.0,6.0,0.0,1.0,'2021-12-02 19:00:14','2021-12-02 19:00:14'),(1036,'2021-12-03',5.0,4.0,0.0,1.0,'2021-12-03 19:00:16','2021-12-03 19:00:16'),(1037,'2021-12-04',7.0,7.0,0.0,0.0,'2021-12-04 19:00:19','2021-12-04 19:00:19'),(1038,'2021-12-05',0.0,0.0,0.0,0.0,'2021-12-05 19:00:16','2021-12-05 19:00:16'),(1039,'2021-12-06',10.5,10.0,0.5,0.0,'2021-12-06 19:00:18','2021-12-06 19:00:18'),(1040,'2021-12-07',4.0,3.5,0.0,0.5,'2021-12-07 19:00:14','2021-12-07 19:00:14'),(1041,'2021-12-08',0.0,0.0,0.0,0.0,'2021-12-08 19:00:14','2021-12-08 19:00:14'),(1042,'2021-12-09',7.0,7.0,0.0,0.0,'2021-12-09 19:00:22','2021-12-09 19:00:22'),(1043,'2021-12-10',7.0,6.0,1.0,0.0,'2021-12-10 19:00:24','2021-12-10 19:00:24'),(1044,'2021-12-11',0.0,0.0,0.0,0.0,'2021-12-11 19:00:22','2021-12-11 19:00:22'),(1045,'2021-12-12',0.0,0.0,0.0,0.0,'2021-12-12 19:00:16','2021-12-12 19:00:16'),(1046,'2021-12-13',3.0,2.5,0.0,0.5,'2021-12-13 19:00:17','2021-12-13 19:00:17'),(1047,'2021-12-14',5.0,4.5,0.0,0.5,'2021-12-14 19:00:15','2021-12-14 19:00:15'),(1048,'2021-12-15',1.0,0.5,0.0,0.5,'2021-12-15 19:00:25','2021-12-15 19:00:25'),(1049,'2021-12-16',2.0,2.0,0.0,0.0,'2021-12-16 19:00:19','2021-12-16 19:00:19'),(1050,'2021-12-17',18.0,17.5,0.0,0.5,'2021-12-17 19:00:22','2021-12-17 19:00:22'),(1051,'2021-12-18',0.0,0.0,0.0,0.0,'2021-12-18 19:00:20','2021-12-18 19:00:20'),(1052,'2021-12-19',0.0,0.0,0.0,0.0,'2021-12-19 19:00:16','2021-12-19 19:00:16'),(1053,'2021-12-20',1.0,1.0,0.0,0.0,'2021-12-20 19:00:16','2021-12-20 19:00:16'),(1054,'2021-12-21',8.5,7.5,0.5,0.5,'2021-12-21 19:00:19','2021-12-21 19:00:19'),(1055,'2021-12-22',0.0,0.0,0.0,0.0,'2021-12-22 19:00:14','2021-12-22 19:00:14'),(1056,'2021-12-23',0.0,0.0,0.0,0.0,'2021-12-23 19:00:12','2021-12-23 19:00:12'),(1057,'2021-12-24',0.0,0.0,0.0,0.0,'2021-12-24 19:00:22','2021-12-24 19:00:22'),(1058,'2021-12-25',0.0,0.0,0.0,0.0,'2021-12-25 19:00:12','2021-12-25 19:00:12'),(1059,'2021-12-26',0.0,0.0,0.0,0.0,'2021-12-26 19:00:22','2021-12-26 19:00:22'),(1060,'2021-12-27',0.0,0.0,0.0,0.0,'2021-12-27 19:00:11','2021-12-27 19:00:11'),(1061,'2021-12-28',0.0,0.0,0.0,0.0,'2021-12-28 19:00:12','2021-12-28 19:00:12'),(1062,'2021-12-29',0.0,0.0,0.0,0.0,'2021-12-29 19:00:15','2021-12-29 19:00:15'),(1063,'2021-12-30',0.0,0.0,0.0,0.0,'2021-12-30 19:00:11','2021-12-30 19:00:11'),(1064,'2021-12-31',0.0,0.0,0.0,0.0,'2021-12-31 19:00:12','2021-12-31 19:00:12'),(1065,'2022-01-01',0.0,0.0,0.0,0.0,'2022-01-01 19:00:17','2022-01-01 19:00:17'),(1066,'2022-01-02',0.0,0.0,0.0,0.0,'2022-01-02 19:00:13','2022-01-02 19:00:13'),(1067,'2022-01-03',0.0,0.0,0.0,0.0,'2022-01-03 19:00:12','2022-01-03 19:00:12'),(1068,'2022-01-04',0.0,0.0,0.0,0.0,'2022-01-04 19:00:12','2022-01-04 19:00:12'),(1069,'2022-01-05',0.0,0.0,0.0,0.0,'2022-01-05 19:00:13','2022-01-05 19:00:13'),(1070,'2022-01-06',0.0,0.0,0.0,0.0,'2022-01-06 19:00:12','2022-01-06 19:00:12'),(1071,'2022-01-07',0.0,0.0,0.0,0.0,'2022-01-07 19:00:12','2022-01-07 19:00:12'),(1072,'2022-01-08',0.0,0.0,0.0,0.0,'2022-01-08 19:00:10','2022-01-08 19:00:10'),(1073,'2022-01-09',0.0,0.0,0.0,0.0,'2022-01-09 19:00:15','2022-01-09 19:00:15'),(1074,'2022-01-10',0.0,0.0,0.0,0.0,'2022-01-10 19:00:14','2022-01-10 19:00:14'),(1075,'2022-01-11',0.0,0.0,0.0,0.0,'2022-01-11 19:00:12','2022-01-11 19:00:12'),(1076,'2022-01-12',0.0,0.0,0.0,0.0,'2022-01-12 19:00:16','2022-01-12 19:00:16'),(1077,'2022-01-13',0.0,0.0,0.0,0.0,'2022-01-13 19:00:13','2022-01-13 19:00:13'),(1078,'2022-01-14',0.0,0.0,0.0,0.0,'2022-01-14 19:00:17','2022-01-14 19:00:17'),(1079,'2022-01-15',0.0,0.0,0.0,0.0,'2022-01-15 19:00:27','2022-01-15 19:00:27'),(1080,'2022-01-16',0.0,0.0,0.0,0.0,'2022-01-16 19:00:15','2022-01-16 19:00:15'),(1081,'2022-01-17',0.0,0.0,0.0,0.0,'2022-01-17 19:00:15','2022-01-17 19:00:15'),(1082,'2022-01-18',5.0,5.0,0.0,0.0,'2022-01-18 19:00:20','2022-01-18 19:00:20'),(1083,'2022-01-19',0.0,0.0,0.0,0.0,'2022-01-19 19:00:17','2022-01-19 19:00:17'),(1084,'2022-01-20',0.0,0.0,0.0,0.0,'2022-01-20 19:00:14','2022-01-20 19:00:14'),(1085,'2022-01-21',2.0,1.0,0.0,1.0,'2022-01-21 19:00:16','2022-01-21 19:00:16'),(1086,'2022-01-22',0.0,0.0,0.0,0.0,'2022-01-22 19:00:14','2022-01-22 19:00:14'),(1087,'2022-01-23',0.0,0.0,0.0,0.0,'2022-01-23 19:00:20','2022-01-23 19:00:20'),(1088,'2022-01-24',10.0,10.0,0.0,0.0,'2022-01-24 19:00:13','2022-01-24 19:00:13'),(1089,'2022-01-25',12.0,12.0,0.0,0.0,'2022-01-25 19:00:14','2022-01-25 19:00:14'),(1090,'2022-01-26',0.0,0.0,0.0,0.0,'2022-01-26 19:00:24','2022-01-26 19:00:24'),(1091,'2022-01-27',1.0,1.0,0.0,0.0,'2022-01-27 19:00:13','2022-01-27 19:00:13'),(1092,'2022-01-28',0.0,0.0,0.0,0.0,'2022-01-28 19:00:18','2022-01-28 19:00:18'),(1093,'2022-01-29',0.0,0.0,0.0,0.0,'2022-01-29 19:00:13','2022-01-29 19:00:13'),(1094,'2022-01-30',0.0,0.0,0.0,0.0,'2022-01-30 19:00:13','2022-01-30 19:00:13'),(1095,'2022-01-31',15.0,14.5,0.0,0.5,'2022-01-31 19:00:15','2022-01-31 19:00:15'),(1096,'2022-02-01',13.0,12.5,0.0,0.5,'2022-02-01 19:00:14','2022-02-01 19:00:14'),(1097,'2022-02-02',5.0,4.5,0.0,0.5,'2022-02-02 19:00:15','2022-02-02 19:00:15'),(1098,'2022-02-03',8.0,8.0,0.0,0.0,'2022-02-03 19:00:17','2022-02-03 19:00:17'),(1099,'2022-02-04',2.0,2.0,0.0,0.0,'2022-02-04 19:00:17','2022-02-04 19:00:17'),(1100,'2022-02-05',0.0,0.0,0.0,0.0,'2022-02-05 19:00:12','2022-02-05 19:00:12'),(1101,'2022-02-06',0.0,0.0,0.0,0.0,'2022-02-06 19:00:13','2022-02-06 19:00:13'),(1102,'2022-02-07',23.0,22.0,0.0,1.0,'2022-02-07 19:00:22','2022-02-07 19:00:22'),(1103,'2022-02-08',3.0,2.0,0.0,1.0,'2022-02-08 19:00:19','2022-02-08 19:00:19'),(1104,'2022-02-09',20.0,20.0,0.0,0.0,'2022-02-09 19:00:20','2022-02-09 19:00:20'),(1105,'2022-02-10',9.0,9.0,0.0,0.0,'2022-02-10 19:00:16','2022-02-10 19:00:16'),(1106,'2022-02-11',7.0,7.0,0.0,0.0,'2022-02-11 19:00:14','2022-02-11 19:00:14'),(1107,'2022-02-12',0.0,0.0,0.0,0.0,'2022-02-12 19:00:14','2022-02-12 19:00:14'),(1108,'2022-02-13',0.0,0.0,0.0,0.0,'2022-02-13 19:00:14','2022-02-13 19:00:14'),(1109,'2022-02-14',4.0,3.5,0.0,0.5,'2022-02-14 19:00:13','2022-02-14 19:00:13'),(1110,'2022-02-15',5.0,4.5,0.0,0.5,'2022-02-15 19:00:14','2022-02-15 19:00:14'),(1111,'2022-02-16',15.0,14.0,1.0,0.0,'2022-02-16 19:00:24','2022-02-16 19:00:24'),(1112,'2022-02-17',1.0,0.0,1.0,0.0,'2022-02-17 19:00:19','2022-02-17 19:00:19'),(1113,'2022-02-18',6.0,6.0,0.0,0.0,'2022-02-18 19:00:21','2022-02-18 19:00:21'),(1114,'2022-02-19',0.0,0.0,0.0,0.0,'2022-02-19 19:00:21','2022-02-19 19:00:21'),(1115,'2022-02-20',0.0,0.0,0.0,0.0,'2022-02-20 19:00:18','2022-02-20 19:00:18'),(1116,'2022-02-21',1.5,0.5,0.5,0.5,'2022-02-21 19:00:24','2022-02-21 19:00:24'),(1117,'2022-02-22',4.0,3.0,1.0,0.0,'2022-02-22 19:00:17','2022-02-22 19:00:17'),(1118,'2022-02-23',1.5,0.5,0.5,0.5,'2022-02-23 19:00:17','2022-02-23 19:00:17'),(1119,'2022-02-24',0.5,0.0,0.5,0.0,'2022-02-24 19:00:24','2022-02-24 19:00:24'),(1120,'2022-02-25',5.0,4.0,1.0,0.0,'2022-02-25 19:00:25','2022-02-25 19:00:25'),(1121,'2022-02-26',0.0,0.0,0.0,0.0,'2022-02-26 19:00:16','2022-02-26 19:00:16'),(1122,'2022-02-27',0.0,0.0,0.0,0.0,'2022-02-27 19:00:23','2022-02-27 19:00:23'),(1123,'2022-02-28',3.0,3.0,0.0,0.0,'2022-02-28 19:00:22','2022-02-28 19:00:22'),(1124,'2022-03-01',3.0,1.5,0.0,1.5,'2022-03-01 19:00:28','2022-03-01 19:00:28'),(1125,'2022-03-02',7.0,7.0,0.0,0.0,'2022-03-02 19:00:25','2022-03-02 19:00:25'),(1126,'2022-03-03',17.5,17.0,0.5,0.0,'2022-03-03 19:00:20','2022-03-03 19:00:20'),(1127,'2022-03-04',7.0,7.0,0.0,0.0,'2022-03-04 19:00:18','2022-03-04 19:00:18'),(1128,'2022-03-05',0.0,0.0,0.0,0.0,'2022-03-05 19:00:18','2022-03-05 19:00:18'),(1129,'2022-03-06',0.0,0.0,0.0,0.0,'2022-03-06 19:00:20','2022-03-06 19:00:20'),(1130,'2022-03-07',11.0,9.0,1.0,1.0,'2022-03-07 19:00:17','2022-03-07 19:00:17'),(1131,'2022-03-08',31.0,31.0,0.0,0.0,'2022-03-08 19:00:22','2022-03-08 19:00:22'),(1132,'2022-03-09',7.0,5.5,0.0,1.5,'2022-03-09 19:00:19','2022-03-09 19:00:19'),(1133,'2022-03-10',8.5,7.5,0.5,0.5,'2022-03-10 19:00:15','2022-03-10 19:00:15'),(1134,'2022-03-11',11.0,10.0,0.0,1.0,'2022-03-11 19:00:16','2022-03-11 19:00:16'),(1135,'2022-03-12',0.0,0.0,0.0,0.0,'2022-03-12 19:00:22','2022-03-12 19:00:22'),(1136,'2022-03-13',0.0,0.0,0.0,0.0,'2022-03-13 19:00:15','2022-03-13 19:00:15'),(1137,'2022-03-14',0.0,0.0,0.0,0.0,'2022-03-14 19:00:15','2022-03-14 19:00:15'),(1138,'2022-03-15',13.0,13.0,0.0,0.0,'2022-03-15 19:00:23','2022-03-15 19:00:23'),(1139,'2022-03-16',11.0,10.5,0.0,0.5,'2022-03-16 19:00:19','2022-03-16 19:00:19'),(1140,'2022-03-17',22.0,21.5,0.0,0.5,'2022-03-17 19:00:23','2022-03-17 19:00:23'),(1141,'2022-03-18',18.0,17.5,0.0,0.5,'2022-03-18 19:00:21','2022-03-18 19:00:21'),(1142,'2022-03-19',10.0,10.0,0.0,0.0,'2022-03-19 19:00:14','2022-03-19 19:00:14'),(1143,'2022-03-20',0.0,0.0,0.0,0.0,'2022-03-20 19:00:24','2022-03-20 19:00:24'),(1144,'2022-03-21',16.0,15.5,0.0,0.5,'2022-03-21 19:00:16','2022-03-21 19:00:16'),(1145,'2022-03-22',13.0,12.0,0.0,1.0,'2022-03-22 19:00:20','2022-03-22 19:00:20'),(1146,'2022-03-23',3.0,2.5,0.0,0.5,'2022-03-23 19:00:14','2022-03-23 19:00:14'),(1147,'2022-03-24',19.0,18.5,0.0,0.5,'2022-03-24 19:00:18','2022-03-24 19:00:18'),(1148,'2022-03-25',10.0,9.0,0.0,1.0,'2022-03-25 19:00:15','2022-03-25 19:00:15'),(1149,'2022-03-26',0.0,0.0,0.0,0.0,'2022-03-26 19:00:23','2022-03-26 19:00:23'),(1150,'2022-03-27',0.0,0.0,0.0,0.0,'2022-03-27 19:00:18','2022-03-27 19:00:18'),(1151,'2022-03-28',3.0,3.0,0.0,0.0,'2022-03-28 19:00:24','2022-03-28 19:00:24'),(1152,'2022-03-29',4.0,3.0,0.0,1.0,'2022-03-29 19:00:23','2022-03-29 19:00:23'),(1153,'2022-03-30',4.5,3.5,0.5,0.5,'2022-03-30 19:00:23','2022-03-30 19:00:23'),(1154,'2022-03-31',5.0,4.0,1.0,0.0,'2022-03-31 19:00:22','2022-03-31 19:00:22'),(1155,'2022-04-01',3.3,3.3,0.0,0.0,'2022-04-01 19:00:14','2022-04-01 19:00:14'),(1156,'2022-04-02',0.0,0.0,0.0,0.0,'2022-04-02 19:00:14','2022-04-02 19:00:14'),(1157,'2022-04-03',0.0,0.0,0.0,0.0,'2022-04-03 19:00:23','2022-04-03 19:00:23'),(1158,'2022-04-04',1.5,0.5,0.5,0.5,'2022-04-04 19:00:19','2022-04-04 19:00:19'),(1159,'2022-04-05',9.0,9.0,0.0,0.0,'2022-04-05 19:00:25','2022-04-05 19:00:25'),(1160,'2022-04-06',5.0,4.5,0.0,0.5,'2022-04-06 19:00:19','2022-04-06 19:00:19'),(1161,'2022-04-07',11.5,10.5,0.5,0.5,'2022-04-07 19:00:15','2022-04-07 19:00:15'),(1162,'2022-04-08',11.0,10.5,0.0,0.5,'2022-04-08 19:00:22','2022-04-08 19:00:22'),(1163,'2022-04-09',0.0,0.0,0.0,0.0,'2022-04-09 19:00:24','2022-04-09 19:00:24'),(1164,'2022-04-10',0.0,0.0,0.0,0.0,'2022-04-10 19:00:35','2022-04-10 19:00:35'),(1165,'2022-04-11',6.5,6.0,0.5,0.0,'2022-04-11 19:00:17','2022-04-11 19:00:17'),(1166,'2022-04-12',2.5,2.0,0.5,0.0,'2022-04-12 19:00:16','2022-04-12 19:00:16'),(1167,'2022-04-13',4.0,3.5,0.0,0.5,'2022-04-13 19:00:12','2022-04-13 19:00:12'),(1168,'2022-04-14',13.5,13.5,0.0,0.0,'2022-04-14 19:00:18','2022-04-14 19:00:18'),(1169,'2022-04-15',0.0,0.0,0.0,0.0,'2022-04-15 19:00:23','2022-04-15 19:00:23'),(1170,'2022-04-16',0.0,0.0,0.0,0.0,'2022-04-16 19:00:15','2022-04-16 19:00:15'),(1171,'2022-04-17',0.0,0.0,0.0,0.0,'2022-04-17 19:00:20','2022-04-17 19:00:20'),(1172,'2022-04-18',0.0,0.0,0.0,0.0,'2022-04-18 19:00:22','2022-04-18 19:00:22'),(1173,'2022-04-19',5.0,5.0,0.0,0.0,'2022-04-19 19:00:19','2022-04-19 19:00:19'),(1174,'2022-04-20',19.0,18.5,0.0,0.5,'2022-04-20 19:00:19','2022-04-20 19:00:19'),(1175,'2022-04-21',9.5,9.0,0.0,0.5,'2022-04-21 19:00:25','2022-04-21 19:00:25'),(1176,'2022-04-22',14.0,11.5,1.5,1.0,'2022-04-22 19:00:18','2022-04-22 19:00:18'),(1177,'2022-04-23',0.0,0.0,0.0,0.0,'2022-04-23 19:00:15','2022-04-23 19:00:15'),(1178,'2022-04-24',0.0,0.0,0.0,0.0,'2022-04-24 19:00:21','2022-04-24 19:00:21'),(1179,'2022-04-25',0.0,0.0,0.0,0.0,'2022-04-25 19:00:18','2022-04-25 19:00:18'),(1180,'2022-04-26',0.5,0.0,0.5,0.0,'2022-04-26 19:00:23','2022-04-26 19:00:23'),(1181,'2022-04-27',10.0,8.5,0.0,1.5,'2022-04-27 19:00:14','2022-04-27 19:00:14'),(1182,'2022-04-28',1.0,0.0,1.0,0.0,'2022-04-28 19:00:23','2022-04-28 19:00:23'),(1183,'2022-04-29',7.5,7.0,0.5,0.0,'2022-04-29 19:00:19','2022-04-29 19:00:19'),(1184,'2022-04-30',0.0,0.0,0.0,0.0,'2022-04-30 19:00:15','2022-04-30 19:00:15'),(1185,'2022-05-01',0.0,0.0,0.0,0.0,'2022-05-01 19:00:15','2022-05-01 19:00:15'),(1186,'2022-05-02',3.0,3.0,0.0,0.0,'2022-05-02 19:00:30','2022-05-02 19:00:30'),(1187,'2022-05-03',0.0,0.0,0.0,0.0,'2022-05-03 19:00:20','2022-05-03 19:00:20'),(1188,'2022-05-04',5.0,3.0,1.0,1.0,'2022-05-04 19:00:25','2022-05-04 19:00:25'),(1189,'2022-05-05',1.5,1.0,0.5,0.0,'2022-05-05 19:00:20','2022-05-05 19:00:20'),(1190,'2022-05-06',5.0,5.0,0.0,0.0,'2022-05-06 19:00:18','2022-05-06 19:00:18'),(1191,'2022-05-07',0.0,0.0,0.0,0.0,'2022-05-07 19:00:18','2022-05-07 19:00:18'),(1192,'2022-05-08',0.0,0.0,0.0,0.0,'2022-05-08 19:00:18','2022-05-08 19:00:18'),(1193,'2022-05-09',4.0,4.0,0.0,0.0,'2022-05-09 19:00:25','2022-05-09 19:00:25'),(1194,'2022-05-10',7.0,7.0,0.0,0.0,'2022-05-10 19:00:24','2022-05-10 19:00:24'),(1195,'2022-05-11',10.0,10.0,0.0,0.0,'2022-05-11 19:00:23','2022-05-11 19:00:23'),(1196,'2022-05-12',5.0,5.0,0.0,0.0,'2022-05-12 19:00:18','2022-05-12 19:00:18'),(1197,'2022-05-13',6.0,5.0,0.0,1.0,'2022-05-13 19:00:24','2022-05-13 19:00:24'),(1198,'2022-05-14',0.0,0.0,0.0,0.0,'2022-05-14 19:00:15','2022-05-14 19:00:15'),(1199,'2022-05-15',0.0,0.0,0.0,0.0,'2022-05-15 19:00:21','2022-05-15 19:00:21'),(1200,'2022-05-16',5.0,5.0,0.0,0.0,'2022-05-16 19:00:22','2022-05-16 19:00:22'),(1201,'2022-05-17',10.0,9.5,0.0,0.5,'2022-05-17 19:00:26','2022-05-17 19:00:26'),(1202,'2022-05-18',2.5,1.5,0.5,0.5,'2022-05-18 19:00:28','2022-05-18 19:00:28'),(1203,'2022-05-19',0.0,0.0,0.0,0.0,'2022-05-19 19:00:19','2022-05-19 19:00:19'),(1204,'2022-05-20',11.0,11.0,0.0,0.0,'2022-05-20 19:00:21','2022-05-20 19:00:21'),(1205,'2022-05-21',0.0,0.0,0.0,0.0,'2022-05-21 19:00:24','2022-05-21 19:00:24'),(1206,'2022-05-22',0.0,0.0,0.0,0.0,'2022-05-22 19:00:13','2022-05-22 19:00:13'),(1207,'2022-05-23',3.0,3.0,0.0,0.0,'2022-05-23 19:00:17','2022-05-23 19:00:17'),(1208,'2022-05-24',1.0,1.0,0.0,0.0,'2022-05-24 19:00:12','2022-05-24 19:00:12'),(1209,'2022-05-25',0.0,0.0,0.0,0.0,'2022-05-25 19:00:22','2022-05-25 19:00:22'),(1210,'2022-05-26',2.0,2.0,0.0,0.0,'2022-05-26 19:00:29','2022-05-26 19:00:29'),(1211,'2022-05-27',2.5,1.5,0.5,0.5,'2022-05-27 19:00:21','2022-05-27 19:00:21'),(1212,'2022-05-28',0.0,0.0,0.0,0.0,'2022-05-28 19:00:18','2022-05-28 19:00:18'),(1213,'2022-05-29',0.0,0.0,0.0,0.0,'2022-05-29 19:00:23','2022-05-29 19:00:23'),(1214,'2022-05-30',0.5,0.0,0.5,0.0,'2022-05-30 19:00:22','2022-05-30 19:00:22'),(1215,'2022-05-31',21.5,21.0,0.5,0.0,'2022-05-31 19:00:19','2022-05-31 19:00:19'),(1216,'2022-06-01',0.0,0.0,0.0,0.0,'2022-06-01 19:00:22','2022-06-01 19:00:22'),(1217,'2022-06-02',6.5,5.5,0.0,1.0,'2022-06-02 19:00:18','2022-06-02 19:00:18'),(1218,'2022-06-03',2.0,1.0,0.0,1.0,'2022-06-03 19:00:19','2022-06-03 19:00:19'),(1219,'2022-06-04',0.0,0.0,0.0,0.0,'2022-06-04 19:00:15','2022-06-04 19:00:15'),(1220,'2022-06-05',0.0,0.0,0.0,0.0,'2022-06-05 19:00:12','2022-06-05 19:00:12'),(1221,'2022-06-06',4.0,4.0,0.0,0.0,'2022-06-06 19:00:22','2022-06-06 19:00:22'),(1222,'2022-06-07',2.0,2.0,0.0,0.0,'2022-06-07 19:00:14','2022-06-07 19:00:14'),(1223,'2022-06-08',4.0,4.0,0.0,0.0,'2022-06-08 19:00:23','2022-06-08 19:00:23'),(1224,'2022-06-09',2.5,1.5,0.5,0.5,'2022-06-09 19:00:18','2022-06-09 19:00:18'),(1225,'2022-06-10',9.0,8.0,0.0,1.0,'2022-06-10 19:00:16','2022-06-10 19:00:16'),(1226,'2022-06-11',0.0,0.0,0.0,0.0,'2022-06-11 19:00:14','2022-06-11 19:00:14'),(1227,'2022-06-12',0.0,0.0,0.0,0.0,'2022-06-12 19:00:14','2022-06-12 19:00:14'),(1228,'2022-06-13',0.0,0.0,0.0,0.0,'2022-06-13 19:00:20','2022-06-13 19:00:20'),(1229,'2022-06-14',19.0,18.5,0.0,0.5,'2022-06-14 19:00:23','2022-06-14 19:00:23'),(1230,'2022-06-15',6.0,5.5,0.0,0.5,'2022-06-15 19:00:14','2022-06-15 19:00:14'),(1231,'2022-06-16',5.0,5.0,0.0,0.0,'2022-06-16 19:00:24','2022-06-16 19:00:24'),(1232,'2022-06-17',8.0,7.5,0.0,0.5,'2022-06-17 19:00:15','2022-06-17 19:00:15'),(1233,'2022-06-18',0.0,0.0,0.0,0.0,'2022-06-18 19:00:16','2022-06-18 19:00:16'),(1234,'2022-06-19',0.0,0.0,0.0,0.0,'2022-06-19 19:00:24','2022-06-19 19:00:24'),(1235,'2022-06-20',2.0,1.0,0.0,1.0,'2022-06-20 19:00:15','2022-06-20 19:00:15'),(1236,'2022-06-21',11.0,10.5,0.0,0.5,'2022-06-21 19:00:27','2022-06-21 19:00:27'),(1237,'2022-06-22',6.0,5.0,0.0,1.0,'2022-06-22 19:00:17','2022-06-22 19:00:17'),(1238,'2022-06-23',10.0,9.5,0.0,0.5,'2022-06-23 19:00:28','2022-06-23 19:00:28'),(1239,'2022-06-24',3.0,3.0,0.0,0.0,'2022-06-24 19:00:23','2022-06-24 19:00:23'),(1240,'2022-06-25',0.0,0.0,0.0,0.0,'2022-06-25 19:00:20','2022-06-25 19:00:20'),(1241,'2022-06-26',0.0,0.0,0.0,0.0,'2022-06-26 19:00:20','2022-06-26 19:00:20'),(1242,'2022-06-27',1.0,0.5,0.0,0.5,'2022-06-27 19:00:14','2022-06-27 19:00:14'),(1243,'2022-06-28',0.0,0.0,0.0,0.0,'2022-06-28 19:00:26','2022-06-28 19:00:26'),(1244,'2022-06-29',4.5,4.5,0.0,0.0,'2022-06-29 19:00:12','2022-06-29 19:00:12'),(1245,'2022-06-30',1.0,0.0,1.0,0.0,'2022-06-30 19:00:13','2022-06-30 19:00:13'),(1246,'2022-07-01',1.0,0.5,0.0,0.5,'2022-07-01 19:00:20','2022-07-01 19:00:20'),(1247,'2022-07-02',0.0,0.0,0.0,0.0,'2022-07-02 19:00:18','2022-07-02 19:00:18'),(1248,'2022-07-03',0.0,0.0,0.0,0.0,'2022-07-03 19:00:23','2022-07-03 19:00:23'),(1249,'2022-07-04',10.0,10.0,0.0,0.0,'2022-07-04 19:00:18','2022-07-04 19:00:18'),(1250,'2022-07-05',4.0,4.0,0.0,0.0,'2022-07-05 19:00:14','2022-07-05 19:00:14'),(1251,'2022-07-06',6.5,5.5,0.5,0.5,'2022-07-06 19:00:13','2022-07-06 19:00:13'),(1252,'2022-07-07',15.8,15.8,0.0,0.0,'2022-07-07 19:00:26','2022-07-07 19:00:26'),(1253,'2022-07-08',0.0,0.0,0.0,0.0,'2022-07-08 19:00:23','2022-07-08 19:00:23'),(1254,'2022-07-09',0.0,0.0,0.0,0.0,'2022-07-09 19:00:11','2022-07-09 19:00:11'),(1255,'2022-07-10',0.0,0.0,0.0,0.0,'2022-07-10 19:00:11','2022-07-10 19:00:11'),(1256,'2022-07-11',10.0,8.5,0.0,1.5,'2022-07-11 19:00:20','2022-07-11 19:00:20'),(1257,'2022-07-12',3.0,2.5,0.0,0.5,'2022-07-12 19:00:21','2022-07-12 19:00:21'),(1258,'2022-07-13',0.0,0.0,0.0,0.0,'2022-07-13 19:00:20','2022-07-13 19:00:20'),(1259,'2022-07-14',10.0,10.0,0.0,0.0,'2022-07-14 19:00:14','2022-07-14 19:00:14'),(1260,'2022-07-15',1.0,0.5,0.0,0.5,'2022-07-15 19:00:21','2022-07-15 19:00:21'),(1261,'2022-07-16',0.0,0.0,0.0,0.0,'2022-07-16 19:00:11','2022-07-16 19:00:11'),(1262,'2022-07-17',0.0,0.0,0.0,0.0,'2022-07-17 19:00:20','2022-07-17 19:00:20'),(1263,'2022-07-18',0.0,0.0,0.0,0.0,'2022-07-18 19:00:18','2022-07-18 19:00:18'),(1264,'2022-07-19',2.0,2.0,0.0,0.0,'2022-07-19 19:00:23','2022-07-19 19:00:23'),(1265,'2022-07-20',4.0,4.0,0.0,0.0,'2022-07-20 19:00:22','2022-07-20 19:00:22'),(1266,'2022-07-21',11.0,11.0,0.0,0.0,'2022-07-21 19:00:14','2022-07-21 19:00:14'),(1267,'2022-07-22',9.8,9.8,0.0,0.0,'2022-07-22 19:00:12','2022-07-22 19:00:12'),(1268,'2022-07-23',0.0,0.0,0.0,0.0,'2022-07-23 19:00:12','2022-07-23 19:00:12'),(1269,'2022-07-24',0.0,0.0,0.0,0.0,'2022-07-24 19:00:11','2022-07-24 19:00:11'),(1270,'2022-07-25',1.0,0.5,0.0,0.5,'2022-07-25 19:00:19','2022-07-25 19:00:19'),(1271,'2022-07-26',18.0,18.0,0.0,0.0,'2022-07-26 19:00:22','2022-07-26 19:00:22'),(1272,'2022-07-27',2.0,2.0,0.0,0.0,'2022-07-27 19:00:23','2022-07-27 19:00:23'),(1273,'2022-07-28',11.5,11.5,0.0,0.0,'2022-07-28 19:00:12','2022-07-28 19:00:12'),(1274,'2022-07-29',9.0,9.0,0.0,0.0,'2022-07-29 19:00:28','2022-07-29 19:00:28'),(1275,'2022-07-30',0.0,0.0,0.0,0.0,'2022-07-30 19:00:20','2022-07-30 19:00:20'),(1276,'2022-07-31',0.0,0.0,0.0,0.0,'2022-07-31 19:00:23','2022-07-31 19:00:23'),(1277,'2022-08-01',12.5,12.0,0.0,0.5,'2022-08-01 19:00:22','2022-08-01 19:00:22'),(1278,'2022-08-02',1.0,1.0,0.0,0.0,'2022-08-02 19:00:19','2022-08-02 19:00:19'),(1279,'2022-08-03',4.0,4.0,0.0,0.0,'2022-08-03 19:00:19','2022-08-03 19:00:19'),(1280,'2022-08-04',2.0,1.0,0.0,1.0,'2022-08-04 19:00:18','2022-08-04 19:00:18'),(1281,'2022-08-05',12.0,11.5,0.0,0.5,'2022-08-05 19:00:23','2022-08-05 19:00:23'),(1282,'2022-08-06',0.0,0.0,0.0,0.0,'2022-08-06 19:00:11','2022-08-06 19:00:11'),(1283,'2022-08-07',0.0,0.0,0.0,0.0,'2022-08-07 19:00:11','2022-08-07 19:00:11'),(1284,'2022-08-08',5.0,5.0,0.0,0.0,'2022-08-08 19:00:12','2022-08-08 19:00:12'),(1285,'2022-08-09',5.0,5.0,0.0,0.0,'2022-08-09 19:00:23','2022-08-09 19:00:23'),(1286,'2022-08-10',10.5,9.0,1.0,0.5,'2022-08-10 19:00:23','2022-08-10 19:00:23'),(1287,'2022-08-11',4.5,4.0,0.5,0.0,'2022-08-11 19:00:19','2022-08-11 19:00:19'),(1288,'2022-08-12',0.0,0.0,0.0,0.0,'2022-08-12 19:00:26','2022-08-12 19:00:26'),(1289,'2022-08-13',0.0,0.0,0.0,0.0,'2022-08-13 19:00:13','2022-08-13 19:00:13'),(1290,'2022-08-14',0.0,0.0,0.0,0.0,'2022-08-14 19:00:15','2022-08-14 19:00:15'),(1291,'2022-08-15',15.8,14.8,0.0,1.0,'2022-08-15 19:00:26','2022-08-15 19:00:26'),(1292,'2022-08-16',9.0,9.0,0.0,0.0,'2022-08-16 19:00:22','2022-08-16 19:00:22'),(1293,'2022-08-17',2.0,2.0,0.0,0.0,'2022-08-17 19:00:18','2022-08-17 19:00:18'),(1294,'2022-08-18',3.3,3.3,0.0,0.0,'2022-08-18 19:00:21','2022-08-18 19:00:21'),(1295,'2022-08-19',9.8,9.8,0.0,0.0,'2022-08-19 19:00:12','2022-08-19 19:00:12'),(1296,'2022-08-20',0.0,0.0,0.0,0.0,'2022-08-20 19:00:11','2022-08-20 19:00:11'),(1297,'2022-08-21',0.0,0.0,0.0,0.0,'2022-08-21 19:00:20','2022-08-21 19:00:20'),(1298,'2022-08-22',0.0,0.0,0.0,0.0,'2022-08-22 19:00:24','2022-08-22 19:00:24'),(1299,'2022-08-23',8.5,8.5,0.0,0.0,'2022-08-23 19:00:21','2022-08-23 19:00:21'),(1300,'2022-08-24',1.0,1.0,0.0,0.0,'2022-08-24 19:00:23','2022-08-24 19:00:23'),(1301,'2022-08-25',27.0,26.5,0.0,0.5,'2022-08-25 19:00:24','2022-08-25 19:00:24'),(1302,'2022-08-26',7.5,7.5,0.0,0.0,'2022-08-26 19:00:24','2022-08-26 19:00:24'),(1303,'2022-08-27',0.0,0.0,0.0,0.0,'2022-08-27 19:00:12','2022-08-27 19:00:12'),(1304,'2022-08-28',0.0,0.0,0.0,0.0,'2022-08-28 19:00:21','2022-08-28 19:00:21'),(1305,'2022-08-29',7.5,7.0,0.5,0.0,'2022-08-29 19:00:23','2022-08-29 19:00:23'),(1306,'2022-08-30',1.0,0.5,0.0,0.5,'2022-08-30 19:00:17','2022-08-30 19:00:17'),(1307,'2022-08-31',6.8,6.3,0.0,0.5,'2022-08-31 19:00:16','2022-08-31 19:00:16'),(1308,'2022-09-01',3.0,3.0,0.0,0.0,'2022-09-01 19:00:19','2022-09-01 19:00:19'),(1309,'2022-09-02',5.8,5.8,0.0,0.0,'2022-09-02 19:00:23','2022-09-02 19:00:23'),(1310,'2022-09-03',0.0,0.0,0.0,0.0,'2022-09-03 19:00:22','2022-09-03 19:00:22'),(1311,'2022-09-04',0.0,0.0,0.0,0.0,'2022-09-04 19:00:19','2022-09-04 19:00:19'),(1312,'2022-09-05',12.5,12.5,0.0,0.0,'2022-09-05 19:00:14','2022-09-05 19:00:14'),(1313,'2022-09-06',1.0,1.0,0.0,0.0,'2022-09-06 19:00:20','2022-09-06 19:00:20'),(1314,'2022-09-07',10.3,10.3,0.0,0.0,'2022-09-07 19:00:19','2022-09-07 19:00:19'),(1315,'2022-09-08',9.0,9.0,0.0,0.0,'2022-09-08 19:00:13','2022-09-08 19:00:13'),(1316,'2022-09-09',8.0,8.0,0.0,0.0,'2022-09-09 19:00:15','2022-09-09 19:00:15'),(1317,'2022-09-10',0.0,0.0,0.0,0.0,'2022-09-10 19:00:20','2022-09-10 19:00:20'),(1318,'2022-09-11',0.0,0.0,0.0,0.0,'2022-09-11 19:00:11','2022-09-11 19:00:11'),(1319,'2022-09-12',13.5,13.0,0.5,0.0,'2022-09-12 19:00:23','2022-09-12 19:00:23'),(1320,'2022-09-13',1.0,1.0,0.0,0.0,'2022-09-13 19:00:20','2022-09-13 19:00:20'),(1321,'2022-09-14',9.3,8.8,0.0,0.5,'2022-09-14 19:00:13','2022-09-14 19:00:13'),(1322,'2022-09-15',2.0,1.5,0.0,0.5,'2022-09-15 19:00:23','2022-09-15 19:00:23'),(1323,'2022-09-16',3.0,3.0,0.0,0.0,'2022-09-16 19:00:12','2022-09-16 19:00:12'),(1324,'2022-09-17',0.0,0.0,0.0,0.0,'2022-09-17 19:00:13','2022-09-17 19:00:13'),(1325,'2022-09-18',0.0,0.0,0.0,0.0,'2022-09-18 19:00:12','2022-09-18 19:00:12'),(1326,'2022-09-19',1.0,0.5,0.0,0.5,'2022-09-19 19:00:13','2022-09-19 19:00:13'),(1327,'2022-09-20',9.8,9.8,0.0,0.0,'2022-09-20 19:00:13','2022-09-20 19:00:13'),(1328,'2022-09-21',9.0,9.0,0.0,0.0,'2022-09-21 19:00:13','2022-09-21 19:00:13'),(1329,'2022-09-22',0.0,0.0,0.0,0.0,'2022-09-22 19:00:13','2022-09-22 19:00:13'),(1330,'2022-09-23',0.0,0.0,0.0,0.0,'2022-09-23 19:00:14','2022-09-23 19:00:14'),(1331,'2022-09-24',8.0,8.0,0.0,0.0,'2022-09-24 19:00:13','2022-09-24 19:00:13'),(1332,'2022-09-25',0.0,0.0,0.0,0.0,'2022-09-25 19:00:22','2022-09-25 19:00:22'),(1333,'2022-09-26',0.5,0.0,0.5,0.0,'2022-09-26 19:00:15','2022-09-26 19:00:15'),(1334,'2022-09-27',10.0,10.0,0.0,0.0,'2022-09-27 19:00:14','2022-09-27 19:00:14'),(1335,'2022-09-28',1.0,0.5,0.0,0.5,'2022-09-28 19:00:18','2022-09-28 19:00:18'),(1336,'2022-09-29',17.0,16.5,0.0,0.5,'2022-09-29 19:00:14','2022-09-29 19:00:14'),(1337,'2022-09-30',0.0,0.0,0.0,0.0,'2022-09-30 19:00:22','2022-09-30 19:00:22'),(1338,'2022-10-01',0.0,0.0,0.0,0.0,'2022-10-01 19:00:24','2022-10-01 19:00:24'),(1339,'2022-10-02',0.0,0.0,0.0,0.0,'2022-10-02 19:00:19','2022-10-02 19:00:19'),(1340,'2022-10-03',1.0,0.5,0.0,0.5,'2022-10-03 19:00:20','2022-10-03 19:00:20'),(1341,'2022-10-04',4.0,4.0,0.0,0.0,'2022-10-04 19:00:17','2022-10-04 19:00:17'),(1342,'2022-10-05',2.0,1.0,0.0,1.0,'2022-10-05 19:00:17','2022-10-05 19:00:17'),(1343,'2022-10-06',3.5,3.0,0.0,0.5,'2022-10-06 19:00:27','2022-10-06 19:00:27'),(1344,'2022-10-07',8.5,7.5,0.5,0.5,'2022-10-07 19:00:17','2022-10-07 19:00:17'),(1345,'2022-10-08',0.0,0.0,0.0,0.0,'2022-10-08 19:00:20','2022-10-08 19:00:20'),(1346,'2022-10-09',0.0,0.0,0.0,0.0,'2022-10-09 19:00:13','2022-10-09 19:00:13'),(1347,'2022-10-10',1.0,0.5,0.0,0.5,'2022-10-10 19:00:14','2022-10-10 19:00:14'),(1348,'2022-10-11',11.0,11.0,0.0,0.0,'2022-10-11 19:00:12','2022-10-11 19:00:12'),(1349,'2022-10-12',1.0,0.5,0.0,0.5,'2022-10-12 19:00:11','2022-10-12 19:00:11'),(1350,'2022-10-13',0.0,0.0,0.0,0.0,'2022-10-13 19:00:16','2022-10-13 19:00:16'),(1351,'2022-10-14',18.0,18.0,0.0,0.0,'2022-10-14 19:00:22','2022-10-14 19:00:22'),(1352,'2022-10-15',0.0,0.0,0.0,0.0,'2022-10-15 19:00:13','2022-10-15 19:00:13'),(1353,'2022-10-16',0.0,0.0,0.0,0.0,'2022-10-16 19:00:12','2022-10-16 19:00:12'),(1354,'2022-10-17',8.0,7.5,0.0,0.5,'2022-10-17 19:00:14','2022-10-17 19:00:14'),(1355,'2022-10-18',1.0,0.5,0.0,0.5,'2022-10-18 19:00:26','2022-10-18 19:00:26'),(1356,'2022-10-19',0.0,0.0,0.0,0.0,'2022-10-19 19:00:12','2022-10-19 19:00:12'),(1357,'2022-10-20',7.0,4.5,0.0,2.5,'2022-10-20 19:00:24','2022-10-20 19:00:24'),(1358,'2022-10-21',4.0,4.0,0.0,0.0,'2022-10-21 19:00:14','2022-10-21 19:00:14'),(1359,'2022-10-22',0.0,0.0,0.0,0.0,'2022-10-22 19:00:15','2022-10-22 19:00:15'),(1360,'2022-10-23',0.0,0.0,0.0,0.0,'2022-10-23 19:00:20','2022-10-23 19:00:20'),(1361,'2022-10-24',2.0,1.5,0.0,0.5,'2022-10-24 19:00:21','2022-10-24 19:00:21'),(1362,'2022-10-25',1.5,0.5,0.5,0.5,'2022-10-25 19:00:25','2022-10-25 19:00:25'),(1363,'2022-10-26',10.0,9.0,0.0,1.0,'2022-10-26 19:00:12','2022-10-26 19:00:12'),(1364,'2022-10-27',0.0,0.0,0.0,0.0,'2022-10-27 19:00:12','2022-10-27 19:00:12'),(1365,'2022-10-28',14.0,14.0,0.0,0.0,'2022-10-28 19:00:23','2022-10-28 19:00:23'),(1366,'2022-10-29',0.0,0.0,0.0,0.0,'2022-10-29 19:00:12','2022-10-29 19:00:12'),(1367,'2022-10-30',0.0,0.0,0.0,0.0,'2022-10-30 19:00:18','2022-10-30 19:00:18'),(1368,'2022-10-31',0.0,0.0,0.0,0.0,'2022-10-31 19:00:24','2022-10-31 19:00:24'),(1369,'2022-11-01',0.0,0.0,0.0,0.0,'2022-11-01 19:00:24','2022-11-01 19:00:24'),(1370,'2022-11-02',0.5,0.0,0.5,0.0,'2022-11-02 19:00:25','2022-11-02 19:00:25'),(1371,'2022-11-03',8.5,8.0,0.0,0.5,'2022-11-03 19:00:13','2022-11-03 19:00:13'),(1372,'2022-11-04',5.0,4.5,0.0,0.5,'2022-11-04 19:00:17','2022-11-04 19:00:17'),(1373,'2022-11-05',0.0,0.0,0.0,0.0,'2022-11-05 19:00:16','2022-11-05 19:00:16'),(1374,'2022-11-06',0.0,0.0,0.0,0.0,'2022-11-06 19:00:17','2022-11-06 19:00:17'),(1375,'2022-11-07',0.5,0.0,0.5,0.0,'2022-11-07 19:00:12','2022-11-07 19:00:12'),(1376,'2022-11-08',2.0,1.0,0.0,1.0,'2022-11-08 19:00:12','2022-11-08 19:00:12'),(1377,'2022-11-09',4.0,3.0,0.5,0.5,'2022-11-09 19:00:15','2022-11-09 19:00:15'),(1378,'2022-11-10',1.0,0.0,1.0,0.0,'2022-11-10 19:00:14','2022-11-10 19:00:14'),(1379,'2022-11-11',12.0,11.0,1.0,0.0,'2022-11-11 19:00:13','2022-11-11 19:00:13'),(1380,'2022-11-12',0.0,0.0,0.0,0.0,'2022-11-12 19:00:13','2022-11-12 19:00:13'),(1381,'2022-11-13',0.0,0.0,0.0,0.0,'2022-11-13 19:00:17','2022-11-13 19:00:17'),(1382,'2022-11-14',4.0,4.0,0.0,0.0,'2022-11-14 19:00:12','2022-11-14 19:00:12'),(1383,'2022-11-15',1.0,1.0,0.0,0.0,'2022-11-15 19:00:12','2022-11-15 19:00:12'),(1384,'2022-11-16',2.0,1.0,0.5,0.5,'2022-11-16 19:00:13','2022-11-16 19:00:13'),(1385,'2022-11-17',8.0,8.0,0.0,0.0,'2022-11-17 19:00:12','2022-11-17 19:00:12'),(1386,'2022-11-18',4.0,4.0,0.0,0.0,'2022-11-18 19:00:13','2022-11-18 19:00:13'),(1387,'2022-11-19',0.0,0.0,0.0,0.0,'2022-11-19 19:00:14','2022-11-19 19:00:14'),(1388,'2022-11-20',0.0,0.0,0.0,0.0,'2022-11-20 19:00:14','2022-11-20 19:00:14'),(1389,'2022-11-21',6.0,6.0,0.0,0.0,'2022-11-21 19:00:13','2022-11-21 19:00:13'),(1390,'2022-11-22',0.0,0.0,0.0,0.0,'2022-11-22 19:00:13','2022-11-22 19:00:13'),(1391,'2022-11-23',5.0,4.5,0.5,0.0,'2022-11-23 19:00:13','2022-11-23 19:00:13'),(1392,'2022-11-24',7.5,7.5,0.0,0.0,'2022-11-24 19:00:13','2022-11-24 19:00:13'),(1393,'2022-11-25',5.0,4.5,0.0,0.5,'2022-11-25 19:00:14','2022-11-25 19:00:14'),(1394,'2022-11-26',0.0,0.0,0.0,0.0,'2022-11-26 19:00:17','2022-11-26 19:00:17'),(1395,'2022-11-27',0.0,0.0,0.0,0.0,'2022-11-27 19:00:15','2022-11-27 19:00:15'),(1396,'2022-11-28',13.0,12.5,0.0,0.5,'2022-11-28 19:00:14','2022-11-28 19:00:14'),(1397,'2022-11-29',1.3,1.3,0.0,0.0,'2022-11-29 19:00:12','2022-11-29 19:00:12'),(1398,'2022-11-30',0.0,0.0,0.0,0.0,'2022-11-30 19:00:12','2022-11-30 19:00:12'),(1399,'2022-12-01',2.8,2.3,0.0,0.5,'2022-12-01 19:00:12','2022-12-01 19:00:12'),(1400,'2022-12-02',8.3,7.8,0.0,0.5,'2022-12-02 19:00:13','2022-12-02 19:00:13'),(1401,'2022-12-03',0.0,0.0,0.0,0.0,'2022-12-03 19:00:14','2022-12-03 19:00:14'),(1402,'2022-12-04',0.0,0.0,0.0,0.0,'2022-12-04 19:00:14','2022-12-04 19:00:14'),(1403,'2022-12-05',0.0,0.0,0.0,0.0,'2022-12-05 19:00:13','2022-12-05 19:00:13'),(1404,'2022-12-06',15.0,15.0,0.0,0.0,'2022-12-06 19:00:12','2022-12-06 19:00:12'),(1405,'2022-12-07',9.5,8.5,0.5,0.5,'2022-12-07 19:00:12','2022-12-07 19:00:12'),(1406,'2022-12-08',5.0,5.0,0.0,0.0,'2022-12-08 19:00:12','2022-12-08 19:00:12'),(1407,'2022-12-09',0.0,0.0,0.0,0.0,'2022-12-09 19:00:13','2022-12-09 19:00:13'),(1408,'2022-12-10',0.0,0.0,0.0,0.0,'2022-12-10 19:00:13','2022-12-10 19:00:13'),(1409,'2022-12-11',0.0,0.0,0.0,0.0,'2022-12-11 19:00:13','2022-12-11 19:00:13'),(1410,'2022-12-12',0.0,0.0,0.0,0.0,'2022-12-12 19:00:14','2022-12-12 19:00:14'),(1411,'2022-12-13',6.0,5.5,0.0,0.5,'2022-12-13 19:00:15','2022-12-13 19:00:15'),(1412,'2022-12-14',10.0,10.0,0.0,0.0,'2022-12-14 19:00:12','2022-12-14 19:00:12'),(1413,'2022-12-15',7.0,6.5,0.5,0.0,'2022-12-15 19:00:12','2022-12-15 19:00:12'),(1414,'2022-12-16',2.0,1.5,0.5,0.0,'2022-12-16 19:00:13','2022-12-16 19:00:13'),(1415,'2022-12-17',0.0,0.0,0.0,0.0,'2022-12-17 19:00:13','2022-12-17 19:00:13'),(1416,'2022-12-18',0.0,0.0,0.0,0.0,'2022-12-18 19:00:13','2022-12-18 19:00:13'),(1417,'2022-12-19',0.0,0.0,0.0,0.0,'2022-12-19 19:00:13','2022-12-19 19:00:13'),(1418,'2022-12-20',0.5,0.0,0.5,0.0,'2022-12-20 19:00:13','2022-12-20 19:00:13'),(1419,'2022-12-21',0.0,0.0,0.0,0.0,'2022-12-21 19:00:15','2022-12-21 19:00:15'),(1420,'2022-12-22',0.0,0.0,0.0,0.0,'2022-12-22 19:00:12','2022-12-22 19:00:12'),(1421,'2022-12-23',0.0,0.0,0.0,0.0,'2022-12-23 19:00:12','2022-12-23 19:00:12'),(1422,'2022-12-24',0.0,0.0,0.0,0.0,'2022-12-24 19:00:14','2022-12-24 19:00:14'),(1423,'2022-12-25',0.0,0.0,0.0,0.0,'2022-12-25 19:00:13','2022-12-25 19:00:13'),(1424,'2022-12-26',0.0,0.0,0.0,0.0,'2022-12-26 19:00:12','2022-12-26 19:00:12'),(1425,'2022-12-27',0.0,0.0,0.0,0.0,'2022-12-27 19:00:13','2022-12-27 19:00:13'),(1426,'2022-12-28',0.0,0.0,0.0,0.0,'2022-12-28 19:00:13','2022-12-28 19:00:13'),(1427,'2022-12-29',0.0,0.0,0.0,0.0,'2022-12-29 19:00:12','2022-12-29 19:00:12'),(1428,'2022-12-30',0.0,0.0,0.0,0.0,'2022-12-30 19:00:13','2022-12-30 19:00:13'),(1429,'2022-12-31',0.0,0.0,0.0,0.0,'2022-12-31 19:00:13','2022-12-31 19:00:13'),(1430,'2023-01-01',0.0,0.0,0.0,0.0,'2023-01-01 19:00:13','2023-01-01 19:00:13'),(1431,'2023-01-02',0.0,0.0,0.0,0.0,'2023-01-02 19:00:14','2023-01-02 19:00:14'),(1432,'2023-01-03',0.0,0.0,0.0,0.0,'2023-01-03 19:00:13','2023-01-03 19:00:13'),(1433,'2023-01-04',0.0,0.0,0.0,0.0,'2023-01-04 19:00:15','2023-01-04 19:00:15'),(1434,'2023-01-05',0.0,0.0,0.0,0.0,'2023-01-05 19:00:14','2023-01-05 19:00:14'),(1435,'2023-01-06',0.0,0.0,0.0,0.0,'2023-01-06 19:00:14','2023-01-06 19:00:14'),(1436,'2023-01-07',0.0,0.0,0.0,0.0,'2023-01-07 19:00:15','2023-01-07 19:00:15'),(1437,'2023-01-08',0.0,0.0,0.0,0.0,'2023-01-08 19:00:17','2023-01-08 19:00:17'),(1438,'2023-01-09',0.0,0.0,0.0,0.0,'2023-01-09 19:00:14','2023-01-09 19:00:14'),(1439,'2023-01-10',0.0,0.0,0.0,0.0,'2023-01-10 19:00:13','2023-01-10 19:00:13'),(1440,'2023-01-11',0.0,0.0,0.0,0.0,'2023-01-11 19:00:13','2023-01-11 19:00:13'),(1441,'2023-01-12',0.0,0.0,0.0,0.0,'2023-01-12 19:00:12','2023-01-12 19:00:12'),(1442,'2023-01-13',0.0,0.0,0.0,0.0,'2023-01-13 19:00:14','2023-01-13 19:00:14'),(1443,'2023-01-14',0.0,0.0,0.0,0.0,'2023-01-14 19:00:12','2023-01-14 19:00:12'),(1444,'2023-01-15',0.0,0.0,0.0,0.0,'2023-01-15 19:00:14','2023-01-15 19:00:14'),(1445,'2023-01-16',1.0,0.5,0.0,0.5,'2023-01-16 19:00:12','2023-01-16 19:00:12'),(1446,'2023-01-17',1.0,0.5,0.0,0.5,'2023-01-17 19:00:13','2023-01-17 19:00:13'),(1447,'2023-01-18',1.5,0.5,0.5,0.5,'2023-01-18 19:00:15','2023-01-18 19:00:15'),(1448,'2023-01-19',2.0,2.0,0.0,0.0,'2023-01-19 19:00:13','2023-01-19 19:00:13'),(1449,'2023-01-20',10.0,10.0,0.0,0.0,'2023-01-20 19:00:13','2023-01-20 19:00:13'),(1450,'2023-01-21',0.0,0.0,0.0,0.0,'2023-01-21 19:00:14','2023-01-21 19:00:14'),(1451,'2023-01-22',0.0,0.0,0.0,0.0,'2023-01-22 19:00:15','2023-01-22 19:00:15'),(1452,'2023-01-23',1.0,1.0,0.0,0.0,'2023-01-23 19:00:12','2023-01-23 19:00:12'),(1453,'2023-01-24',2.5,2.5,0.0,0.0,'2023-01-24 19:00:13','2023-01-24 19:00:13'),(1454,'2023-01-25',1.0,1.0,0.0,0.0,'2023-01-25 19:00:13','2023-01-25 19:00:13'),(1455,'2023-01-26',0.0,0.0,0.0,0.0,'2023-01-26 19:00:14','2023-01-26 19:00:14'),(1456,'2023-01-27',0.0,0.0,0.0,0.0,'2023-01-27 19:00:12','2023-01-27 19:00:12'),(1457,'2023-01-28',0.0,0.0,0.0,0.0,'2023-01-28 19:00:12','2023-01-28 19:00:12'),(1458,'2023-01-29',0.0,0.0,0.0,0.0,'2023-01-29 19:00:13','2023-01-29 19:00:13'),(1459,'2023-01-30',6.0,5.5,0.0,0.5,'2023-01-30 19:00:14','2023-01-30 19:00:14'),(1460,'2023-01-31',11.3,10.8,0.0,0.5,'2023-01-31 19:00:13','2023-01-31 19:00:13'),(1461,'2023-02-01',1.0,1.0,0.0,0.0,'2023-02-01 19:00:13','2023-02-01 19:00:13'),(1462,'2023-02-02',0.0,0.0,0.0,0.0,'2023-02-02 19:00:13','2023-02-02 19:00:13'),(1463,'2023-02-03',5.5,5.5,0.0,0.0,'2023-02-03 19:00:13','2023-02-03 19:00:13'),(1464,'2023-02-04',0.0,0.0,0.0,0.0,'2023-02-04 19:00:13','2023-02-04 19:00:13'),(1465,'2023-02-05',0.0,0.0,0.0,0.0,'2023-02-05 19:00:14','2023-02-05 19:00:14'),(1466,'2023-02-06',0.0,0.0,0.0,0.0,'2023-02-06 19:00:13','2023-02-06 19:00:13'),(1467,'2023-02-07',15.0,15.0,0.0,0.0,'2023-02-07 19:00:13','2023-02-07 19:00:13'),(1468,'2023-02-08',2.0,2.0,0.0,0.0,'2023-02-08 19:00:13','2023-02-08 19:00:13'),(1469,'2023-02-09',1.0,1.0,0.0,0.0,'2023-02-09 19:00:15','2023-02-09 19:00:15'),(1470,'2023-02-10',3.8,3.8,0.0,0.0,'2023-02-10 19:00:13','2023-02-10 19:00:13'),(1471,'2023-02-11',0.0,0.0,0.0,0.0,'2023-02-11 19:00:13','2023-02-11 19:00:13'),(1472,'2023-02-12',0.0,0.0,0.0,0.0,'2023-02-12 19:00:15','2023-02-12 19:00:15'),(1473,'2023-02-13',0.0,0.0,0.0,0.0,'2023-02-13 19:00:16','2023-02-13 19:00:16'),(1474,'2023-02-14',4.0,3.5,0.0,0.5,'2023-02-14 19:00:13','2023-02-14 19:00:13'),(1475,'2023-02-15',0.0,0.0,0.0,0.0,'2023-02-15 19:00:13','2023-02-15 19:00:13'),(1476,'2023-02-16',1.0,1.0,0.0,0.0,'2023-02-16 19:00:13','2023-02-16 19:00:13'),(1477,'2023-02-17',0.0,0.0,0.0,0.0,'2023-02-17 19:00:13','2023-02-17 19:00:13'),(1478,'2023-02-18',0.0,0.0,0.0,0.0,'2023-02-18 19:00:16','2023-02-18 19:00:16'),(1479,'2023-02-19',0.0,0.0,0.0,0.0,'2023-02-19 19:00:13','2023-02-19 19:00:13'),(1480,'2023-02-20',5.0,4.5,0.0,0.5,'2023-02-20 19:00:14','2023-02-20 19:00:14'),(1481,'2023-02-21',16.3,15.8,0.0,0.5,'2023-02-21 19:00:14','2023-02-21 19:00:14'),(1482,'2023-02-22',5.0,4.5,0.0,0.5,'2023-02-22 19:00:13','2023-02-22 19:00:13'),(1483,'2023-02-23',0.0,0.0,0.0,0.0,'2023-02-23 19:00:13','2023-02-23 19:00:13'),(1484,'2023-02-24',1.5,0.5,0.5,0.5,'2023-02-24 19:00:13','2023-02-24 19:00:13'),(1485,'2023-02-25',0.0,0.0,0.0,0.0,'2023-02-25 19:00:15','2023-02-25 19:00:15'),(1486,'2023-02-26',0.0,0.0,0.0,0.0,'2023-02-26 19:00:13','2023-02-26 19:00:13'),(1487,'2023-02-27',0.0,0.0,0.0,0.0,'2023-02-27 19:00:13','2023-02-27 19:00:13'),(1488,'2023-02-28',1.0,1.0,0.0,0.0,'2023-02-28 19:00:14','2023-02-28 19:00:14'),(1489,'2023-03-01',11.0,10.5,0.0,0.5,'2023-03-01 19:00:14','2023-03-01 19:00:14'),(1490,'2023-03-02',7.5,7.0,0.5,0.0,'2023-03-02 19:00:13','2023-03-02 19:00:13'),(1491,'2023-03-03',7.5,7.5,0.0,0.0,'2023-03-03 19:00:14','2023-03-03 19:00:14'),(1492,'2023-03-04',0.0,0.0,0.0,0.0,'2023-03-04 19:00:20','2023-03-04 19:00:20'),(1493,'2023-03-05',0.0,0.0,0.0,0.0,'2023-03-05 19:00:16','2023-03-05 19:00:16'),(1494,'2023-03-06',2.5,2.5,0.0,0.0,'2023-03-06 19:00:41','2023-03-06 19:00:41'),(1495,'2023-03-07',1.0,1.0,0.0,0.0,'2023-03-07 19:00:22','2023-03-07 19:00:22'),(1496,'2023-03-08',2.0,1.5,0.5,0.0,'2023-03-08 19:00:16','2023-03-08 19:00:16'),(1497,'2023-03-09',5.5,5.5,0.0,0.0,'2023-03-09 19:00:16','2023-03-09 19:00:16');
CREATE TABLE `status` (
  `id` int unsigned NOT NULL AUTO_INCREMENT,
  `created_at` timestamp NULL DEFAULT NULL,
  `updated_at` timestamp NULL DEFAULT NULL,
  `status` varchar(191) CHARACTER SET utf8mb4 COLLATE utf8mb4_unicode_ci NOT NULL,
  `order` int DEFAULT NULL,
  PRIMARY KEY (`id`)
) ENGINE=InnoDB AUTO_INCREMENT=11 DEFAULT CHARSET=utf8mb4 COLLATE=utf8mb4_unicode_ci;

INSERT INTO `status` VALUES (1,NULL,NULL,'NEW',1),(2,NULL,NULL,'Design WIP',2),(3,NULL,NULL,'READY TO SCHEDULE',6),(4,NULL,NULL,'SCHEDULED',7),(5,NULL,NULL,'IN-PRODUCTION',8),(6,NULL,NULL,'DONE',9),(7,NULL,NULL,'RELEASED',10),(8,NULL,NULL,'Design WOI',3),(9,NULL,NULL,'Design QC',4),(10,NULL,NULL,'Design WRAP',5);
CREATE TABLE `suppliers` (
  `id` int unsigned NOT NULL AUTO_INCREMENT,
  `supplier_name` varchar(191) CHARACTER SET utf8mb4 COLLATE utf8mb4_unicode_ci NOT NULL,
  `created_at` timestamp NULL DEFAULT NULL,
  `updated_at` timestamp NULL DEFAULT NULL,
  PRIMARY KEY (`id`)
) ENGINE=InnoDB AUTO_INCREMENT=4 DEFAULT CHARSET=utf8mb4 COLLATE=utf8mb4_unicode_ci;

INSERT INTO `suppliers` VALUES (1,'','2018-07-05 16:18:18','2018-07-05 16:18:18'),(2,'Lincoln Sentry','2019-10-31 09:22:54','2019-10-31 09:22:54'),(3,'WT Hardware','2019-10-31 09:23:02','2019-10-31 09:23:02');
CREATE TABLE `tasks` (
  `id` int unsigned NOT NULL AUTO_INCREMENT,
  `category` varchar(191) CHARACTER SET utf8mb4 COLLATE utf8mb4_unicode_ci DEFAULT NULL,
  `task` varchar(191) CHARACTER SET utf8mb4 COLLATE utf8mb4_unicode_ci DEFAULT NULL,
  `created_at` timestamp NULL DEFAULT NULL,
  `updated_at` timestamp NULL DEFAULT NULL,
  `deleted_at` timestamp NULL DEFAULT NULL,
  `job_id` int NOT NULL,
  `start_time` datetime DEFAULT NULL,
  `end_time` datetime DEFAULT NULL,
  `pause_time` datetime DEFAULT NULL,
  PRIMARY KEY (`id`),
  KEY `tasks_deleted_at_index` (`deleted_at`)
) ENGINE=InnoDB AUTO_INCREMENT=7 DEFAULT CHARSET=utf8mb4 COLLATE=utf8mb4_unicode_ci;

INSERT INTO `tasks` VALUES (1,'Carcase','CUT',NULL,NULL,NULL,0,NULL,NULL,NULL),(2,'Carcase','EDGE',NULL,NULL,NULL,0,NULL,NULL,NULL),(3,'Doors','CUT',NULL,NULL,NULL,0,NULL,NULL,NULL),(4,'Doors','POST',NULL,NULL,NULL,0,NULL,NULL,NULL),(5,'Carcase','POST',NULL,NULL,NULL,0,NULL,NULL,NULL),(6,'Doors','EDGE',NULL,NULL,NULL,0,NULL,NULL,NULL);


